CRAN Package Check Results for Package seqest

Last updated on 2021-11-29 03:53:21 CET.

Flavor Version Tinstall Tcheck Ttotal Status Flags
r-devel-linux-x86_64-debian-clang 1.0.1 NOTE
r-devel-linux-x86_64-debian-gcc 1.0.1 91.24 54.03 145.27 NOTE
r-devel-linux-x86_64-fedora-clang 1.0.1 298.02 NOTE
r-devel-linux-x86_64-fedora-gcc 1.0.1 254.93 NOTE
r-devel-windows-x86_64-new-UL 1.0.1 159.00 137.00 296.00 NOTE
r-devel-windows-x86_64-new-TK 1.0.1 NOTE
r-devel-windows-x86_64-old 1.0.1 139.00 107.00 246.00 NOTE
r-patched-linux-x86_64 1.0.1 101.23 62.55 163.78 NOTE
r-patched-solaris-x86 1.0.1 237.60 NOTE
r-release-linux-x86_64 1.0.1 99.98 63.29 163.27 NOTE
r-release-macos-arm64 1.0.1 NOTE
r-release-macos-x86_64 1.0.1 NOTE
r-release-windows-ix86+x86_64 1.0.1 312.00 92.00 404.00 NOTE
r-oldrel-macos-x86_64 1.0.1 OK
r-oldrel-windows-ix86+x86_64 1.0.1 243.00 133.00 376.00 OK

Check Details

Version: 1.0.1
Check: LazyData
Result: NOTE
     'LazyData' is specified without a 'data' directory
Flavors: r-devel-linux-x86_64-debian-clang, r-devel-linux-x86_64-debian-gcc, r-devel-linux-x86_64-fedora-clang, r-devel-linux-x86_64-fedora-gcc, r-devel-windows-x86_64-new-UL, r-devel-windows-x86_64-new-TK, r-devel-windows-x86_64-old, r-patched-linux-x86_64, r-patched-solaris-x86, r-release-linux-x86_64, r-release-macos-arm64, r-release-macos-x86_64, r-release-windows-ix86+x86_64

Version: 1.0.1
Check: installed package size
Result: NOTE
     installed size is 5.4Mb
     sub-directories of 1Mb or more:
     libs 5.2Mb
Flavor: r-release-macos-arm64