CRAN Package Check Results for Package seqgendiff

Last updated on 2024-02-26 01:50:07 CET.

Flavor Version Tinstall Tcheck Ttotal Status Flags
r-devel-linux-x86_64-debian-clang 1.2.3 4.01 201.53 205.54 NOTE
r-devel-linux-x86_64-debian-gcc 1.2.3 2.95 148.84 151.79 NOTE
r-devel-linux-x86_64-fedora-clang 1.2.3 273.82 NOTE
r-devel-linux-x86_64-fedora-gcc 1.2.3 267.40 NOTE
r-devel-windows-x86_64 1.2.3 5.00 168.00 173.00 OK
r-patched-linux-x86_64 1.2.3 3.21 199.69 202.90 OK
r-release-linux-x86_64 1.2.3 2.68 192.01 194.69 OK
r-release-macos-arm64 1.2.3 57.00 NOTE
r-release-macos-x86_64 1.2.3 94.00 NOTE
r-release-windows-x86_64 1.2.3 6.00 205.00 211.00 OK
r-oldrel-macos-arm64 1.2.3 69.00 OK
r-oldrel-windows-x86_64 1.2.3 7.00 191.00 198.00 OK

Check Details

Version: 1.2.3
Check: Rd files
Result: NOTE checkRd: (-1) poisthin.Rd:82-83: Lost braces in \itemize; \value handles \item{}{} directly checkRd: (-1) poisthin.Rd:84-85: Lost braces in \itemize; \value handles \item{}{} directly checkRd: (-1) poisthin.Rd:86: Lost braces in \itemize; \value handles \item{}{} directly checkRd: (-1) poisthin.Rd:87-88: Lost braces in \itemize; \value handles \item{}{} directly Flavors: r-devel-linux-x86_64-debian-clang, r-devel-linux-x86_64-debian-gcc, r-devel-linux-x86_64-fedora-clang, r-devel-linux-x86_64-fedora-gcc

Version: 1.2.3
Check: package dependencies
Result: NOTE Package suggested but not available for checking: ‘airway’ Flavors: r-release-macos-arm64, r-release-macos-x86_64