CRAN Package Check Results for Package seqinr

Last updated on 2018-07-23 03:50:45 CEST.

Flavor Version Tinstall Tcheck Ttotal Status Flags
r-devel-linux-x86_64-debian-clang 3.4-5 10.97 82.27 93.24 OK
r-devel-linux-x86_64-debian-gcc 3.4-5 9.67 73.67 83.34 OK
r-devel-linux-x86_64-fedora-clang 3.4-5 123.90 NOTE
r-devel-linux-x86_64-fedora-gcc 3.4-5 118.16 OK
r-devel-windows-ix86+x86_64 3.4-5 34.00 142.00 176.00 NOTE
r-patched-linux-x86_64 3.4-5 OK
r-patched-solaris-x86 3.4-5 167.80 NOTE
r-release-linux-x86_64 3.4-5 9.92 93.00 102.92 OK
r-release-windows-ix86+x86_64 3.4-5 26.00 188.00 214.00 NOTE
r-release-osx-x86_64 3.4-5 NOTE
r-oldrel-windows-ix86+x86_64 3.4-5 19.00 191.00 210.00 NOTE
r-oldrel-osx-x86_64 3.4-5 NOTE

Check Details

Version: 3.4-5
Check: installed package size
Result: NOTE
     installed size is 5.5Mb
     sub-directories of 1Mb or more:
     data 1.4Mb
     sequences 1.9Mb
Flavors: r-devel-linux-x86_64-fedora-clang, r-devel-windows-ix86+x86_64, r-patched-solaris-x86, r-release-windows-ix86+x86_64, r-release-osx-x86_64, r-oldrel-windows-ix86+x86_64, r-oldrel-osx-x86_64