CRAN Package Check Results for Package seqinr

Last updated on 2018-11-19 10:50:21 CET.

Flavor Version Tinstall Tcheck Ttotal Status Flags
r-devel-linux-x86_64-debian-clang OK
r-devel-linux-x86_64-debian-gcc 3.4-5 8.84 73.71 82.55 OK
r-devel-linux-x86_64-fedora-clang 3.4-5 122.85 NOTE
r-devel-linux-x86_64-fedora-gcc 3.4-5 120.60 OK
r-devel-windows-ix86+x86_64 3.4-5 38.00 136.00 174.00 NOTE
r-patched-linux-x86_64 3.4-5 11.78 92.06 103.84 OK
r-patched-solaris-x86 3.4-5 172.40 NOTE
r-release-linux-x86_64 3.4-5 11.52 92.27 103.79 OK
r-release-windows-ix86+x86_64 3.4-5 37.00 187.00 224.00 NOTE
r-release-osx-x86_64 3.4-5 NOTE
r-oldrel-windows-ix86+x86_64 3.4-5 30.00 189.00 219.00 NOTE
r-oldrel-osx-x86_64 3.4-5 NOTE

Check Details

Version: 3.4-5
Check: installed package size
Result: NOTE
     installed size is 5.5Mb
     sub-directories of 1Mb or more:
     data 1.4Mb
     sequences 1.9Mb
Flavors: r-devel-linux-x86_64-fedora-clang, r-devel-windows-ix86+x86_64, r-patched-solaris-x86, r-release-windows-ix86+x86_64, r-release-osx-x86_64, r-oldrel-windows-ix86+x86_64, r-oldrel-osx-x86_64