CRAN Package Check Results for Package seqinr

Last updated on 2018-01-22 12:48:13 CET.

Flavor Version Tinstall Tcheck Ttotal Status Flags
r-devel-linux-x86_64-debian-clang 3.4-5 6.28 89.35 95.63 OK
r-devel-linux-x86_64-debian-gcc 3.4-5 4.41 76.67 81.08 OK
r-devel-linux-x86_64-fedora-clang 3.4-5 118.91 NOTE
r-devel-linux-x86_64-fedora-gcc 3.4-5 116.19 NOTE
r-devel-windows-ix86+x86_64 3.4-5 19.00 154.00 173.00 NOTE
r-patched-linux-x86_64 3.4-5 5.03 95.12 100.15 OK
r-patched-solaris-x86 3.4-5 154.60 NOTE
r-release-linux-x86_64 3.4-5 5.32 95.54 100.86 OK
r-release-windows-ix86+x86_64 3.4-5 33.00 185.00 218.00 NOTE
r-release-osx-x86_64 3.4-5 NOTE
r-oldrel-windows-ix86+x86_64 3.4-5 30.00 156.00 186.00 NOTE
r-oldrel-osx-x86_64 3.4-5 NOTE

Check Details

Version: 3.4-5
Check: installed package size
Result: NOTE
     installed size is 5.2Mb
     sub-directories of 1Mb or more:
     data 1.4Mb
     sequences 1.9Mb
Flavors: r-devel-linux-x86_64-fedora-clang, r-devel-linux-x86_64-fedora-gcc, r-devel-windows-ix86+x86_64, r-patched-solaris-x86, r-release-windows-ix86+x86_64, r-release-osx-x86_64, r-oldrel-windows-ix86+x86_64, r-oldrel-osx-x86_64