CRAN Package Check Results for Package seqinr

Last updated on 2019-02-22 21:57:58 CET.

Flavor Version Tinstall Tcheck Ttotal Status Flags
r-devel-linux-x86_64-debian-clang 3.4-5 12.79 104.92 117.71 OK
r-devel-linux-x86_64-debian-gcc 3.4-5 9.42 81.25 90.67 OK
r-devel-linux-x86_64-fedora-clang 3.4-5 141.36 NOTE
r-devel-linux-x86_64-fedora-gcc 3.4-5 134.41 OK
r-devel-windows-ix86+x86_64 3.4-5 40.00 217.00 257.00 NOTE
r-patched-linux-x86_64 3.4-5 10.70 89.74 100.44 OK
r-patched-solaris-x86 3.4-5 168.10 NOTE
r-release-linux-x86_64 3.4-5 OK
r-release-windows-ix86+x86_64 3.4-5 38.00 177.00 215.00 NOTE
r-release-osx-x86_64 3.4-5 NOTE
r-oldrel-windows-ix86+x86_64 3.4-5 20.00 301.00 321.00 NOTE
r-oldrel-osx-x86_64 3.4-5 NOTE

Check Details

Version: 3.4-5
Check: installed package size
Result: NOTE
     installed size is 5.5Mb
     sub-directories of 1Mb or more:
     data 1.4Mb
     sequences 1.9Mb
Flavors: r-devel-linux-x86_64-fedora-clang, r-devel-windows-ix86+x86_64, r-patched-solaris-x86, r-release-windows-ix86+x86_64, r-release-osx-x86_64, r-oldrel-windows-ix86+x86_64, r-oldrel-osx-x86_64