CRAN Package Check Results for Package seqinr

Last updated on 2018-04-22 04:47:08 CEST.

Flavor Version Tinstall Tcheck Ttotal Status Flags
r-devel-linux-x86_64-debian-clang 3.4-5 10.96 91.21 102.17 OK
r-devel-linux-x86_64-debian-gcc 3.4-5 11.69 71.34 83.03 OK
r-devel-linux-x86_64-fedora-clang 3.4-5 125.93 NOTE
r-devel-linux-x86_64-fedora-gcc 3.4-5 120.76 NOTE
r-devel-windows-ix86+x86_64 3.4-5 38.00 191.00 229.00 NOTE
r-devel-osx-x86_64 3.4-5 NOTE
r-patched-linux-x86_64 3.4-5 12.09 90.84 102.93 OK
r-patched-solaris-x86 3.4-5 170.20 NOTE
r-release-linux-x86_64 3.4-5 6.34 94.78 101.12 OK
r-release-windows-ix86+x86_64 3.4-5 26.00 200.00 226.00 NOTE
r-release-osx-x86_64 3.4-5 NOTE
r-oldrel-windows-ix86+x86_64 3.4-5 27.00 134.00 161.00 NOTE

Check Details

Version: 3.4-5
Check: installed package size
Result: NOTE
     installed size is 5.5Mb
     sub-directories of 1Mb or more:
     data 1.4Mb
     sequences 1.9Mb
Flavors: r-devel-linux-x86_64-fedora-clang, r-devel-linux-x86_64-fedora-gcc, r-devel-windows-ix86+x86_64, r-devel-osx-x86_64, r-patched-solaris-x86, r-release-windows-ix86+x86_64, r-release-osx-x86_64, r-oldrel-windows-ix86+x86_64