Last updated on 2023-06-01 14:56:46 CEST.
Flavor | Version | Tinstall | Tcheck | Ttotal | Status | Flags |
---|---|---|---|---|---|---|
r-devel-linux-x86_64-debian-clang | 4.2-30 | 12.78 | 129.47 | 142.25 | OK | |
r-devel-linux-x86_64-debian-gcc | 4.2-30 | 11.74 | 100.07 | 111.81 | OK | |
r-devel-linux-x86_64-fedora-clang | 4.2-30 | 182.26 | NOTE | |||
r-devel-linux-x86_64-fedora-gcc | 4.2-30 | 175.04 | OK | |||
r-devel-windows-x86_64 | 4.2-30 | 18.00 | 154.00 | 172.00 | NOTE | |
r-patched-linux-x86_64 | 4.2-30 | OK | ||||
r-release-linux-x86_64 | 4.2-30 | 14.11 | 125.60 | 139.71 | OK | |
r-release-macos-arm64 | 4.2-30 | 60.00 | NOTE | |||
r-release-macos-x86_64 | 4.2-30 | 95.00 | NOTE | |||
r-release-windows-x86_64 | 4.2-30 | 23.00 | 187.00 | 210.00 | NOTE | |
r-oldrel-macos-arm64 | 4.2-30 | 59.00 | NOTE | |||
r-oldrel-macos-x86_64 | 4.2-30 | 73.00 | NOTE | |||
r-oldrel-windows-x86_64 | 4.2-30 | 23.00 | 179.00 | 202.00 | NOTE |
Version: 4.2-30
Check: installed package size
Result: NOTE
installed size is 5.4Mb
sub-directories of 1Mb or more:
data 1.5Mb
sequences 1.9Mb
Flavors: r-devel-linux-x86_64-fedora-clang, r-devel-windows-x86_64, r-release-macos-arm64, r-release-macos-x86_64, r-release-windows-x86_64, r-oldrel-macos-arm64, r-oldrel-macos-x86_64, r-oldrel-windows-x86_64