CRAN Package Check Results for Package seqinr

Last updated on 2018-09-22 09:48:09 CEST.

Flavor Version Tinstall Tcheck Ttotal Status Flags
r-devel-linux-x86_64-debian-clang 3.4-5 10.83 93.87 104.70 OK
r-devel-linux-x86_64-debian-gcc 3.4-5 8.77 73.76 82.53 OK
r-devel-linux-x86_64-fedora-clang 3.4-5 124.47 NOTE
r-devel-linux-x86_64-fedora-gcc 3.4-5 120.93 OK
r-devel-windows-ix86+x86_64 3.4-5 32.00 143.00 175.00 NOTE
r-patched-linux-x86_64 3.4-5 11.76 90.32 102.08 OK
r-patched-solaris-x86 3.4-5 165.30 NOTE
r-release-linux-x86_64 3.4-5 11.22 91.72 102.94 OK
r-release-windows-ix86+x86_64 3.4-5 23.00 183.00 206.00 NOTE
r-release-osx-x86_64 3.4-5 NOTE
r-oldrel-windows-ix86+x86_64 3.4-5 21.00 185.00 206.00 NOTE
r-oldrel-osx-x86_64 3.4-5 NOTE

Check Details

Version: 3.4-5
Check: installed package size
Result: NOTE
     installed size is 5.5Mb
     sub-directories of 1Mb or more:
     data 1.4Mb
     sequences 1.9Mb
Flavors: r-devel-linux-x86_64-fedora-clang, r-devel-windows-ix86+x86_64, r-patched-solaris-x86, r-release-windows-ix86+x86_64, r-release-osx-x86_64, r-oldrel-windows-ix86+x86_64, r-oldrel-osx-x86_64