CRAN Package Check Results for Package seqminer

Last updated on 2017-04-29 19:49:07.

Flavor Version Tinstall Tcheck Ttotal Status Flags
r-devel-linux-x86_64-debian-clang 5.9 40.70 21.06 61.76 OK
r-devel-linux-x86_64-debian-gcc 5.9 44.03 20.65 64.67 OK
r-devel-linux-x86_64-fedora-clang 5.9 109.83 NOTE --no-stop-on-test-error
r-devel-linux-x86_64-fedora-gcc 5.9 105.34 NOTE --no-stop-on-test-error
r-devel-windows-ix86+x86_64 5.9 189.00 70.00 259.00 OK
r-patched-linux-x86_64 5.9 40.04 21.00 61.04 OK
r-patched-solaris-sparc 5.9 489.10 ERROR
r-patched-solaris-x86 5.9 158.50 ERROR
r-release-linux-x86_64 5.9 38.75 21.00 59.76 OK
r-release-windows-ix86+x86_64 5.9 176.00 62.00 238.00 OK
r-release-osx-x86_64 5.9 NOTE
r-oldrel-windows-ix86+x86_64 5.9 206.00 71.00 277.00 OK
r-oldrel-osx-x86_64 5.9 NOTE

Check Details

Version: 5.9
Flags: --no-stop-on-test-error
Check: installed package size
Result: NOTE
     installed size is 9.1Mb
     sub-directories of 1Mb or more:
     libs 7.8Mb
Flavors: r-devel-linux-x86_64-fedora-clang, r-devel-linux-x86_64-fedora-gcc

Version: 5.9
Check: examples
Result: ERROR
    Running examples in ‘seqminer-Ex.R’ failed
    The error most likely occurred in:
    
    > ### Name: tabix.read
    > ### Title: Read tabix file, similar to running tabix in command line.
    > ### Aliases: tabix.read
    >
    > ### ** Examples
    >
    > if (.Platform$endian == "little") {
    + fileName = system.file("vcf/all.anno.filtered.extract.vcf.gz", package = "seqminer")
    + snp <- tabix.read(fileName, "1:196623337-196632470")
    + } else {
    + messgae("Tabix does not work well for big endian for now")
    + }
    Error in messgae("Tabix does not work well for big endian for now") :
     could not find function "messgae"
    Execution halted
Flavor: r-patched-solaris-sparc

Version: 5.9
Check: examples
Result: ERROR
    Running examples in ‘seqminer-Ex.R’ failed
    The error most likely occurred in:
    
    > ### Name: annotateGene
    > ### Title: Annotate a test variant
    > ### Aliases: annotateGene
    >
    > ### ** Examples
    >
    > param <- list(reference = system.file("tabanno/test.fa", package = "seqminer"),
    + geneFile = system.file("tabanno/test.gene.txt", package = "seqminer"))
    > param <- makeAnnotationParameter(param)
    > print(param)
    $reference
    [1] "/home/ripley/R/Lib32/seqminer/tabanno/test.fa"
    
    $geneFile
    [1] "/home/ripley/R/Lib32/seqminer/tabanno/test.gene.txt"
    
    $geneFileFormat
    [1] "refFlat"
    
    $codonFile
    [1] "/home/ripley/R/Lib32/seqminer/tabanno/codon.txt"
    
    $priorityFile
    [1] "/home/ripley/R/Lib32/seqminer/tabanno/priority.txt"
    
    $upstreamRange
    [1] 50
    
    $downstreamRange
    [1] 50
    
    $spliceIntoExon
    [1] 3
    
    $spliceIntoIntron
    [1] 8
    
    $bed
    NULL
    
    $genomeScore
    NULL
    
    $tabix
    NULL
    
    $indexOutput
    [1] FALSE
    
    $inputFormat
    [1] "vcf"
    
    $checkReference
    [1] TRUE
    
    > annotateGene(param, c("1", "1"), c(3, 5) , c("A", "C"), c("G", "C"))
    Load reference genome /home/ripley/R/Lib32/seqminer/tabanno/test.fa...
    DONE: 1 chromosomes and 74 bases are loaded.
    Load codon file /home/ripley/R/Lib32/seqminer/tabanno/codon.txt...
    DONE: codon file loaded.
    Load priority file /home/ripley/R/Lib32/seqminer/tabanno/priority.txt...
    DONE: 25 priority annotation types loaded.
    Load gene file /home/ripley/R/Lib32/seqminer/tabanno/test.gene.txt...
    DONE: 3 gene loaded from /home/ripley/R/Lib32/seqminer/tabanno/test.gene.txt.
    
     *** caught segfault ***
    address 0, cause 'memory not mapped'
    
    Traceback:
     1: .Call("annotateGene", param, chrom, position, ref, alt, PACKAGE = "seqminer")
     2: annotateGene(param, c("1", "1"), c(3, 5), c("A", "C"), c("G", "C"))
    An irrecoverable exception occurred. R is aborting now ...
Flavor: r-patched-solaris-x86

Version: 5.9
Check: installed package size
Result: NOTE
     installed size is 7.8Mb
     sub-directories of 1Mb or more:
     libs 6.5Mb
Flavors: r-release-osx-x86_64, r-oldrel-osx-x86_64