CRAN Package Check Results for Package seqminer

Last updated on 2020-08-13 01:55:20 CEST.

Flavor Version Tinstall Tcheck Ttotal Status Flags
r-devel-linux-x86_64-debian-clang 8.0 207.47 32.73 240.20 NOTE
r-devel-linux-x86_64-debian-gcc 8.0 155.62 25.34 180.96 NOTE
r-devel-linux-x86_64-fedora-clang 8.0 368.09 NOTE
r-devel-linux-x86_64-fedora-gcc 8.0 298.49 NOTE
r-devel-windows-ix86+x86_64 8.0 567.00 101.00 668.00 NOTE
r-patched-linux-x86_64 8.0 159.76 32.64 192.40 NOTE
r-patched-solaris-x86 8.0 251.10 NOTE
r-release-linux-x86_64 8.0 153.41 32.51 185.92 NOTE
r-release-macos-x86_64 8.0 NOTE
r-release-windows-ix86+x86_64 8.0 559.00 77.00 636.00 NOTE
r-oldrel-macos-x86_64 8.0 WARN
r-oldrel-windows-ix86+x86_64 8.0 437.00 103.00 540.00 NOTE

Additional issues

rchk

Check Details

Version: 8.0
Check: for GNU extensions in Makefiles
Result: NOTE
    GNU make is a SystemRequirements.
Flavors: r-devel-linux-x86_64-debian-clang, r-devel-linux-x86_64-debian-gcc, r-devel-linux-x86_64-fedora-clang, r-devel-linux-x86_64-fedora-gcc, r-devel-windows-ix86+x86_64, r-patched-linux-x86_64, r-patched-solaris-x86, r-release-linux-x86_64, r-release-macos-x86_64, r-release-windows-ix86+x86_64, r-oldrel-macos-x86_64, r-oldrel-windows-ix86+x86_64

Version: 8.0
Check: installed package size
Result: NOTE
     installed size is 23.2Mb
     sub-directories of 1Mb or more:
     libs 21.8Mb
Flavors: r-devel-linux-x86_64-fedora-clang, r-devel-windows-ix86+x86_64, r-release-macos-x86_64, r-release-windows-ix86+x86_64, r-oldrel-macos-x86_64, r-oldrel-windows-ix86+x86_64

Version: 8.0
Check: for executable files
Result: WARN
    Found the following executable files:
     inst/vcf/all.anno.filtered.extract.headerFixed.bcf.gz.scIdx
     inst/vcf/all.anno.filtered.extract.vcf.gz.scIdx
    Source packages should not contain undeclared executable files.
    See section ‘Package structure’ in the ‘Writing R Extensions’ manual.
Flavor: r-oldrel-macos-x86_64