CRAN Package Check Results for Package seqminer

Last updated on 2015-05-28 19:47:43.

Flavor Version Tinstall Tcheck Ttotal Status Flags
r-devel-linux-x86_64-debian-clang 3.9 32.19 16.94 49.13 NOTE
r-devel-linux-x86_64-debian-gcc 3.9 48.21 17.33 65.54 NOTE
r-devel-linux-x86_64-fedora-clang 3.9 92.51 NOTE
r-devel-linux-x86_64-fedora-gcc 3.9 113.04 NOTE
r-devel-osx-x86_64-clang 3.9 75.26 OK
r-devel-windows-ix86+x86_64 3.9 61.00 35.00 96.00 OK
r-patched-linux-x86_64 3.9 48.42 19.75 68.17 NOTE
r-patched-solaris-sparc 3.9 811.50 NOTE
r-patched-solaris-x86 3.9 98.50 ERROR
r-release-linux-x86_64 3.9 48.24 17.17 65.41 NOTE
r-release-osx-x86_64-mavericks 3.9 NOTE
r-release-osx-x86_64-snowleopard 3.7 ERROR
r-release-windows-ix86+x86_64 3.9 63.00 34.00 97.00 OK
r-oldrel-windows-ix86+x86_64 3.9 57.00 37.00 94.00 OK

Check Details

Version: 3.9
Check: installed package size
Result: NOTE
     installed size is 8.4Mb
     sub-directories of 1Mb or more:
     libs 7.2Mb
Flavors: r-devel-linux-x86_64-debian-clang, r-devel-linux-x86_64-debian-gcc, r-devel-linux-x86_64-fedora-clang, r-devel-linux-x86_64-fedora-gcc, r-patched-linux-x86_64, r-patched-solaris-sparc, r-release-linux-x86_64, r-release-osx-x86_64-mavericks

Version: 3.9
Check: examples
Result: ERROR
    Running examples in ‘seqminer-Ex.R’ failed
    The error most likely occurred in:
    
    > ### Name: annotateGene
    > ### Title: Annotate a test variant
    > ### Aliases: annotateGene
    >
    > ### ** Examples
    >
    > param <- list(reference = system.file("tabanno/test.fa", package = "seqminer"),
    + geneFile = system.file("tabanno/test.gene.txt", package = "seqminer"))
    > param <- makeAnnotationParameter(param)
    > print(param)
    $reference
    [1] "/home/ripley/R/Lib32/seqminer/tabanno/test.fa"
    
    $geneFile
    [1] "/home/ripley/R/Lib32/seqminer/tabanno/test.gene.txt"
    
    $geneFileFormat
    [1] "refFlat"
    
    $codonFile
    [1] "/home/ripley/R/Lib32/seqminer/tabanno/codon.txt"
    
    $priorityFile
    [1] "/home/ripley/R/Lib32/seqminer/tabanno/priority.txt"
    
    $upstreamRange
    [1] 50
    
    $downstreamRange
    [1] 50
    
    $spliceIntoExon
    [1] 3
    
    $spliceIntoIntron
    [1] 8
    
    $bed
    NULL
    
    $genomeScore
    NULL
    
    $tabix
    NULL
    
    $indexOutput
    [1] FALSE
    
    $inputFormat
    [1] "vcf"
    
    $checkReference
    [1] TRUE
    
    > annotateGene(param, c("1", "1"), c(3, 5) , c("A", "C"), c("G", "C"))
    Load reference genome /home/ripley/R/Lib32/seqminer/tabanno/test.fa...
    DONE: 1 chromosomes and 74 bases are loaded.
    Load codon file /home/ripley/R/Lib32/seqminer/tabanno/codon.txt...
    DONE: codon file loaded.
    Load priority file /home/ripley/R/Lib32/seqminer/tabanno/priority.txt...
    DONE: 25 priority annotation types loaded.
    Load gene file /home/ripley/R/Lib32/seqminer/tabanno/test.gene.txt...
    DONE: 3 gene loaded from /home/ripley/R/Lib32/seqminer/tabanno/test.gene.txt.
    
     *** caught segfault ***
    address 0, cause 'memory not mapped'
    
    Traceback:
     1: .Call("annotateGene", param, chrom, position, ref, alt, PACKAGE = "seqminer")
     2: annotateGene(param, c("1", "1"), c(3, 5), c("A", "C"), c("G", "C"))
    aborting ...
Flavor: r-patched-solaris-x86

Version: 3.7
Check: whether package can be installed
Result: ERROR
    Installation failed.
Flavor: r-release-osx-x86_64-snowleopard