Last updated on 2022-06-30 21:49:54 CEST.
Flavor | Version | Tinstall | Tcheck | Ttotal | Status | Flags |
---|---|---|---|---|---|---|
r-devel-linux-x86_64-debian-clang | 8.4 | 99.62 | 35.27 | 134.89 | NOTE | |
r-devel-linux-x86_64-debian-gcc | 8.4 | 89.03 | 27.37 | 116.40 | WARN | |
r-devel-linux-x86_64-fedora-clang | 8.4 | 226.02 | NOTE | |||
r-devel-linux-x86_64-fedora-gcc | 8.4 | 200.99 | NOTE | |||
r-devel-windows-x86_64 | 8.4 | 386.00 | 108.00 | 494.00 | NOTE | |
r-patched-linux-x86_64 | 8.4 | 96.68 | 34.47 | 131.15 | NOTE | |
r-release-linux-x86_64 | 8.4 | 89.31 | 34.26 | 123.57 | NOTE | |
r-release-macos-arm64 | 8.4 | 71.00 | NOTE | |||
r-release-macos-x86_64 | 8.4 | 87.00 | NOTE | |||
r-release-windows-x86_64 | 8.4 | 334.00 | 107.00 | 441.00 | NOTE | |
r-oldrel-macos-arm64 | 8.4 | 85.00 | NOTE | |||
r-oldrel-macos-x86_64 | 8.4 | 107.00 | NOTE | |||
r-oldrel-windows-ix86+x86_64 | 8.4 | 554.00 | 96.00 | 650.00 | NOTE |
Version: 8.4
Check: for GNU extensions in Makefiles
Result: NOTE
GNU make is a SystemRequirements.
Flavors: r-devel-linux-x86_64-debian-clang, r-devel-linux-x86_64-debian-gcc, r-devel-linux-x86_64-fedora-clang, r-devel-linux-x86_64-fedora-gcc, r-devel-windows-x86_64, r-patched-linux-x86_64, r-release-linux-x86_64, r-release-macos-arm64, r-release-macos-x86_64, r-release-windows-x86_64, r-oldrel-macos-arm64, r-oldrel-macos-x86_64, r-oldrel-windows-ix86+x86_64
Version: 8.4
Check: whether package can be installed
Result: WARN
Found the following significant warnings:
BGenFile.cpp:12:55: warning: member ‘BGenFile::N’ is used uninitialized [-Wuninitialized]
Flavor: r-devel-linux-x86_64-debian-gcc
Version: 8.4
Check: installed package size
Result: NOTE
installed size is 9.3Mb
sub-directories of 1Mb or more:
libs 7.7Mb
Flavors: r-devel-linux-x86_64-fedora-clang, r-release-macos-arm64, r-release-macos-x86_64, r-oldrel-macos-arm64, r-oldrel-macos-x86_64, r-oldrel-windows-ix86+x86_64