CRAN Package Check Results for Package seqmon

Last updated on 2014-09-18 18:46:58.

Flavor Version Tinstall Tcheck Ttotal Status Flags
r-devel-linux-x86_64-debian-clang 0.2 0.44 8.25 8.69 NOTE
r-devel-linux-x86_64-debian-gcc 0.2 0.42 8.47 8.89 NOTE
r-devel-linux-x86_64-fedora-clang 0.2 17.72 NOTE
r-devel-linux-x86_64-fedora-gcc 0.2 16.22 NOTE
r-devel-osx-x86_64-clang 0.2 20.06 OK
r-devel-windows-ix86+x86_64 0.2 2.00 13.00 15.00 OK
r-patched-linux-x86_64 0.2 0.46 8.52 8.97 NOTE
r-patched-solaris-sparc 0.2 107.10 OK
r-patched-solaris-x86 0.2 25.60 OK
r-release-linux-ix86 0.2 0.76 13.57 14.33 OK
r-release-linux-x86_64 0.2 0.74 8.54 9.28 NOTE
r-release-osx-x86_64-mavericks 0.2 OK
r-release-windows-ix86+x86_64 0.2 3.00 18.00 21.00 OK
r-oldrel-windows-ix86+x86_64 0.2 2.00 14.00 16.00 OK

Check Details

Version: 0.2
Check: top-level files
Result: NOTE
    Non-standard files/directories found at top level:
     ‘gen.R’ ‘seqmon.R’
Flavors: r-devel-linux-x86_64-debian-clang, r-devel-linux-x86_64-debian-gcc, r-devel-linux-x86_64-fedora-clang, r-devel-linux-x86_64-fedora-gcc, r-patched-linux-x86_64, r-release-linux-x86_64

Version: 0.2
Check: Rd line widths
Result: NOTE
    Rd file 'seqmon.Rd':
     \examples lines wider than 100 characters:
     ##This gives the probabilities under the alternative hypothesis if the expected value of the mean difference over it's
    
    These lines will be truncated in the PDF manual.
Flavors: r-devel-linux-x86_64-debian-clang, r-devel-linux-x86_64-debian-gcc, r-devel-linux-x86_64-fedora-clang, r-devel-linux-x86_64-fedora-gcc, r-patched-linux-x86_64, r-release-linux-x86_64