CRAN Package Check Results for Package seqmon

Last updated on 2014-04-24 17:49:53.

Flavor Version Tinstall Tcheck Ttotal Status Flags
r-devel-linux-x86_64-debian-clang 0.2 0.56 8.44 9.00 OK
r-devel-linux-x86_64-debian-gcc 0.2 0.49 8.38 8.86 OK
r-devel-linux-x86_64-fedora-clang 0.2 16.98 NOTE
r-devel-linux-x86_64-fedora-gcc 0.2 16.42 NOTE
r-devel-osx-x86_64-clang 0.2 21.26 OK
r-devel-osx-x86_64-gcc 0.2 OK
r-devel-windows-ix86+x86_64 0.2 2.00 14.00 16.00 OK
r-patched-linux-x86_64 0.2 0.48 8.30 8.78 OK
r-patched-solaris-sparc 0.2 99.50 OK
r-patched-solaris-x86 0.2 27.10 OK
r-release-linux-ix86 0.2 2.00 20.00 22.00 OK
r-release-linux-x86_64 0.2 0.50 8.54 9.04 OK
r-release-osx-x86_64-mavericks 0.2 WARN
r-release-windows-ix86+x86_64 0.2 4.00 15.00 19.00 OK
r-oldrel-windows-ix86+x86_64 0.2 2.00 14.00 16.00 OK

Check Details

Version: 0.2
Check: top-level files
Result: NOTE
    Non-standard files/directories found at top level:
     ‘gen.R’ ‘seqmon.R’
Flavors: r-devel-linux-x86_64-fedora-clang, r-devel-linux-x86_64-fedora-gcc

Version: 0.2
Check: Rd line widths
Result: NOTE
    Rd file 'seqmon.Rd':
     \examples lines wider than 100 characters:
     ##This gives the probabilities under the alternative hypothesis if the expected value of the mean difference over it's
    
    These lines will be truncated in the PDF manual.
Flavors: r-devel-linux-x86_64-fedora-clang, r-devel-linux-x86_64-fedora-gcc

Version: 0.2
Check: PDF version of manual
Result: WARNING
    LaTeX errors when creating PDF version.
    This typically indicates Rd problems.
    LaTeX errors found:
    ! LaTeX Error: File `upquote.sty' not found.
    
    Type X to quit or <RETURN> to proceed,
    or enter new name. (Default extension: sty)
    
    5eff65c5/Rd2.tex:8: ==> Fatal error occurred, no output PDF file produced!
Flavor: r-release-osx-x86_64-mavericks