CRAN Package Check Results for Package seqmon

Last updated on 2015-03-05 12:48:12.

Flavor Version Tinstall Tcheck Ttotal Status Flags
r-devel-linux-x86_64-debian-clang 0.2 0.48 8.82 9.29 NOTE
r-devel-linux-x86_64-debian-gcc 0.2 0.45 7.88 8.32 NOTE
r-devel-linux-x86_64-fedora-clang 0.2 16.87 NOTE
r-devel-linux-x86_64-fedora-gcc 0.2 15.29 NOTE
r-devel-osx-x86_64-clang 0.2 20.83 NOTE
r-devel-windows-ix86+x86_64 0.2 2.00 14.00 16.00 NOTE
r-patched-linux-x86_64 0.2 0.50 8.85 9.35 NOTE
r-patched-solaris-sparc 0.2 105.30 OK
r-patched-solaris-x86 0.2 28.60 OK
r-release-linux-ix86 0.2 0.92 13.88 14.80 NOTE
r-release-linux-x86_64 0.2 0.49 8.48 8.97 NOTE
r-release-osx-x86_64-mavericks 0.2 OK
r-release-windows-ix86+x86_64 0.2 2.00 19.00 21.00 OK
r-oldrel-windows-ix86+x86_64 0.2 2.00 14.00 16.00 OK

Check Details

Version: 0.2
Check: DESCRIPTION meta-information
Result: NOTE
    Malformed Description field: should contain one or more complete sentences.
Flavors: r-devel-linux-x86_64-debian-clang, r-devel-linux-x86_64-debian-gcc, r-devel-linux-x86_64-fedora-clang, r-devel-linux-x86_64-fedora-gcc, r-devel-osx-x86_64-clang, r-devel-windows-ix86+x86_64

Version: 0.2
Check: top-level files
Result: NOTE
    Non-standard files/directories found at top level:
     ‘gen.R’ ‘seqmon.R’
Flavors: r-devel-linux-x86_64-debian-clang, r-devel-linux-x86_64-debian-gcc, r-devel-linux-x86_64-fedora-clang, r-devel-linux-x86_64-fedora-gcc, r-patched-linux-x86_64, r-release-linux-ix86, r-release-linux-x86_64

Version: 0.2
Check: Rd line widths
Result: NOTE
    Rd file 'seqmon.Rd':
     \examples lines wider than 100 characters:
     ##This gives the probabilities under the alternative hypothesis if the expected value of the mean difference over it's
    
    These lines will be truncated in the PDF manual.
Flavors: r-devel-linux-x86_64-debian-clang, r-devel-linux-x86_64-debian-gcc, r-devel-linux-x86_64-fedora-clang, r-devel-linux-x86_64-fedora-gcc, r-patched-linux-x86_64, r-release-linux-ix86, r-release-linux-x86_64