CRAN Package Check Results for Package seqmon

Last updated on 2016-09-28 03:47:21.

Flavor Version Tinstall Tcheck Ttotal Status Flags
r-devel-linux-x86_64-debian-clang 0.2 0.49 8.27 8.76 NOTE
r-devel-linux-x86_64-debian-gcc 0.2 0.45 8.58 9.03 NOTE
r-devel-linux-x86_64-fedora-clang 0.2 14.64 NOTE
r-devel-linux-x86_64-fedora-gcc 0.2 13.87 NOTE
r-devel-macos-x86_64-clang 0.2 13.44 NOTE
r-devel-windows-ix86+x86_64 0.2 3.00 51.00 54.00 NOTE
r-patched-linux-x86_64 0.2 0.46 8.20 8.67 NOTE
r-patched-solaris-sparc 0.2 84.50 NOTE
r-patched-solaris-x86 0.2 19.50 NOTE
r-release-linux-x86_64 0.2 0.47 8.31 8.78 NOTE
r-release-osx-x86_64-mavericks 0.2 NOTE
r-release-windows-ix86+x86_64 0.2 2.00 23.00 25.00 NOTE
r-oldrel-windows-ix86+x86_64 0.2 2.00 23.00 25.00 NOTE

Check Details

Version: 0.2
Check: DESCRIPTION meta-information
Result: NOTE
    Malformed Description field: should contain one or more complete sentences.
Flavors: r-devel-linux-x86_64-debian-clang, r-devel-linux-x86_64-debian-gcc, r-devel-linux-x86_64-fedora-clang, r-devel-linux-x86_64-fedora-gcc, r-devel-macos-x86_64-clang, r-devel-windows-ix86+x86_64, r-patched-linux-x86_64, r-patched-solaris-sparc, r-patched-solaris-x86, r-release-linux-x86_64, r-release-osx-x86_64-mavericks, r-release-windows-ix86+x86_64, r-oldrel-windows-ix86+x86_64

Version: 0.2
Check: top-level files
Result: NOTE
    Non-standard files/directories found at top level:
     ‘gen.R’ ‘seqmon.R’
Flavors: r-devel-linux-x86_64-debian-clang, r-devel-linux-x86_64-debian-gcc, r-devel-linux-x86_64-fedora-clang, r-devel-linux-x86_64-fedora-gcc, r-patched-linux-x86_64, r-release-linux-x86_64

Version: 0.2
Check: R code for possible problems
Result: NOTE
    seqmon : normcdf: no visible global function definition for ‘pnorm’
    Undefined global functions or variables:
     pnorm
    Consider adding
     importFrom("stats", "pnorm")
    to your NAMESPACE file.
Flavors: r-devel-linux-x86_64-debian-clang, r-devel-linux-x86_64-debian-gcc, r-devel-linux-x86_64-fedora-clang, r-devel-linux-x86_64-fedora-gcc, r-devel-macos-x86_64-clang, r-devel-windows-ix86+x86_64, r-patched-linux-x86_64, r-patched-solaris-sparc, r-patched-solaris-x86, r-release-linux-x86_64, r-release-osx-x86_64-mavericks, r-release-windows-ix86+x86_64

Version: 0.2
Check: Rd line widths
Result: NOTE
    Rd file 'seqmon.Rd':
     \examples lines wider than 100 characters:
     ##This gives the probabilities under the alternative hypothesis if the expected value of the mean difference over it's
    
    These lines will be truncated in the PDF manual.
Flavors: r-devel-linux-x86_64-debian-clang, r-devel-linux-x86_64-debian-gcc, r-devel-linux-x86_64-fedora-clang, r-devel-linux-x86_64-fedora-gcc, r-patched-linux-x86_64, r-release-linux-x86_64