CRAN Package Check Results for Package seqmon

Last updated on 2014-11-25 23:46:56.

Flavor Version Tinstall Tcheck Ttotal Status Flags
r-devel-linux-x86_64-debian-clang 0.2 0.50 8.68 9.18 NOTE
r-devel-linux-x86_64-debian-gcc 0.2 0.49 8.84 9.33 NOTE
r-devel-linux-x86_64-fedora-clang 0.2 19.76 NOTE
r-devel-linux-x86_64-fedora-gcc 0.2 17.52 NOTE
r-devel-osx-x86_64-clang 0.2 21.56 OK
r-devel-windows-ix86+x86_64 0.2 2.00 14.00 16.00 OK
r-patched-linux-x86_64 0.2 0.51 8.54 9.05 NOTE
r-patched-solaris-sparc 0.2 107.10 OK
r-patched-solaris-x86 0.2 28.10 OK
r-release-linux-ix86 0.2 0.77 13.52 14.29 OK
r-release-linux-x86_64 0.2 0.67 8.48 9.15 NOTE
r-release-osx-x86_64-mavericks 0.2 OK
r-release-windows-ix86+x86_64 0.2 2.00 19.00 21.00 OK
r-oldrel-windows-ix86+x86_64 0.2 2.00 14.00 16.00 OK

Check Details

Version: 0.2
Check: top-level files
Result: NOTE
    Non-standard files/directories found at top level:
     ‘gen.R’ ‘seqmon.R’
Flavors: r-devel-linux-x86_64-debian-clang, r-devel-linux-x86_64-debian-gcc, r-devel-linux-x86_64-fedora-clang, r-devel-linux-x86_64-fedora-gcc, r-patched-linux-x86_64, r-release-linux-x86_64

Version: 0.2
Check: Rd line widths
Result: NOTE
    Rd file 'seqmon.Rd':
     \examples lines wider than 100 characters:
     ##This gives the probabilities under the alternative hypothesis if the expected value of the mean difference over it's
    
    These lines will be truncated in the PDF manual.
Flavors: r-devel-linux-x86_64-debian-clang, r-devel-linux-x86_64-debian-gcc, r-devel-linux-x86_64-fedora-clang, r-devel-linux-x86_64-fedora-gcc, r-patched-linux-x86_64, r-release-linux-x86_64