CRAN Package Check Results for Package seqmon

Last updated on 2014-10-23 00:48:09.

Flavor Version Tinstall Tcheck Ttotal Status Flags
r-devel-linux-x86_64-debian-clang 0.2 0.57 8.55 9.12 NOTE
r-devel-linux-x86_64-debian-gcc 0.2 0.50 8.44 8.94 NOTE
r-devel-linux-x86_64-fedora-clang 0.2 18.58 NOTE
r-devel-linux-x86_64-fedora-gcc 0.2 16.08 NOTE
r-devel-osx-x86_64-clang 0.2 22.07 OK
r-devel-windows-ix86+x86_64 0.2 2.00 14.00 16.00 OK
r-patched-linux-x86_64 0.2 0.52 8.68 9.20 NOTE
r-patched-solaris-sparc 0.2 107.10 OK
r-patched-solaris-x86 0.2 27.90 OK
r-release-linux-ix86 0.2 0.75 13.86 14.61 OK
r-release-linux-x86_64 0.2 0.48 8.30 8.78 NOTE
r-release-osx-x86_64-mavericks 0.2 OK
r-release-windows-ix86+x86_64 0.2 3.00 18.00 21.00 OK
r-oldrel-windows-ix86+x86_64 0.2 2.00 14.00 16.00 OK

Check Details

Version: 0.2
Check: top-level files
Result: NOTE
    Non-standard files/directories found at top level:
     ‘gen.R’ ‘seqmon.R’
Flavors: r-devel-linux-x86_64-debian-clang, r-devel-linux-x86_64-debian-gcc, r-devel-linux-x86_64-fedora-clang, r-devel-linux-x86_64-fedora-gcc, r-patched-linux-x86_64, r-release-linux-x86_64

Version: 0.2
Check: Rd line widths
Result: NOTE
    Rd file 'seqmon.Rd':
     \examples lines wider than 100 characters:
     ##This gives the probabilities under the alternative hypothesis if the expected value of the mean difference over it's
    
    These lines will be truncated in the PDF manual.
Flavors: r-devel-linux-x86_64-debian-clang, r-devel-linux-x86_64-debian-gcc, r-devel-linux-x86_64-fedora-clang, r-devel-linux-x86_64-fedora-gcc, r-patched-linux-x86_64, r-release-linux-x86_64