CRAN Package Check Results for Package seqmon

Last updated on 2014-07-25 07:53:22.

Flavor Version Tinstall Tcheck Ttotal Status Flags
r-devel-linux-x86_64-debian-clang 0.2 0.44 8.29 8.73 OK
r-devel-linux-x86_64-debian-gcc 0.2 0.44 7.67 8.11 OK
r-devel-linux-x86_64-fedora-clang 0.2 17.43 NOTE
r-devel-linux-x86_64-fedora-gcc 0.2 16.70 NOTE
r-devel-osx-x86_64-clang 0.2 20.36 OK
r-devel-windows-ix86+x86_64 0.2 2.00 13.00 15.00 OK
r-patched-linux-x86_64 0.2 0.46 7.94 8.40 OK
r-patched-solaris-sparc 0.2 99.50 OK
r-patched-solaris-x86 0.2 26.10 OK
r-release-linux-ix86 0.2 0.74 13.36 14.10 OK
r-release-linux-x86_64 0.2 0.46 8.15 8.61 OK
r-release-osx-x86_64-mavericks 0.2 OK
r-release-windows-ix86+x86_64 0.2 3.00 18.00 21.00 OK
r-oldrel-windows-ix86+x86_64 0.2 2.00 14.00 16.00 OK

Check Details

Version: 0.2
Check: top-level files
Result: NOTE
    Non-standard files/directories found at top level:
     ‘gen.R’ ‘seqmon.R’
Flavors: r-devel-linux-x86_64-fedora-clang, r-devel-linux-x86_64-fedora-gcc

Version: 0.2
Check: Rd line widths
Result: NOTE
    Rd file 'seqmon.Rd':
     \examples lines wider than 100 characters:
     ##This gives the probabilities under the alternative hypothesis if the expected value of the mean difference over it's
    
    These lines will be truncated in the PDF manual.
Flavors: r-devel-linux-x86_64-fedora-clang, r-devel-linux-x86_64-fedora-gcc