CRAN Package Check Results for Package seqmon

Last updated on 2015-05-30 08:48:56.

Flavor Version Tinstall Tcheck Ttotal Status Flags
r-devel-linux-x86_64-debian-clang 0.2 0.43 8.18 8.61 NOTE
r-devel-linux-x86_64-debian-gcc 0.2 0.58 8.06 8.64 NOTE
r-devel-linux-x86_64-fedora-clang 0.2 16.88 NOTE
r-devel-linux-x86_64-fedora-gcc 0.2 15.41 NOTE
r-devel-osx-x86_64-clang 0.2 20.40 NOTE
r-devel-windows-ix86+x86_64 0.2 2.00 15.00 17.00 NOTE
r-patched-linux-x86_64 0.2 0.43 7.91 8.34 NOTE
r-patched-solaris-sparc 0.2 102.10 NOTE
r-patched-solaris-x86 0.2 24.70 NOTE
r-release-linux-x86_64 0.2 0.44 8.38 8.82 NOTE
r-release-osx-x86_64-mavericks 0.2 NOTE
r-release-osx-x86_64-snowleopard 0.2 NOTE
r-release-windows-ix86+x86_64 0.2 2.00 14.00 16.00 NOTE
r-oldrel-windows-ix86+x86_64 0.2 3.00 15.00 18.00 OK

Check Details

Version: 0.2
Check: DESCRIPTION meta-information
Result: NOTE
    Malformed Description field: should contain one or more complete sentences.
Flavors: r-devel-linux-x86_64-debian-clang, r-devel-linux-x86_64-debian-gcc, r-devel-linux-x86_64-fedora-clang, r-devel-linux-x86_64-fedora-gcc, r-devel-osx-x86_64-clang, r-devel-windows-ix86+x86_64, r-patched-linux-x86_64, r-patched-solaris-sparc, r-patched-solaris-x86, r-release-linux-x86_64, r-release-osx-x86_64-mavericks, r-release-osx-x86_64-snowleopard, r-release-windows-ix86+x86_64

Version: 0.2
Check: top-level files
Result: NOTE
    Non-standard files/directories found at top level:
     ‘gen.R’ ‘seqmon.R’
Flavors: r-devel-linux-x86_64-debian-clang, r-devel-linux-x86_64-debian-gcc, r-devel-linux-x86_64-fedora-clang, r-devel-linux-x86_64-fedora-gcc, r-patched-linux-x86_64, r-release-linux-x86_64

Version: 0.2
Check: Rd line widths
Result: NOTE
    Rd file 'seqmon.Rd':
     \examples lines wider than 100 characters:
     ##This gives the probabilities under the alternative hypothesis if the expected value of the mean difference over it's
    
    These lines will be truncated in the PDF manual.
Flavors: r-devel-linux-x86_64-debian-clang, r-devel-linux-x86_64-debian-gcc, r-devel-linux-x86_64-fedora-clang, r-devel-linux-x86_64-fedora-gcc, r-patched-linux-x86_64, r-release-linux-x86_64