CRAN Package Check Results for Package sequenza

Last updated on 2020-09-29 16:48:54 CEST.

Flavor Version Tinstall Tcheck Ttotal Status Flags
r-devel-linux-x86_64-debian-clang 3.0.0 17.29 236.22 253.51 OK
r-devel-linux-x86_64-debian-gcc 3.0.0 15.45 169.98 185.43 OK
r-devel-linux-x86_64-fedora-clang 3.0.0 299.07 OK
r-devel-linux-x86_64-fedora-gcc 3.0.0 297.19 OK
r-devel-windows-ix86+x86_64 3.0.0 31.00 219.00 250.00 OK
r-patched-linux-x86_64 3.0.0 16.71 220.13 236.84 OK
r-patched-solaris-x86 3.0.0 406.00 NOTE
r-release-linux-x86_64 3.0.0 17.51 217.33 234.84 OK
r-release-macos-x86_64 3.0.0 ERROR
r-release-windows-ix86+x86_64 3.0.0 42.00 275.00 317.00 OK
r-oldrel-macos-x86_64 3.0.0 ERROR
r-oldrel-windows-ix86+x86_64 3.0.0 34.00 258.00 292.00 OK

Check Details

Version: 3.0.0
Check: installed package size
Result: NOTE
     installed size is 5.2Mb
     sub-directories of 1Mb or more:
     doc 3.0Mb
     extdata 1.3Mb
Flavor: r-patched-solaris-x86

Version: 3.0.0
Check: package dependencies
Result: ERROR
    Package required but not available: ‘copynumber’
    
    See section ‘The DESCRIPTION file’ in the ‘Writing R Extensions’
    manual.
Flavor: r-release-macos-x86_64

Version: 3.0.0
Check: whether package can be installed
Result: ERROR
    Installation failed.
Flavor: r-oldrel-macos-x86_64