CRAN Package Check Results for Package sequoia

Last updated on 2021-03-05 01:48:29 CET.

Flavor Version Tinstall Tcheck Ttotal Status Flags
r-devel-linux-x86_64-debian-clang 2.0.7 42.86 108.43 151.29 OK
r-devel-linux-x86_64-debian-gcc 2.0.7 35.87 81.00 116.87 OK
r-devel-linux-x86_64-fedora-clang 2.0.7 205.44 NOTE
r-devel-linux-x86_64-fedora-gcc 2.0.7 195.18 OK
r-devel-windows-ix86+x86_64 2.0.7 109.00 145.00 254.00 OK
r-patched-linux-x86_64 2.0.7 OK
r-patched-solaris-x86 2.0.7 303.50 OK
r-release-linux-x86_64 2.0.7 40.83 102.65 143.48 OK
r-release-macos-x86_64 2.0.7 OK
r-release-windows-ix86+x86_64 2.0.7 78.00 114.00 192.00 OK
r-oldrel-macos-x86_64 2.0.7 OK
r-oldrel-windows-ix86+x86_64 2.0.7 109.00 171.00 280.00 OK

Check Details

Version: 2.0.7
Check: Rd cross-references
Result: NOTE
    Undeclared package ‘kinship2’ in Rd xrefs
Flavor: r-devel-linux-x86_64-fedora-clang