CRAN Package Check Results for Package seriation

Last updated on 2014-04-25 05:47:25.

Flavor Version Tinstall Tcheck Ttotal Status Flags
r-devel-linux-x86_64-debian-clang 1.0-13 4.11 43.81 47.92 OK
r-devel-linux-x86_64-debian-gcc 1.0-13 4.34 43.65 47.99 OK
r-devel-linux-x86_64-fedora-clang 1.0-13 83.40 OK
r-devel-linux-x86_64-fedora-gcc 1.0-13 81.53 OK
r-devel-osx-x86_64-clang 1.0-13 81.20 OK
r-devel-osx-x86_64-gcc 1.0-13 ERROR
r-devel-windows-ix86+x86_64 1.0-13 18.00 68.00 86.00 OK
r-patched-linux-x86_64 1.0-13 4.38 43.50 47.88 OK
r-patched-solaris-sparc 1.0-13 259.50 OK --no-examples --no-vignettes
r-patched-solaris-x86 1.0-13 111.30 OK
r-release-linux-ix86 1.0-13 7.00 78.00 85.00 OK
r-release-linux-x86_64 1.0-13 4.52 43.60 48.12 OK
r-release-osx-x86_64-mavericks 1.0-13 WARN
r-release-osx-x86_64-snowleopard 1.0-13 OK
r-release-windows-ix86+x86_64 1.0-13 19.00 68.00 87.00 OK
r-oldrel-windows-ix86+x86_64 1.0-13 20.00 70.00 90.00 OK

Check Details

Version: 1.0-13
Check: package dependencies
Result: ERROR
    Package required but not available: ‘TSP’
    
    See the information on DESCRIPTION files in the chapter ‘Creating R
    packages’ of the ‘Writing R Extensions’ manual.
Flavor: r-devel-osx-x86_64-gcc

Version: 1.0-13
Check: PDF version of manual
Result: WARNING
    LaTeX errors when creating PDF version.
    This typically indicates Rd problems.
    LaTeX errors found:
    ! LaTeX Error: File `upquote.sty' not found.
    
    Type X to quit or <RETURN> to proceed,
    or enter new name. (Default extension: sty)
    
    b18fb19/Rd2.tex:8: ==> Fatal error occurred, no output PDF file produced!
Flavor: r-release-osx-x86_64-mavericks