CRAN Package Check Results for Package seriation

Last updated on 2015-05-25 03:47:51.

Flavor Version Tinstall Tcheck Ttotal Status Flags
r-devel-linux-x86_64-debian-clang 1.0-14 3.93 43.59 47.52 ERROR
r-devel-linux-x86_64-debian-gcc 1.0-14 4.12 39.90 44.02 ERROR
r-devel-linux-x86_64-fedora-clang 1.0-14 60.42 ERROR
r-devel-linux-x86_64-fedora-gcc 1.0-14 71.04 ERROR
r-devel-osx-x86_64-clang 1.0-14 67.74 ERROR
r-devel-windows-ix86+x86_64 1.0-14 19.00 69.00 88.00 ERROR
r-patched-linux-x86_64 1.0-14 3.92 41.69 45.61 ERROR
r-patched-solaris-sparc 1.0-14 245.90 ERROR --no-examples --no-vignettes
r-patched-solaris-x86 1.0-14 94.10 ERROR
r-release-linux-x86_64 1.0-14 3.96 40.50 44.46 OK
r-release-osx-x86_64-mavericks 1.0-14 OK
r-release-osx-x86_64-snowleopard 1.0-14 OK
r-release-windows-ix86+x86_64 1.0-14 17.00 72.00 89.00 ERROR
r-oldrel-windows-ix86+x86_64 1.0-14 21.00 82.00 103.00 OK

Check Details

Version: 1.0-14
Check: tests
Result: ERROR
    Running the tests in ‘tests/testthat.R’ failed.
    Last 13 lines of output:
     Type 'contributors()' for more information and
     'citation()' on how to cite R or R packages in publications.
    
     Type 'demo()' for some demos, 'help()' for on-line help, or
     'help.start()' for an HTML browser interface to help.
     Type 'q()' to quit R.
    
     > library("testthat")
     > test_package("seriation")
     Error in test_dir(test_path, reporter = reporter, env = env, filter = filter, :
     No matching test file in dir
     Calls: test_package -> run_tests -> with_top_env -> test_dir
     Execution halted
Flavors: r-devel-linux-x86_64-debian-clang, r-devel-linux-x86_64-debian-gcc, r-devel-linux-x86_64-fedora-clang, r-devel-linux-x86_64-fedora-gcc, r-devel-osx-x86_64-clang, r-patched-linux-x86_64, r-patched-solaris-x86

Version: 1.0-14
Check: running tests for arch ‘i386’
Result: ERROR
    Running the tests in 'tests/testthat.R' failed.
    Last 13 lines of output:
     Type 'contributors()' for more information and
     'citation()' on how to cite R or R packages in publications.
    
     Type 'demo()' for some demos, 'help()' for on-line help, or
     'help.start()' for an HTML browser interface to help.
     Type 'q()' to quit R.
    
     > library("testthat")
     > test_package("seriation")
     Error in test_dir(test_path, reporter = reporter, env = env, filter = filter, :
     No matching test file in dir
     Calls: test_package -> run_tests -> with_top_env -> test_dir
     Execution halted
Flavors: r-devel-windows-ix86+x86_64, r-release-windows-ix86+x86_64

Version: 1.0-14
Check: running tests for arch ‘x64’
Result: ERROR
    Running the tests in 'tests/testthat.R' failed.
    Last 13 lines of output:
     Type 'contributors()' for more information and
     'citation()' on how to cite R or R packages in publications.
    
     Type 'demo()' for some demos, 'help()' for on-line help, or
     'help.start()' for an HTML browser interface to help.
     Type 'q()' to quit R.
    
     > library("testthat")
     > test_package("seriation")
     Error in test_dir(test_path, reporter = reporter, env = env, filter = filter, :
     No matching test file in dir
     Calls: test_package -> run_tests -> with_top_env -> test_dir
     Execution halted
Flavors: r-devel-windows-ix86+x86_64, r-release-windows-ix86+x86_64

Version: 1.0-14
Flags: --no-examples --no-vignettes
Check: tests
Result: ERROR
    Running the tests in ‘tests/testthat.R’ failed.
    Last 13 lines of output:
     Type 'contributors()' for more information and
     'citation()' on how to cite R or R packages in publications.
    
     Type 'demo()' for some demos, 'help()' for on-line help, or
     'help.start()' for an HTML browser interface to help.
     Type 'q()' to quit R.
    
     > library("testthat")
     > test_package("seriation")
     Error in test_dir(test_path, reporter = reporter, env = env, filter = filter, :
     No matching test file in dir
     Calls: test_package -> run_tests -> with_top_env -> test_dir
     Execution halted
Flavor: r-patched-solaris-sparc