CRAN Package Check Results for Package seriation

Last updated on 2017-01-16 12:52:52.

Flavor Version Tinstall Tcheck Ttotal Status Flags
r-devel-linux-x86_64-debian-clang 1.2-1 7.22 75.91 83.13 OK
r-devel-linux-x86_64-debian-gcc 1.2-1 7.73 73.09 80.82 OK
r-devel-linux-x86_64-fedora-clang 1.2-1 148.33 OK --no-stop-on-test-error
r-devel-linux-x86_64-fedora-gcc 1.2-1 146.83 NOTE --no-stop-on-test-error
r-devel-macos-x86_64-clang 1.2-1 114.13 OK --no-stop-on-test-error
r-devel-windows-ix86+x86_64 1.2-1 43.00 253.00 296.00 OK
r-patched-linux-x86_64 1.2-1 6.88 66.39 73.27 OK
r-patched-solaris-sparc 1.2-1 577.60 OK --no-examples --no-vignettes
r-patched-solaris-x86 1.2-1 166.10 OK
r-release-linux-x86_64 1.2-1 6.95 66.75 73.70 OK
r-release-osx-x86_64-mavericks 1.2-1 OK
r-release-windows-ix86+x86_64 1.2-1 37.00 160.00 197.00 OK
r-oldrel-windows-ix86+x86_64 1.2-1 27.00 240.00 267.00 OK

Check Details

Version: 1.2-1
Flags: --no-stop-on-test-error
Check: compiled code
Result: NOTE
    File ‘seriation/libs/seriation.so’:
     Found no calls to: ‘R_registerRoutines’, ‘R_useDynamicSymbols’
    
    It is good practice to use registered native symbols and disable symbol
    search.
    
    See ‘Writing portable packages’ in the ‘Writing R Extensions’ manual.
Flavor: r-devel-linux-x86_64-fedora-gcc