CRAN Package Check Results for Package seriation

Last updated on 2017-03-29 22:47:29.

Flavor Version Tinstall Tcheck Ttotal Status Flags
r-devel-linux-x86_64-debian-clang 1.2-1 7.61 77.54 85.16 NOTE
r-devel-linux-x86_64-debian-gcc 1.2-1 7.73 73.41 81.14 NOTE
r-devel-linux-x86_64-fedora-clang 1.2-1 155.41 NOTE --no-stop-on-test-error
r-devel-linux-x86_64-fedora-gcc 1.2-1 144.39 NOTE --no-stop-on-test-error
r-devel-macos-x86_64-clang 1.2-1 113.41 NOTE --no-stop-on-test-error
r-devel-windows-ix86+x86_64 1.2-1 27.00 217.00 244.00 OK
r-patched-linux-x86_64 1.2-1 6.95 74.28 81.23 NOTE
r-patched-solaris-sparc 1.2-1 606.30 OK --no-examples --no-vignettes
r-patched-solaris-x86 1.2-1 194.30 OK
r-release-linux-x86_64 1.2-1 6.86 67.95 74.81 OK
r-release-osx-x86_64-mavericks 1.2-1 OK
r-release-windows-ix86+x86_64 1.2-1 35.00 207.00 242.00 OK
r-oldrel-windows-ix86+x86_64 1.2-1 65.00 225.00 290.00 OK

Check Details

Version: 1.2-1
Check: compiled code
Result: NOTE
    File ‘seriation/libs/seriation.so’:
     Found no calls to: ‘R_registerRoutines’, ‘R_useDynamicSymbols’
    
    It is good practice to register native routines and to disable symbol
    search.
    
    See ‘Writing portable packages’ in the ‘Writing R Extensions’ manual.
Flavors: r-devel-linux-x86_64-debian-clang, r-devel-linux-x86_64-debian-gcc, r-patched-linux-x86_64

Version: 1.2-1
Flags: --no-stop-on-test-error
Check: compiled code
Result: NOTE
    File ‘seriation/libs/seriation.so’:
     Found no calls to: ‘R_registerRoutines’, ‘R_useDynamicSymbols’
    
    It is good practice to register native routines and to disable symbol
    search.
    
    See ‘Writing portable packages’ in the ‘Writing R Extensions’ manual.
Flavors: r-devel-linux-x86_64-fedora-clang, r-devel-linux-x86_64-fedora-gcc, r-devel-macos-x86_64-clang