CRAN Package Check Results for Package serpstatr

Last updated on 2022-07-02 03:51:39 CEST.

Flavor Version Tinstall Tcheck Ttotal Status Flags
r-devel-linux-x86_64-debian-clang 0.1.0 2.14 24.41 26.55 NOTE
r-devel-linux-x86_64-debian-gcc 0.1.0 1.82 19.48 21.30 NOTE
r-devel-linux-x86_64-fedora-clang 0.1.0 43.77 NOTE
r-devel-linux-x86_64-fedora-gcc 0.1.0 43.03 NOTE
r-devel-windows-x86_64 0.1.0 18.00 56.00 74.00 NOTE
r-patched-linux-x86_64 0.1.0 1.80 24.48 26.28 NOTE
r-release-linux-x86_64 0.1.0 2.25 23.85 26.10 NOTE
r-release-macos-arm64 0.1.0 16.00 NOTE
r-release-macos-x86_64 0.1.0 21.00 NOTE
r-release-windows-x86_64 0.1.0 20.00 63.00 83.00 NOTE
r-oldrel-macos-arm64 0.1.0 20.00 NOTE
r-oldrel-macos-x86_64 0.1.0 28.00 NOTE
r-oldrel-windows-ix86+x86_64 0.1.0 6.00 44.00 50.00 NOTE

Check Details

Version: 0.1.0
Check: LazyData
Result: NOTE
     'LazyData' is specified without a 'data' directory
Flavors: r-devel-linux-x86_64-debian-clang, r-devel-linux-x86_64-debian-gcc, r-devel-linux-x86_64-fedora-clang, r-devel-linux-x86_64-fedora-gcc, r-devel-windows-x86_64, r-patched-linux-x86_64, r-release-linux-x86_64, r-release-macos-arm64, r-release-macos-x86_64, r-release-windows-x86_64, r-oldrel-macos-arm64, r-oldrel-macos-x86_64, r-oldrel-windows-ix86+x86_64