CRAN Package Check Results for Package serrsBayes

Last updated on 2024-03-04 12:52:27 CET.

Flavor Version Tinstall Tcheck Ttotal Status Flags
r-devel-linux-x86_64-debian-clang 0.5-0 72.53 536.52 609.05 OK
r-devel-linux-x86_64-debian-gcc 0.5-0 74.78 377.20 451.98 OK
r-devel-linux-x86_64-fedora-clang 0.5-0 761.36 OK
r-devel-linux-x86_64-fedora-gcc 0.5-0 762.61 OK
r-devel-windows-x86_64 0.5-0 62.00 339.00 401.00 OK
r-patched-linux-x86_64 0.5-0 85.99 552.05 638.04 OK
r-release-linux-x86_64 0.5-0 90.08 479.63 569.71 OK
r-release-macos-arm64 0.5-0 287.00 NOTE
r-release-macos-x86_64 0.5-0 450.00 NOTE
r-release-windows-x86_64 0.5-0 81.00 422.00 503.00 OK
r-oldrel-macos-arm64 0.5-0 245.00 NOTE
r-oldrel-windows-x86_64 0.5-0 73.00 410.00 483.00 OK

Check Details

Version: 0.5-0
Check: installed package size
Result: NOTE installed size is 17.2Mb sub-directories of 1Mb or more: libs 15.9Mb Flavors: r-release-macos-arm64, r-release-macos-x86_64, r-oldrel-macos-arm64