CRAN Package Check Results for Package servr

Last updated on 2014-04-24 17:49:53.

Flavor Version Tinstall Tcheck Ttotal Status Flags
r-devel-linux-x86_64-debian-clang 0.1 1.14 13.85 15.00 OK
r-devel-linux-x86_64-debian-gcc 0.1 1.03 13.76 14.79 OK
r-devel-linux-x86_64-fedora-clang 0.1 28.82 OK
r-devel-linux-x86_64-fedora-gcc 0.1 27.88 OK
r-devel-osx-x86_64-clang 0.1 31.19 OK
r-devel-osx-x86_64-gcc 0.1 OK
r-devel-windows-ix86+x86_64 0.1 3.00 24.00 27.00 OK
r-patched-linux-x86_64 0.1 1.04 13.77 14.81 OK
r-patched-solaris-sparc 0.1 166.80 OK
r-patched-solaris-x86 0.1 42.20 OK
r-release-linux-ix86 0.1 2.00 27.00 29.00 OK
r-release-linux-x86_64 0.1 1.05 13.79 14.84 OK
r-release-osx-x86_64-mavericks 0.1 WARN
r-release-osx-x86_64-snowleopard 0.1 OK
r-release-windows-ix86+x86_64 0.1 5.00 22.00 27.00 OK
r-oldrel-windows-ix86+x86_64 0.1 3.00 23.00 26.00 OK

Check Details

Version: 0.1
Check: PDF version of manual
Result: WARNING
    LaTeX errors when creating PDF version.
    This typically indicates Rd problems.
    LaTeX errors found:
    ! LaTeX Error: File `upquote.sty' not found.
    
    Type X to quit or <RETURN> to proceed,
    or enter new name. (Default extension: sty)
    
    33e1fb06/Rd2.tex:8: ==> Fatal error occurred, no output PDF file produced!
Flavor: r-release-osx-x86_64-mavericks