CRAN Package Check Results for Package servr

Last updated on 2015-07-02 11:48:42.

Flavor Version Tinstall Tcheck Ttotal Status Flags
r-devel-linux-x86_64-debian-clang 0.2 0.81 12.62 13.43 NOTE
r-devel-linux-x86_64-debian-gcc 0.2 0.80 12.20 13.00 NOTE
r-devel-linux-x86_64-fedora-clang 0.2 25.84 NOTE
r-devel-linux-x86_64-fedora-gcc 0.2 24.48 NOTE
r-devel-osx-x86_64-clang 0.2 22.52 OK
r-devel-windows-ix86+x86_64 0.2 3.00 21.00 24.00 NOTE
r-patched-linux-x86_64 0.2 0.83 12.73 13.56 OK
r-patched-solaris-sparc 0.2 158.50 OK
r-patched-solaris-x86 0.2 38.30 OK
r-release-linux-x86_64 0.2 0.85 12.95 13.80 OK
r-release-osx-x86_64-mavericks 0.2 OK
r-release-windows-ix86+x86_64 0.2 3.00 23.00 26.00 OK
r-oldrel-windows-ix86+x86_64 0.2 5.00 39.00 44.00 OK

Check Details

Version: 0.2
Check: R code for possible problems
Result: NOTE
    get_browser: no visible global function definition for
     ‘getFromNamespace’
    jekyll : <anonymous>: no visible global function definition for
     ‘file_test’
    knit_maybe : <anonymous>: no visible global function definition for
     ‘getFromNamespace’
    notebook: no visible global function definition for ‘getFromNamespace’
    obsolete_out: no visible global function definition for ‘file_test’
    serve_dir : <anonymous>: no visible global function definition for
     ‘file_test’
    serve_example: no visible global function definition for ‘file_test’
    server_config : <anonymous>: no visible global function definition for
     ‘browseURL’
Flavors: r-devel-linux-x86_64-debian-clang, r-devel-linux-x86_64-debian-gcc, r-devel-linux-x86_64-fedora-gcc, r-devel-windows-ix86+x86_64

Version: 0.2
Check: R code for possible problems
Result: NOTE
    get_browser: no visible global function definition for
     ‘getFromNamespace’
    jekyll : <anonymous>: no visible global function definition for
     ‘file_test’
    knit_maybe : <anonymous>: no visible global function definition for
     ‘getFromNamespace’
    notebook: no visible global function definition for ‘getFromNamespace’
    obsolete_out: no visible global function definition for ‘file_test’
    serve_dir : <anonymous>: no visible global function definition for
     ‘file_test’
    serve_example: no visible global function definition for ‘file_test’
    server_config : <anonymous>: no visible global function definition for
     ‘browseURL’
    Undefined global functions or variables:
     browseURL file_test getFromNamespace
Flavor: r-devel-linux-x86_64-fedora-clang