CRAN Package Check Results for Package servr

Last updated on 2015-09-02 06:48:15.

Flavor Version Tinstall Tcheck Ttotal Status Flags
r-devel-linux-x86_64-debian-clang 0.2 0.77 12.47 13.24 NOTE
r-devel-linux-x86_64-debian-gcc 0.2 0.98 11.92 12.90 NOTE
r-devel-linux-x86_64-fedora-clang 0.2 25.03 NOTE
r-devel-linux-x86_64-fedora-gcc 0.2 23.40 NOTE
r-devel-osx-x86_64-clang 0.2 21.83 OK
r-devel-windows-ix86+x86_64 0.2 5.00 41.00 46.00 NOTE
r-patched-linux-x86_64 0.2 0.86 12.67 13.53 OK
r-patched-solaris-sparc 0.2 167.10 OK
r-patched-solaris-x86 0.2 39.60 OK
r-release-linux-x86_64 0.2 0.88 12.70 13.59 OK
r-release-osx-x86_64-mavericks 0.2 OK
r-release-windows-ix86+x86_64 0.2 5.00 40.00 45.00 OK
r-oldrel-windows-ix86+x86_64 0.2 6.00 29.00 35.00 OK

Check Details

Version: 0.2
Check: R code for possible problems
Result: NOTE
    get_browser: no visible global function definition for
     ‘getFromNamespace’
    jekyll : <anonymous>: no visible global function definition for
     ‘file_test’
    knit_maybe : <anonymous>: no visible global function definition for
     ‘getFromNamespace’
    notebook: no visible global function definition for ‘getFromNamespace’
    obsolete_out: no visible global function definition for ‘file_test’
    serve_dir : <anonymous>: no visible global function definition for
     ‘file_test’
    serve_example: no visible global function definition for ‘file_test’
    server_config : <anonymous>: no visible global function definition for
     ‘browseURL’
    Undefined global functions or variables:
     browseURL file_test getFromNamespace
    Consider adding
     importFrom("utils", "browseURL", "file_test", "getFromNamespace")
    to your NAMESPACE.
Flavors: r-devel-linux-x86_64-debian-clang, r-devel-linux-x86_64-debian-gcc, r-devel-linux-x86_64-fedora-clang, r-devel-linux-x86_64-fedora-gcc, r-devel-windows-ix86+x86_64