CRAN Package Check Results for Package servr

Last updated on 2015-08-05 11:48:16.

Flavor Version Tinstall Tcheck Ttotal Status Flags
r-devel-linux-x86_64-debian-clang 0.2 0.82 12.94 13.76 NOTE
r-devel-linux-x86_64-debian-gcc 0.2 0.82 12.62 13.44 NOTE
r-devel-linux-x86_64-fedora-clang 0.2 27.41 NOTE
r-devel-linux-x86_64-fedora-gcc 0.2 24.78 NOTE
r-devel-osx-x86_64-clang 0.2 25.34 OK
r-devel-windows-ix86+x86_64 0.2 5.00 23.00 28.00 NOTE
r-patched-linux-x86_64 0.2 0.83 12.38 13.20 OK
r-patched-solaris-sparc 0.2 167.10 OK
r-patched-solaris-x86 0.2 39.00 OK
r-release-linux-x86_64 0.2 0.82 12.71 13.54 OK
r-release-osx-x86_64-mavericks 0.2 OK
r-release-windows-ix86+x86_64 0.2 5.00 22.00 27.00 OK
r-oldrel-windows-ix86+x86_64 0.2 8.00 27.00 35.00 OK

Check Details

Version: 0.2
Check: R code for possible problems
Result: NOTE
    get_browser: no visible global function definition for
     ‘getFromNamespace’
    jekyll : <anonymous>: no visible global function definition for
     ‘file_test’
    knit_maybe : <anonymous>: no visible global function definition for
     ‘getFromNamespace’
    notebook: no visible global function definition for ‘getFromNamespace’
    obsolete_out: no visible global function definition for ‘file_test’
    serve_dir : <anonymous>: no visible global function definition for
     ‘file_test’
    serve_example: no visible global function definition for ‘file_test’
    server_config : <anonymous>: no visible global function definition for
     ‘browseURL’
    Undefined global functions or variables:
     browseURL file_test getFromNamespace
    Consider adding
     importFrom("utils", "browseURL", "file_test", "getFromNamespace")
    to your NAMESPACE.
Flavors: r-devel-linux-x86_64-debian-clang, r-devel-linux-x86_64-debian-gcc, r-devel-linux-x86_64-fedora-clang, r-devel-linux-x86_64-fedora-gcc, r-devel-windows-ix86+x86_64