CRAN Package Check Results for Package servr

Last updated on 2016-02-08 11:49:44.

Flavor Version Tinstall Tcheck Ttotal Status Flags
r-devel-linux-x86_64-debian-gcc 0.2 0.82 11.63 12.45 NOTE
r-devel-linux-x86_64-fedora-clang 0.2 23.59 NOTE
r-devel-linux-x86_64-fedora-gcc 0.2 21.85 NOTE
r-devel-osx-x86_64-clang 0.2 26.66 NOTE
r-devel-windows-ix86+x86_64 0.2 4.00 25.00 29.00 NOTE
r-patched-linux-x86_64 0.2 0.90 12.73 13.63 OK
r-patched-solaris-sparc 0.2 153.60 OK
r-patched-solaris-x86 0.2 33.90 OK
r-release-linux-x86_64 0.2 0.96 12.71 13.67 OK
r-release-osx-x86_64-mavericks 0.2 OK
r-release-windows-ix86+x86_64 0.2 4.00 26.00 30.00 OK
r-oldrel-windows-ix86+x86_64 0.2 6.00 30.00 36.00 OK

Check Details

Version: 0.2
Check: R code for possible problems
Result: NOTE
    get_browser: no visible global function definition for
     ‘getFromNamespace’
    jekyll : <anonymous>: no visible global function definition for
     ‘file_test’
    knit_maybe : <anonymous>: no visible global function definition for
     ‘getFromNamespace’
    notebook: no visible global function definition for ‘getFromNamespace’
    obsolete_out: no visible global function definition for ‘file_test’
    serve_dir : <anonymous>: no visible global function definition for
     ‘file_test’
    serve_example: no visible global function definition for ‘file_test’
    server_config : <anonymous>: no visible global function definition for
     ‘browseURL’
    Undefined global functions or variables:
     browseURL file_test getFromNamespace
    Consider adding
     importFrom("utils", "browseURL", "file_test", "getFromNamespace")
    to your NAMESPACE file.
Flavors: r-devel-linux-x86_64-debian-gcc, r-devel-linux-x86_64-fedora-clang, r-devel-linux-x86_64-fedora-gcc, r-devel-osx-x86_64-clang, r-devel-windows-ix86+x86_64