CRAN Package Check Results for Package servr

Last updated on 2015-04-28 11:48:38.

Flavor Version Tinstall Tcheck Ttotal Status Flags
r-devel-linux-x86_64-debian-clang 0.2 0.87 12.85 13.72 OK
r-devel-linux-x86_64-debian-gcc 0.2 0.81 12.60 13.40 OK
r-devel-linux-x86_64-fedora-clang 0.2 26.55 OK
r-devel-linux-x86_64-fedora-gcc 0.2 25.72 OK
r-devel-osx-x86_64-clang 0.2 28.42 OK
r-devel-windows-ix86+x86_64 0.2 3.00 22.00 25.00 OK
r-patched-linux-x86_64 0.2 0.84 12.53 13.37 OK
r-patched-solaris-sparc 0.2 143.00 OK
r-patched-solaris-x86 0.2 38.70 OK
r-release-linux-x86_64 0.2 0.81 12.58 13.40 OK
r-release-osx-x86_64-mavericks 0.2 OK
r-release-osx-x86_64-snowleopard 0.2 NOTE
r-release-windows-ix86+x86_64 0.2 4.00 22.00 26.00 OK
r-oldrel-windows-ix86+x86_64 0.2 3.00 23.00 26.00 OK

Check Details

Version: 0.2
Check: package dependencies
Result: NOTE
    Packages suggested but not available for checking: ‘knitr’ ‘rmarkdown’
Flavor: r-release-osx-x86_64-snowleopard

Version: 0.2
Check: Rd cross-references
Result: NOTE
    Packages unavailable to check Rd xrefs: ‘knitr’, ‘rmarkdown’
Flavor: r-release-osx-x86_64-snowleopard