Last updated on 2022-06-29 20:53:29 CEST.
Flavor | Version | Tinstall | Tcheck | Ttotal | Status | Flags |
---|---|---|---|---|---|---|
r-devel-linux-x86_64-debian-clang | 1.0.2 | 9.15 | 85.03 | 94.18 | OK | |
r-devel-linux-x86_64-debian-gcc | 1.0.2 | 8.21 | 64.73 | 72.94 | OK | |
r-devel-linux-x86_64-fedora-clang | 1.0.2 | 120.71 | WARN | |||
r-devel-linux-x86_64-fedora-gcc | 1.0.2 | 122.71 | WARN | |||
r-devel-windows-x86_64 | 1.0.2 | 21.00 | 106.00 | 127.00 | OK | |
r-patched-linux-x86_64 | 1.0.2 | 12.35 | 79.95 | 92.30 | OK | |
r-release-linux-x86_64 | 1.0.2 | 7.20 | 81.48 | 88.68 | OK | |
r-release-macos-arm64 | 1.0.2 | 34.00 | OK | |||
r-release-macos-x86_64 | 1.0.2 | 51.00 | OK | |||
r-release-windows-x86_64 | 1.0.2 | 21.00 | 106.00 | 127.00 | OK | |
r-oldrel-macos-arm64 | 1.0.2 | 40.00 | OK | |||
r-oldrel-macos-x86_64 | 1.0.2 | 70.00 | OK | |||
r-oldrel-windows-ix86+x86_64 | 1.0.2 | 18.00 | 103.00 | 121.00 | OK |
Version: 1.0.2
Check: package dependencies
Result: WARN
Requires (indirectly) orphaned package: ‘gtools’
Flavors: r-devel-linux-x86_64-fedora-clang, r-devel-linux-x86_64-fedora-gcc