CRAN Package Check Results for Package setRNG

Last updated on 2014-11-23 17:49:39.

Flavor Version Tinstall Tcheck Ttotal Status Flags
r-devel-linux-x86_64-debian-clang 2011.11-2 0.59 11.01 11.60 NOTE
r-devel-linux-x86_64-debian-gcc 2011.11-2 0.56 10.77 11.34 NOTE
r-devel-linux-x86_64-fedora-clang 2011.11-2 22.92 NOTE
r-devel-linux-x86_64-fedora-gcc 2011.11-2 21.92 NOTE
r-devel-osx-x86_64-clang 2011.11-2 26.12 OK
r-devel-windows-ix86+x86_64 2011.11-2 2.00 18.00 20.00 OK
r-patched-linux-x86_64 2011.11-2 0.60 10.81 11.40 NOTE
r-patched-solaris-sparc 2011.11-2 116.60 OK
r-patched-solaris-x86 2011.11-2 33.10 OK
r-release-linux-ix86 2011.11-2 0.94 16.67 17.60 OK
r-release-linux-x86_64 2011.11-2 0.59 10.23 10.82 NOTE
r-release-osx-x86_64-mavericks 2011.11-2 OK
r-release-windows-ix86+x86_64 2011.11-2 3.00 23.00 26.00 OK
r-oldrel-windows-ix86+x86_64 2011.11-2 2.00 18.00 20.00 OK

Check Details

Version: 2011.11-2
Check: top-level files
Result: NOTE
    Non-standard file/directory found at top level:
     ā€˜Sā€™
Flavors: r-devel-linux-x86_64-debian-clang, r-devel-linux-x86_64-debian-gcc, r-devel-linux-x86_64-fedora-clang, r-devel-linux-x86_64-fedora-gcc, r-patched-linux-x86_64, r-release-linux-x86_64