CRAN Package Check Results for Package setRNG

Last updated on 2014-08-30 03:51:14.

Flavor Version Tinstall Tcheck Ttotal Status Flags
r-devel-linux-x86_64-debian-clang 2011.11-2 0.55 9.34 9.89 OK
r-devel-linux-x86_64-debian-gcc 2011.11-2 0.51 9.40 9.91 OK
r-devel-linux-x86_64-fedora-clang 2011.11-2 21.09 NOTE
r-devel-linux-x86_64-fedora-gcc 2011.11-2 20.39 NOTE
r-devel-osx-x86_64-clang 2011.11-2 24.19 OK
r-devel-windows-ix86+x86_64 2011.11-2 2.00 18.00 20.00 OK
r-patched-linux-x86_64 2011.11-2 0.54 9.61 10.15 OK
r-patched-solaris-sparc 2011.11-2 116.60 OK
r-patched-solaris-x86 2011.11-2 31.60 OK
r-release-linux-ix86 2011.11-2 0.88 16.80 17.67 OK
r-release-linux-x86_64 2011.11-2 0.56 9.77 10.33 OK
r-release-osx-x86_64-mavericks 2011.11-2 OK
r-release-windows-ix86+x86_64 2011.11-2 3.00 23.00 26.00 OK
r-oldrel-windows-ix86+x86_64 2011.11-2 2.00 18.00 20.00 OK

Check Details

Version: 2011.11-2
Check: top-level files
Result: NOTE
    Non-standard file/directory found at top level:
     ā€˜Sā€™
Flavors: r-devel-linux-x86_64-fedora-clang, r-devel-linux-x86_64-fedora-gcc