CRAN Package Check Results for Package setRNG

Last updated on 2017-11-24 22:51:44 CET.

Flavor Version Tinstall Tcheck Ttotal Status Flags
r-devel-linux-x86_64-debian-clang 2013.9-1 0.66 37.88 38.54 NOTE
r-devel-linux-x86_64-debian-gcc 2013.9-1 0.62 38.25 38.87 NOTE
r-devel-linux-x86_64-fedora-clang 2013.9-1 20.91 NOTE
r-devel-linux-x86_64-fedora-gcc 2013.9-1 19.80 NOTE
r-devel-windows-ix86+x86_64 2013.9-1 4.00 29.00 33.00 NOTE
r-patched-linux-x86_64 2013.9-1 0.73 39.27 40.00 NOTE
r-patched-solaris-x86 2013.9-1 31.90 NOTE
r-release-linux-x86_64 2013.9-1 0.74 42.64 43.38 NOTE
r-release-windows-ix86+x86_64 2013.9-1 2.00 29.00 31.00 NOTE
r-release-osx-x86_64 2013.9-1 NOTE
r-oldrel-windows-ix86+x86_64 2013.9-1 2.00 28.00 30.00 NOTE
r-oldrel-osx-x86_64 2013.9-1 NOTE

Check Details

Version: 2013.9-1
Check: R code for possible problems
Result: NOTE
    random.number.test: no visible global function definition for ‘runif’
    random.number.test: no visible global function definition for ‘rnorm’
    setRNG: no visible global function definition for ‘runif’
    Undefined global functions or variables:
     rnorm runif
    Consider adding
     importFrom("stats", "rnorm", "runif")
    to your NAMESPACE file.
Flavors: r-devel-linux-x86_64-debian-clang, r-devel-linux-x86_64-debian-gcc, r-devel-linux-x86_64-fedora-clang, r-devel-linux-x86_64-fedora-gcc, r-devel-windows-ix86+x86_64, r-patched-linux-x86_64, r-patched-solaris-x86, r-release-linux-x86_64, r-release-windows-ix86+x86_64, r-release-osx-x86_64, r-oldrel-windows-ix86+x86_64, r-oldrel-osx-x86_64