CRAN Package Check Results for Package setRNG

Last updated on 2016-06-25 19:48:38.

Flavor Version Tinstall Tcheck Ttotal Status Flags
r-devel-linux-x86_64-debian-gcc 2013.9-1 0.57 10.79 11.36 NOTE
r-devel-linux-x86_64-fedora-clang 2013.9-1 17.98 NOTE
r-devel-linux-x86_64-fedora-gcc 2013.9-1 16.68 NOTE
r-devel-osx-x86_64-clang 2013.9-1 17.09 NOTE
r-devel-windows-ix86+x86_64 2013.9-1 3.00 26.00 29.00 NOTE
r-patched-linux-x86_64 2013.9-1 0.66 10.79 11.45 NOTE
r-patched-solaris-sparc 2013.9-1 100.90 NOTE
r-patched-solaris-x86 2013.9-1 24.70 NOTE
r-release-linux-x86_64 2013.9-1 0.52 10.63 11.15 NOTE
r-release-osx-x86_64-mavericks 2013.9-1 NOTE
r-release-windows-ix86+x86_64 2013.9-1 4.00 36.00 40.00 NOTE
r-oldrel-windows-ix86+x86_64 2013.9-1 2.00 33.00 35.00 OK

Check Details

Version: 2013.9-1
Check: R code for possible problems
Result: NOTE
    random.number.test: no visible global function definition for ‘runif’
    random.number.test: no visible global function definition for ‘rnorm’
    setRNG: no visible global function definition for ‘runif’
    Undefined global functions or variables:
     rnorm runif
    Consider adding
     importFrom("stats", "rnorm", "runif")
    to your NAMESPACE file.
Flavors: r-devel-linux-x86_64-debian-gcc, r-devel-linux-x86_64-fedora-clang, r-devel-linux-x86_64-fedora-gcc, r-devel-osx-x86_64-clang, r-devel-windows-ix86+x86_64, r-patched-linux-x86_64, r-patched-solaris-sparc, r-patched-solaris-x86, r-release-linux-x86_64, r-release-osx-x86_64-mavericks, r-release-windows-ix86+x86_64