CRAN Package Check Results for Package setRNG

Last updated on 2016-08-31 17:47:57.

Flavor Version Tinstall Tcheck Ttotal Status Flags
r-devel-linux-x86_64-debian-clang 2013.9-1 0.55 10.49 11.04 NOTE
r-devel-linux-x86_64-debian-gcc 2013.9-1 0.54 10.09 10.64 NOTE
r-devel-linux-x86_64-fedora-clang 2013.9-1 18.09 NOTE
r-devel-linux-x86_64-fedora-gcc 2013.9-1 16.81 NOTE
r-devel-osx-x86_64-clang 2013.9-1 17.50 NOTE
r-devel-windows-ix86+x86_64 2013.9-1 4.00 65.00 69.00 NOTE
r-patched-linux-x86_64 2013.9-1 0.54 10.27 10.81 NOTE
r-patched-solaris-sparc 2013.9-1 100.90 NOTE
r-patched-solaris-x86 2013.9-1 23.70 NOTE
r-release-linux-x86_64 2013.9-1 0.54 10.07 10.61 NOTE
r-release-osx-x86_64-mavericks 2013.9-1 NOTE
r-release-windows-ix86+x86_64 2013.9-1 4.00 36.00 40.00 NOTE
r-oldrel-windows-ix86+x86_64 2013.9-1 2.00 33.00 35.00 OK

Check Details

Version: 2013.9-1
Check: R code for possible problems
Result: NOTE
    random.number.test: no visible global function definition for ‘runif’
    random.number.test: no visible global function definition for ‘rnorm’
    setRNG: no visible global function definition for ‘runif’
    Undefined global functions or variables:
     rnorm runif
    Consider adding
     importFrom("stats", "rnorm", "runif")
    to your NAMESPACE file.
Flavors: r-devel-linux-x86_64-debian-clang, r-devel-linux-x86_64-debian-gcc, r-devel-linux-x86_64-fedora-clang, r-devel-linux-x86_64-fedora-gcc, r-devel-osx-x86_64-clang, r-devel-windows-ix86+x86_64, r-patched-linux-x86_64, r-patched-solaris-sparc, r-patched-solaris-x86, r-release-linux-x86_64, r-release-osx-x86_64-mavericks, r-release-windows-ix86+x86_64