CRAN Package Check Results for Package setRNG

Last updated on 2018-06-25 16:50:13 CEST.

Flavor Version Tinstall Tcheck Ttotal Status Flags
r-devel-linux-x86_64-debian-clang 2013.9-1 1.01 18.83 19.84 NOTE
r-devel-linux-x86_64-debian-gcc 2013.9-1 0.70 16.17 16.87 NOTE
r-devel-linux-x86_64-fedora-clang 2013.9-1 25.14 NOTE
r-devel-linux-x86_64-fedora-gcc 2013.9-1 24.08 NOTE
r-devel-windows-ix86+x86_64 2013.9-1 3.00 31.00 34.00 NOTE
r-patched-linux-x86_64 2013.9-1 0.90 18.95 19.85 NOTE
r-patched-solaris-x86 2013.9-1 38.40 NOTE
r-release-linux-x86_64 2013.9-1 0.74 18.86 19.60 NOTE
r-release-windows-ix86+x86_64 2013.9-1 3.00 29.00 32.00 NOTE
r-release-osx-x86_64 2013.9-1 NOTE
r-oldrel-windows-ix86+x86_64 2013.9-1 2.00 29.00 31.00 NOTE
r-oldrel-osx-x86_64 2013.9-1 NOTE

Check Details

Version: 2013.9-1
Check: R code for possible problems
Result: NOTE
    random.number.test: no visible global function definition for ‘runif’
    random.number.test: no visible global function definition for ‘rnorm’
    setRNG: no visible global function definition for ‘runif’
    Undefined global functions or variables:
     rnorm runif
    Consider adding
     importFrom("stats", "rnorm", "runif")
    to your NAMESPACE file.
Flavors: r-devel-linux-x86_64-debian-clang, r-devel-linux-x86_64-debian-gcc, r-devel-linux-x86_64-fedora-clang, r-devel-linux-x86_64-fedora-gcc, r-devel-windows-ix86+x86_64, r-patched-linux-x86_64, r-patched-solaris-x86, r-release-linux-x86_64, r-release-windows-ix86+x86_64, r-release-osx-x86_64, r-oldrel-windows-ix86+x86_64, r-oldrel-osx-x86_64