CRAN Package Check Results for Package setRNG

Last updated on 2016-05-03 09:49:05.

Flavor Version Tinstall Tcheck Ttotal Status Flags
r-devel-linux-x86_64-debian-gcc 2013.9-1 0.54 10.21 10.75 NOTE
r-devel-linux-x86_64-fedora-clang 2013.9-1 17.78 NOTE
r-devel-linux-x86_64-fedora-gcc 2013.9-1 16.87 NOTE
r-devel-osx-x86_64-clang 2013.9-1 22.70 NOTE
r-devel-windows-ix86+x86_64 2013.9-1 2.00 26.00 28.00 NOTE
r-patched-linux-x86_64 2013.9-1 0.51 10.00 10.51 NOTE
r-patched-solaris-sparc 2013.9-1 101.80 NOTE
r-patched-solaris-x86 2013.9-1 24.60 NOTE
r-release-linux-x86_64 2013.9-1 0.56 10.85 11.42 OK
r-release-osx-x86_64-mavericks 2013.9-1 OK
r-release-windows-ix86+x86_64 2013.9-1 2.00 33.00 35.00 OK
r-oldrel-windows-ix86+x86_64 2013.9-1 3.00 19.00 22.00 OK

Check Details

Version: 2013.9-1
Check: R code for possible problems
Result: NOTE
    random.number.test: no visible global function definition for ‘runif’
    random.number.test: no visible global function definition for ‘rnorm’
    setRNG: no visible global function definition for ‘runif’
    Undefined global functions or variables:
     rnorm runif
    Consider adding
     importFrom("stats", "rnorm", "runif")
    to your NAMESPACE file.
Flavors: r-devel-linux-x86_64-debian-gcc, r-devel-linux-x86_64-fedora-clang, r-devel-linux-x86_64-fedora-gcc, r-devel-osx-x86_64-clang, r-devel-windows-ix86+x86_64, r-patched-linux-x86_64, r-patched-solaris-sparc, r-patched-solaris-x86