CRAN Package Check Results for Package setRNG

Last updated on 2015-08-29 13:48:26.

Flavor Version Tinstall Tcheck Ttotal Status Flags
r-devel-linux-x86_64-debian-clang 2013.9-1 0.49 9.76 10.25 NOTE
r-devel-linux-x86_64-debian-gcc 2013.9-1 0.48 9.64 10.11 NOTE
r-devel-linux-x86_64-fedora-clang 2013.9-1 19.92 NOTE
r-devel-linux-x86_64-fedora-gcc 2013.9-1 18.23 NOTE
r-devel-osx-x86_64-clang 2013.9-1 21.28 OK
r-devel-windows-ix86+x86_64 2013.9-1 3.00 25.00 28.00 NOTE
r-patched-linux-x86_64 2013.9-1 0.53 10.09 10.62 OK
r-patched-solaris-sparc 2013.9-1 130.50 OK
r-patched-solaris-x86 2013.9-1 31.40 OK
r-release-linux-x86_64 2013.9-1 0.52 10.67 11.20 OK
r-release-osx-x86_64-mavericks 2013.9-1 OK
r-release-windows-ix86+x86_64 2013.9-1 2.00 18.00 20.00 OK
r-oldrel-windows-ix86+x86_64 2013.9-1 3.00 19.00 22.00 OK

Check Details

Version: 2013.9-1
Check: R code for possible problems
Result: NOTE
    random.number.test: no visible global function definition for ‘runif’
    random.number.test: no visible global function definition for ‘rnorm’
    setRNG: no visible global function definition for ‘runif’
    Undefined global functions or variables:
     rnorm runif
    Consider adding
     importFrom("stats", "rnorm", "runif")
    to your NAMESPACE.
Flavors: r-devel-linux-x86_64-debian-clang, r-devel-linux-x86_64-debian-gcc, r-devel-linux-x86_64-fedora-clang, r-devel-linux-x86_64-fedora-gcc, r-devel-windows-ix86+x86_64