CRAN Package Check Results for Package setRNG

Last updated on 2014-07-24 09:49:44.

Flavor Version Tinstall Tcheck Ttotal Status Flags
r-devel-linux-x86_64-debian-clang 2011.11-2 0.56 9.71 10.27 OK
r-devel-linux-x86_64-debian-gcc 2011.11-2 0.54 9.66 10.20 OK
r-devel-linux-x86_64-fedora-clang 2011.11-2 21.89 NOTE
r-devel-linux-x86_64-fedora-gcc 2011.11-2 20.05 NOTE
r-devel-osx-x86_64-clang 2011.11-2 25.02 OK
r-devel-windows-ix86+x86_64 2011.11-2 2.00 18.00 20.00 OK
r-patched-linux-x86_64 2011.11-2 0.55 9.92 10.46 OK
r-patched-solaris-sparc 2011.11-2 117.30 OK
r-patched-solaris-x86 2011.11-2 31.30 OK
r-release-linux-ix86 2011.11-2 0.87 16.81 17.68 OK
r-release-linux-x86_64 2011.11-2 0.57 9.63 10.20 OK
r-release-osx-x86_64-mavericks 2011.11-2 OK
r-release-windows-ix86+x86_64 2011.11-2 3.00 23.00 26.00 OK
r-oldrel-windows-ix86+x86_64 2011.11-2 2.00 18.00 20.00 OK

Check Details

Version: 2011.11-2
Check: top-level files
Result: NOTE
    Non-standard file/directory found at top level:
     ā€˜Sā€™
Flavors: r-devel-linux-x86_64-fedora-clang, r-devel-linux-x86_64-fedora-gcc