CRAN Package Check Results for Package setRNG

Last updated on 2014-10-23 13:48:00.

Flavor Version Tinstall Tcheck Ttotal Status Flags
r-devel-linux-x86_64-debian-clang 2011.11-2 0.60 10.24 10.84 NOTE
r-devel-linux-x86_64-debian-gcc 2011.11-2 0.59 10.17 10.76 NOTE
r-devel-linux-x86_64-fedora-clang 2011.11-2 21.79 NOTE
r-devel-linux-x86_64-fedora-gcc 2011.11-2 19.86 NOTE
r-devel-osx-x86_64-clang 2011.11-2 27.26 OK
r-devel-windows-ix86+x86_64 2011.11-2 2.00 19.00 21.00 OK
r-patched-linux-x86_64 2011.11-2 0.64 10.46 11.10 NOTE
r-patched-solaris-sparc 2011.11-2 116.60 OK
r-patched-solaris-x86 2011.11-2 32.50 OK
r-release-linux-ix86 2011.11-2 0.86 16.94 17.79 OK
r-release-linux-x86_64 2011.11-2 0.59 10.19 10.78 NOTE
r-release-osx-x86_64-mavericks 2011.11-2 OK
r-release-windows-ix86+x86_64 2011.11-2 3.00 23.00 26.00 OK
r-oldrel-windows-ix86+x86_64 2011.11-2 2.00 18.00 20.00 OK

Check Details

Version: 2011.11-2
Check: top-level files
Result: NOTE
    Non-standard file/directory found at top level:
     ā€˜Sā€™
Flavors: r-devel-linux-x86_64-debian-clang, r-devel-linux-x86_64-debian-gcc, r-devel-linux-x86_64-fedora-clang, r-devel-linux-x86_64-fedora-gcc, r-patched-linux-x86_64, r-release-linux-x86_64