CRAN Package Check Results for Package setRNG

Last updated on 2017-07-28 08:48:18.

Flavor Version Tinstall Tcheck Ttotal Status Flags
r-devel-linux-x86_64-debian-clang 2013.9-1 0.64 22.78 23.43 NOTE
r-devel-linux-x86_64-debian-gcc 2013.9-1 0.56 22.14 22.71 NOTE
r-devel-linux-x86_64-fedora-clang 2013.9-1 21.54 NOTE
r-devel-linux-x86_64-fedora-gcc 2013.9-1 20.73 NOTE
r-devel-windows-ix86+x86_64 2013.9-1 4.00 30.00 34.00 NOTE
r-patched-linux-x86_64 2013.9-1 0.60 22.16 22.76 NOTE
r-patched-solaris-x86 2013.9-1 32.00 NOTE
r-release-linux-x86_64 2013.9-1 0.62 22.36 22.99 NOTE
r-release-windows-ix86+x86_64 2013.9-1 3.00 28.00 31.00 NOTE
r-release-osx-x86_64 2013.9-1 NOTE
r-oldrel-windows-ix86+x86_64 2013.9-1 2.00 28.00 30.00 NOTE
r-oldrel-osx-x86_64 2013.9-1 NOTE

Check Details

Version: 2013.9-1
Check: R code for possible problems
Result: NOTE
    random.number.test: no visible global function definition for ‘runif’
    random.number.test: no visible global function definition for ‘rnorm’
    setRNG: no visible global function definition for ‘runif’
    Undefined global functions or variables:
     rnorm runif
    Consider adding
     importFrom("stats", "rnorm", "runif")
    to your NAMESPACE file.
Flavors: r-devel-linux-x86_64-debian-clang, r-devel-linux-x86_64-debian-gcc, r-devel-linux-x86_64-fedora-clang, r-devel-linux-x86_64-fedora-gcc, r-devel-windows-ix86+x86_64, r-patched-linux-x86_64, r-patched-solaris-x86, r-release-linux-x86_64, r-release-windows-ix86+x86_64, r-release-osx-x86_64, r-oldrel-windows-ix86+x86_64, r-oldrel-osx-x86_64