CRAN Package Check Results for Package setRNG

Last updated on 2016-02-13 23:47:18.

Flavor Version Tinstall Tcheck Ttotal Status Flags
r-devel-linux-x86_64-debian-gcc 2013.9-1 0.50 9.06 9.55 NOTE
r-devel-linux-x86_64-fedora-clang 2013.9-1 17.55 NOTE
r-devel-linux-x86_64-fedora-gcc 2013.9-1 16.62 NOTE
r-devel-osx-x86_64-clang 2013.9-1 22.16 NOTE
r-devel-windows-ix86+x86_64 2013.9-1 3.00 23.00 26.00 NOTE
r-patched-linux-x86_64 2013.9-1 0.56 9.71 10.27 OK
r-patched-solaris-sparc 2013.9-1 115.80 OK
r-patched-solaris-x86 2013.9-1 27.00 OK
r-release-linux-x86_64 2013.9-1 0.64 9.97 10.60 OK
r-release-osx-x86_64-mavericks 2013.9-1 OK
r-release-windows-ix86+x86_64 2013.9-1 2.00 33.00 35.00 OK
r-oldrel-windows-ix86+x86_64 2013.9-1 3.00 19.00 22.00 OK

Check Details

Version: 2013.9-1
Check: R code for possible problems
Result: NOTE
    random.number.test: no visible global function definition for ‘runif’
    random.number.test: no visible global function definition for ‘rnorm’
    setRNG: no visible global function definition for ‘runif’
    Undefined global functions or variables:
     rnorm runif
    Consider adding
     importFrom("stats", "rnorm", "runif")
    to your NAMESPACE file.
Flavors: r-devel-linux-x86_64-debian-gcc, r-devel-linux-x86_64-fedora-clang, r-devel-linux-x86_64-fedora-gcc, r-devel-osx-x86_64-clang, r-devel-windows-ix86+x86_64