CRAN Package Check Results for Package setRNG

Last updated on 2014-04-20 15:46:59.

Flavor Version Tinstall Tcheck Ttotal Status Flags
r-devel-linux-x86_64-debian-clang 2011.11-2 0.58 10.19 10.77 OK
r-devel-linux-x86_64-debian-gcc 2011.11-2 0.58 10.09 10.67 OK
r-devel-linux-x86_64-fedora-clang 2011.11-2 21.33 NOTE
r-devel-linux-x86_64-fedora-gcc 2011.11-2 19.63 NOTE
r-devel-macosx-x86_64-clang 2011.11-2 25.49 OK
r-devel-macosx-x86_64-gcc 2011.11-2 OK
r-devel-windows-ix86+x86_64 2011.11-2 2.00 18.00 20.00 OK
r-patched-linux-x86_64 2011.11-2 0.63 10.08 10.71 OK
r-patched-solaris-sparc 2011.11-2 117.30 OK
r-patched-solaris-x86 2011.11-2 33.10 OK
r-release-linux-ix86 OK
r-release-linux-x86_64 2011.11-2 0.63 9.91 10.54 OK
r-release-windows-ix86+x86_64 2011.11-2 4.00 18.00 22.00 OK
r-oldrel-windows-ix86+x86_64 2011.11-2 2.00 18.00 20.00 OK

Check Details

Version: 2011.11-2
Check: top-level files
Result: NOTE
    Non-standard file/directory found at top level:
     ā€˜Sā€™
Flavors: r-devel-linux-x86_64-fedora-clang, r-devel-linux-x86_64-fedora-gcc