CRAN Package Check Results for Package setRNG

Last updated on 2017-02-26 05:49:00.

Flavor Version Tinstall Tcheck Ttotal Status Flags
r-devel-linux-x86_64-debian-clang 2013.9-1 0.54 12.45 12.99 NOTE
r-devel-linux-x86_64-debian-gcc 2013.9-1 0.60 12.23 12.83 NOTE
r-devel-linux-x86_64-fedora-clang 2013.9-1 21.42 NOTE --no-stop-on-test-error
r-devel-linux-x86_64-fedora-gcc 2013.9-1 20.47 NOTE --no-stop-on-test-error
r-devel-macos-x86_64-clang 2013.9-1 20.80 NOTE --no-stop-on-test-error
r-devel-windows-ix86+x86_64 2013.9-1 2.00 28.00 30.00 NOTE
r-patched-linux-x86_64 2013.9-1 0.54 10.11 10.65 NOTE
r-patched-solaris-sparc 2013.9-1 102.60 NOTE
r-patched-solaris-x86 2013.9-1 26.90 NOTE
r-release-linux-x86_64 2013.9-1 0.56 10.14 10.70 NOTE
r-release-osx-x86_64-mavericks 2013.9-1 NOTE
r-release-windows-ix86+x86_64 2013.9-1 2.00 28.00 30.00 NOTE
r-oldrel-windows-ix86+x86_64 2013.9-1 2.00 28.00 30.00 OK

Check Details

Version: 2013.9-1
Check: R code for possible problems
Result: NOTE
    random.number.test: no visible global function definition for ‘runif’
    random.number.test: no visible global function definition for ‘rnorm’
    setRNG: no visible global function definition for ‘runif’
    Undefined global functions or variables:
     rnorm runif
    Consider adding
     importFrom("stats", "rnorm", "runif")
    to your NAMESPACE file.
Flavors: r-devel-linux-x86_64-debian-clang, r-devel-linux-x86_64-debian-gcc, r-devel-windows-ix86+x86_64, r-patched-linux-x86_64, r-patched-solaris-sparc, r-patched-solaris-x86, r-release-linux-x86_64, r-release-osx-x86_64-mavericks, r-release-windows-ix86+x86_64

Version: 2013.9-1
Flags: --no-stop-on-test-error
Check: R code for possible problems
Result: NOTE
    random.number.test: no visible global function definition for ‘runif’
    random.number.test: no visible global function definition for ‘rnorm’
    setRNG: no visible global function definition for ‘runif’
    Undefined global functions or variables:
     rnorm runif
    Consider adding
     importFrom("stats", "rnorm", "runif")
    to your NAMESPACE file.
Flavors: r-devel-linux-x86_64-fedora-clang, r-devel-linux-x86_64-fedora-gcc, r-devel-macos-x86_64-clang