CRAN Package Check Results for Package setRNG

Last updated on 2015-07-04 23:47:33.

Flavor Version Tinstall Tcheck Ttotal Status Flags
r-devel-linux-x86_64-debian-clang 2013.9-1 0.51 10.32 10.82 NOTE
r-devel-linux-x86_64-debian-gcc 2013.9-1 0.50 9.95 10.45 NOTE
r-devel-linux-x86_64-fedora-clang 2013.9-1 19.64 NOTE
r-devel-linux-x86_64-fedora-gcc 2013.9-1 18.32 NOTE
r-devel-osx-x86_64-clang 2013.9-1 20.27 OK
r-devel-windows-ix86+x86_64 2013.9-1 3.00 18.00 21.00 OK
r-patched-linux-x86_64 2013.9-1 0.52 10.05 10.58 OK
r-patched-solaris-sparc 2013.9-1 134.40 OK
r-patched-solaris-x86 2013.9-1 30.90 OK
r-release-linux-x86_64 2013.9-1 0.52 10.30 10.81 OK
r-release-osx-x86_64-mavericks 2013.9-1 OK
r-release-windows-ix86+x86_64 2013.9-1 2.00 18.00 20.00 OK
r-oldrel-windows-ix86+x86_64 2013.9-1 3.00 19.00 22.00 OK

Check Details

Version: 2013.9-1
Check: R code for possible problems
Result: NOTE
    random.number.test: no visible global function definition for ‘runif’
    random.number.test: no visible global function definition for ‘rnorm’
    setRNG: no visible global function definition for ‘runif’
    Undefined global functions or variables:
     rnorm runif
Flavors: r-devel-linux-x86_64-debian-clang, r-devel-linux-x86_64-debian-gcc, r-devel-linux-x86_64-fedora-clang, r-devel-linux-x86_64-fedora-gcc