CRAN Package Check Results for Package setRNG

Last updated on 2014-09-21 00:46:53.

Flavor Version Tinstall Tcheck Ttotal Status Flags
r-devel-linux-x86_64-debian-clang 2011.11-2 0.53 10.08 10.61 NOTE
r-devel-linux-x86_64-debian-gcc 2011.11-2 0.51 9.70 10.21 NOTE
r-devel-linux-x86_64-fedora-clang 2011.11-2 20.65 NOTE
r-devel-linux-x86_64-fedora-gcc 2011.11-2 19.03 NOTE
r-devel-osx-x86_64-clang 2011.11-2 26.79 OK
r-devel-windows-ix86+x86_64 2011.11-2 2.00 18.00 20.00 OK
r-patched-linux-x86_64 2011.11-2 0.54 10.26 10.80 NOTE
r-patched-solaris-sparc 2011.11-2 116.60 OK
r-patched-solaris-x86 2011.11-2 30.70 OK
r-release-linux-ix86 2011.11-2 0.87 17.07 17.94 OK
r-release-linux-x86_64 2011.11-2 0.75 10.46 11.21 NOTE
r-release-osx-x86_64-mavericks 2011.11-2 OK
r-release-windows-ix86+x86_64 2011.11-2 3.00 23.00 26.00 OK
r-oldrel-windows-ix86+x86_64 2011.11-2 2.00 18.00 20.00 OK

Check Details

Version: 2011.11-2
Check: top-level files
Result: NOTE
    Non-standard file/directory found at top level:
     ā€˜Sā€™
Flavors: r-devel-linux-x86_64-debian-clang, r-devel-linux-x86_64-debian-gcc, r-devel-linux-x86_64-fedora-clang, r-devel-linux-x86_64-fedora-gcc, r-patched-linux-x86_64, r-release-linux-x86_64