CRAN Package Check Results for Package setter

Last updated on 2023-06-07 22:02:55 CEST.

Flavor Version Tinstall Tcheck Ttotal Status Flags
r-devel-linux-x86_64-debian-clang 0.0-1 2.00 23.69 25.69 NOTE
r-devel-linux-x86_64-debian-gcc 0.0-1 1.69 19.09 20.78 NOTE
r-devel-linux-x86_64-fedora-clang 0.0-1 32.76 NOTE
r-devel-linux-x86_64-fedora-gcc 0.0-1 31.12 NOTE
r-devel-windows-x86_64 0.0-1 2.00 41.00 43.00 NOTE
r-patched-linux-x86_64 0.0-1 2.19 22.79 24.98 NOTE
r-release-linux-x86_64 0.0-1 1.69 23.09 24.78 NOTE
r-release-macos-arm64 0.0-1 17.00 NOTE
r-release-macos-x86_64 0.0-1 21.00 NOTE
r-release-windows-x86_64 0.0-1 2.00 40.00 42.00 NOTE
r-oldrel-macos-arm64 0.0-1 17.00 NOTE
r-oldrel-macos-x86_64 0.0-1 20.00 NOTE
r-oldrel-windows-x86_64 0.0-1 3.00 42.00 45.00 NOTE

Check Details

Version: 0.0-1
Check: LazyData
Result: NOTE
     'LazyData' is specified without a 'data' directory
Flavors: r-devel-linux-x86_64-debian-clang, r-devel-linux-x86_64-debian-gcc, r-devel-linux-x86_64-fedora-clang, r-devel-linux-x86_64-fedora-gcc, r-devel-windows-x86_64, r-patched-linux-x86_64, r-release-linux-x86_64, r-release-macos-arm64, r-release-macos-x86_64, r-release-windows-x86_64, r-oldrel-macos-arm64, r-oldrel-macos-x86_64, r-oldrel-windows-x86_64