CRAN Package Check Results for Package sf

Last updated on 2020-08-09 07:47:28 CEST.

Flavor Version Tinstall Tcheck Ttotal Status Flags
r-devel-linux-x86_64-debian-clang 0.9-5 209.50 291.71 501.21 OK
r-devel-linux-x86_64-debian-gcc 0.9-5 157.70 213.69 371.39 OK
r-devel-linux-x86_64-fedora-clang 0.9-5 641.70 NOTE
r-devel-linux-x86_64-fedora-gcc 0.9-5 631.34 OK
r-devel-windows-ix86+x86_64 0.9-5 463.00 964.00 1427.00 NOTE
r-patched-linux-x86_64 0.9-5 173.74 281.92 455.66 OK
r-patched-solaris-x86 0.9-5 593.80 NOTE
r-release-linux-x86_64 0.9-5 165.64 279.17 444.81 OK
r-release-macos-x86_64 0.9-5 NOTE
r-release-windows-ix86+x86_64 0.9-5 557.00 965.00 1522.00 NOTE
r-oldrel-macos-x86_64 0.9-5 NOTE
r-oldrel-windows-ix86+x86_64 0.9-5 368.00 770.00 1138.00 NOTE

Additional issues

valgrind

Check Details

Version: 0.9-5
Check: installed package size
Result: NOTE
     installed size is 28.3Mb
     sub-directories of 1Mb or more:
     doc 13.2Mb
     libs 10.6Mb
     sqlite 1.5Mb
Flavors: r-devel-linux-x86_64-fedora-clang, r-devel-windows-ix86+x86_64, r-patched-solaris-x86, r-release-macos-x86_64, r-release-windows-ix86+x86_64, r-oldrel-macos-x86_64, r-oldrel-windows-ix86+x86_64

Version: 0.9-5
Check: package dependencies
Result: NOTE
    Package suggested but not available for checking: ‘RPostgres’
Flavor: r-patched-solaris-x86

Version: 0.9-5
Check: dependencies in R code
Result: NOTE
    Missing or unexported object: ‘s2::s2_simplify’
Flavor: r-release-macos-x86_64