CRAN Package Check Results for Package sfo

Last updated on 2021-04-11 01:50:00 CEST.

Flavor Version Tinstall Tcheck Ttotal Status Flags
r-devel-linux-x86_64-debian-clang 0.1.1 3.34 31.52 34.86 OK
r-devel-linux-x86_64-debian-gcc 0.1.1 2.49 25.22 27.71 OK
r-devel-linux-x86_64-fedora-clang 0.1.1 56.76 OK
r-devel-linux-x86_64-fedora-gcc 0.1.1 40.80 OK
r-devel-windows-ix86+x86_64 0.1.1 7.00 38.00 45.00 OK
r-devel-windows-x86_64-gcc10-UCRT 0.1.1 OK
r-patched-linux-x86_64 0.1.1 3.04 30.87 33.91 OK
r-patched-solaris-x86 0.1.1 64.80 WARN
r-release-linux-x86_64 0.1.1 2.76 31.01 33.77 OK
r-release-macos-x86_64 0.1.1 WARN
r-release-windows-ix86+x86_64 0.1.1 5.00 56.00 61.00 OK
r-oldrel-macos-x86_64 0.1.1 WARN
r-oldrel-windows-ix86+x86_64 0.1.1 6.00 40.00 46.00 OK

Check Details

Version: 0.1.1
Check: re-building of vignette outputs
Result: WARN
    Error(s) in re-building vignettes:
     ...
    --- re-building ‘v1_intro.Rmd’ using rmarkdown
    Warning in engine$weave(file, quiet = quiet, encoding = enc) :
     Pandoc (>= 1.12.3) and/or pandoc-citeproc not available. Falling back to R Markdown v1.
    --- finished re-building ‘v1_intro.Rmd’
    
    --- re-building ‘v3_analyzing_landing.Rmd’ using rmarkdown
    Warning in engine$weave(file, quiet = quiet, encoding = enc) :
     Pandoc (>= 1.12.3) and/or pandoc-citeproc not available. Falling back to R Markdown v1.
    
    Attaching package: 'dplyr'
    
    The following objects are masked from 'package:stats':
    
     filter, lag
    
    The following objects are masked from 'package:base':
    
     intersect, setdiff, setequal, union
    
    Loading required package: ggplot2
    
    Attaching package: 'plotly'
    
    The following object is masked from 'package:ggplot2':
    
     last_plot
    
    The following object is masked from 'package:stats':
    
     filter
    
    The following object is masked from 'package:graphics':
    
     layout
    
    Quitting from lines 61-70 (v3_analyzing_landing.Rmd)
    Error: processing vignette 'v3_analyzing_landing.Rmd' failed with diagnostics:
    there is no package called 'webshot'
    --- failed re-building ‘v3_analyzing_landing.Rmd’
    
    SUMMARY: processing the following file failed:
     ‘v3_analyzing_landing.Rmd’
    
    Error: Vignette re-building failed.
    Execution halted
Flavor: r-patched-solaris-x86

Version: 0.1.1
Check: re-building of vignette outputs
Result: WARN
    Error(s) in re-building vignettes:
    --- re-building ‘v1_intro.Rmd’ using rmarkdown
    Warning in engine$weave(file, quiet = quiet, encoding = enc) :
     Pandoc (>= 1.12.3) and/or pandoc-citeproc not available. Falling back to R Markdown v1.
    --- finished re-building ‘v1_intro.Rmd’
    
    --- re-building ‘v3_analyzing_landing.Rmd’ using rmarkdown
    Warning in engine$weave(file, quiet = quiet, encoding = enc) :
     Pandoc (>= 1.12.3) and/or pandoc-citeproc not available. Falling back to R Markdown v1.
    
    Attaching package: 'dplyr'
    
    The following objects are masked from 'package:stats':
    
     filter, lag
    
    The following objects are masked from 'package:base':
    
     intersect, setdiff, setequal, union
    
    Loading required package: ggplot2
    
    Attaching package: 'plotly'
    
    The following object is masked from 'package:ggplot2':
    
     last_plot
    
    The following object is masked from 'package:stats':
    
     filter
    
    The following object is masked from 'package:graphics':
    
     layout
    
    PhantomJS not found. You can install it with webshot::install_phantomjs(). If it is installed, please make sure the phantomjs executable can be found via the PATH variable.
    Quitting from lines 61-70 (v3_analyzing_landing.Rmd)
    Error: processing vignette 'v3_analyzing_landing.Rmd' failed with diagnostics:
    invalid 'path' argument
    --- failed re-building ‘v3_analyzing_landing.Rmd’
    
    SUMMARY: processing the following file failed:
     ‘v3_analyzing_landing.Rmd’
    
    Error: Vignette re-building failed.
    Execution halted
Flavors: r-release-macos-x86_64, r-oldrel-macos-x86_64