CRAN Package Check Results for Package sfsmisc

Last updated on 2015-07-29 12:47:40.

Flavor Version Tinstall Tcheck Ttotal Status Flags
r-devel-linux-x86_64-debian-clang 1.0-27 1.55 30.44 31.98 NOTE
r-devel-linux-x86_64-debian-gcc 1.0-27 1.54 30.50 32.04 NOTE
r-devel-linux-x86_64-fedora-clang 1.0-27 59.87 NOTE
r-devel-linux-x86_64-fedora-gcc 1.0-27 58.09 NOTE
r-devel-osx-x86_64-clang 1.0-27 49.94 NOTE
r-devel-windows-ix86+x86_64 1.0-27 7.00 51.00 58.00 NOTE
r-patched-linux-x86_64 1.0-27 1.51 29.75 31.26 NOTE
r-patched-solaris-sparc 1.0-27 386.00 NOTE
r-patched-solaris-x86 1.0-27 79.10 NOTE
r-release-linux-x86_64 1.0-27 1.53 30.49 32.02 NOTE
r-release-osx-x86_64-mavericks 1.0-27 NOTE
r-release-windows-ix86+x86_64 1.0-27 11.00 55.00 66.00 NOTE
r-oldrel-windows-ix86+x86_64 1.0-27 9.00 80.00 89.00 NOTE

Check Details

Version: 1.0-27
Check: S3 generic/method consistency
Result: NOTE
    Found the following apparent S3 methods exported but not registered:
     hist.bxp
    See section ‘Registering S3 methods’ in the ‘Writing R Extensions’
    manual.
Flavors: r-devel-linux-x86_64-debian-clang, r-devel-linux-x86_64-debian-gcc, r-devel-linux-x86_64-fedora-clang, r-devel-linux-x86_64-fedora-gcc, r-devel-osx-x86_64-clang, r-patched-linux-x86_64, r-patched-solaris-sparc, r-patched-solaris-x86, r-release-linux-x86_64

Version: 1.0-27
Check: R code for possible problems
Result: NOTE
    D1D2: no visible global function definition for ‘smooth.spline’
    D1D2: no visible global function definition for ‘predict’
    D1ss: no visible global function definition for ‘smooth.spline’
    D1ss: no visible global function definition for ‘predict’
    D2ss: no visible global function definition for ‘smooth.spline’
    D2ss: no visible global function definition for ‘predict’
    Duplicated: no visible global function definition for ‘na.omit’
    KSd: no visible global function definition for ‘splinefun’
    TA.plot: no visible global function definition for ‘fitted’
    TA.plot: no visible global function definition for ‘residuals’
    TA.plot: no visible global function definition for ‘mad’
    TA.plot: no visible global function definition for ‘mtext’
    TA.plot: no visible global function definition for ‘par’
    TA.plot: no visible global function definition for ‘lowess’
    axTexpr: no visible global function definition for ‘axTicks’
    capture.and.write: no visible global function definition for ‘tail’
    compresid2way: no visible global function definition for ‘formula’
    compresid2way: no visible global function definition for ‘model.frame’
    compresid2way: no visible global function definition for ‘dummy.coef’
    compresid2way: no visible global function definition for ‘resid’
    compresid2way: no visible global function definition for ‘plot’
    compresid2way: no visible global function definition for ‘mtext’
    compresid2way: no visible global function definition for ‘par’
    compresid2way: no visible global function definition for ‘segments’
    compresid2way: no visible global function definition for ‘points’
    compresid2way: no visible global function definition for ‘text’
    cum.Vert.funkt: no visible global function definition for ‘par’
    cum.Vert.funkt: no visible global function definition for ‘axis’
    cum.Vert.funkt: no visible global function definition for ‘mtext’
    cum.Vert.funkt: no visible global function definition for ‘abline’
    dev.latex: no visible global function definition for ‘par’
    diagDA: no visible global function definition for ‘na.exclude’
    diagDA: no visible global function definition for ‘napredict’
    eaxis: no visible global function definition for ‘axTicks’
    eaxis: no visible global function definition for ‘par’
    eaxis: no visible global function definition for ‘quantile’
    eaxis: no visible global function definition for ‘axis’
    eaxis: no visible global function definition for ‘median’
    eaxis: no visible binding for global variable ‘axis’
    ecdf.ksCI: no visible global function definition for ‘ecdf’
    ecdf.ksCI: no visible global function definition for ‘stepfun’
    ecdf.ksCI: no visible global function definition for ‘plot’
    errbar: no visible global function definition for ‘plot’
    errbar: no visible global function definition for ‘par’
    errbar: no visible global function definition for ‘segments’
    f.robftest: no visible global function definition for ‘pf’
    hatMat : <anonymous>: no visible global function definition for
     ‘predict’
    hatMat : <anonymous>: no visible global function definition for
     ‘smooth.spline’
    histBxp: no visible global function definition for ‘hist’
    histBxp: no visible global function definition for ‘axis’
    histBxp: no visible global function definition for ‘abline’
    histBxp: no visible global function definition for ‘par’
    integrate.xy: no visible global function definition for ‘spline’
    integrate.xy: no visible global function definition for ‘approx’
    linesHyperb.lm: no visible global function definition for ‘residuals’
    linesHyperb.lm: no visible global function definition for ‘par’
    linesHyperb.lm: no visible global function definition for ‘predict’
    linesHyperb.lm: no visible global function definition for ‘qt’
    linesHyperb.lm: no visible global function definition for ‘abline’
    linesHyperb.lm: no visible global function definition for ‘lines’
    mpl: no visible global function definition for ‘matplot’
    mpl: no visible global function definition for ‘axis’
    mult.fig: no visible global function definition for ‘par’
    mult.fig: no visible global function definition for ‘n2mfrow’
    mult.fig: no visible global function definition for ‘frame’
    mult.fig: no visible global function definition for ‘plot.new’
    mult.fig: no visible global function definition for ‘mtext’
    n.plot: no visible global function definition for ‘par’
    n.plot: no visible global function definition for ‘xy.coords’
    n.plot: no visible global function definition for ‘plot’
    n.plot: no visible global function definition for ‘text’
    p.arrows: no visible global function definition for ‘par’
    p.arrows: no visible global function definition for ‘xyinch’
    p.arrows: no visible global function definition for ‘segments’
    p.arrows: no visible global function definition for ‘polygon’
    p.datum: no visible global function definition for ‘mtext’
    p.dchisq: no visible global function definition for ‘curve’
    p.dchisq: no visible global function definition for ‘dchisq’
    p.dchisq: no visible global function definition for ‘qchisq’
    p.dchisq: no visible global function definition for ‘abline’
    p.dgamma: no visible global function definition for ‘curve’
    p.dgamma: no visible global function definition for ‘dgamma’
    p.dgamma: no visible global function definition for ‘qgamma’
    p.dgamma: no visible global function definition for ‘abline’
    p.dnorm : f: no visible global function definition for ‘dnorm’
    p.dnorm: no visible global function definition for ‘curve’
    p.dnorm: no visible global function definition for ‘qnorm’
    p.dnorm: no visible global function definition for ‘abline’
    p.dnorm: no visible global function definition for ‘segments’
    p.dnorm: no visible global function definition for ‘arrows’
    p.dnorm: no visible global function definition for ‘text’
    p.hboxp: no visible global function definition for ‘par’
    p.hboxp: no visible global function definition for ‘boxplot’
    p.hboxp: no visible global function definition for ‘polygon’
    p.hboxp: no visible global function definition for ‘lines’
    p.m: no visible global function definition for ‘matplot’
    p.pllines: no visible global function definition for ‘plot’
    p.pllines: no visible global function definition for ‘lines’
    p.profileTraces: no visible global function definition for ‘par’
    p.profileTraces: no visible global function definition for ‘plot’
    p.profileTraces: no visible global function definition for ‘spline’
    p.profileTraces: no visible global function definition for ‘points’
    p.profileTraces: no visible global function definition for ‘mtext’
    p.profileTraces: no visible global function definition for ‘lines’
    p.profileTraces: no visible global function definition for ‘frame’
    p.res.2fact: no visible global function definition for ‘par’
    p.res.2fact: no visible global function definition for ‘plot’
    p.res.2fact: no visible global function definition for ‘abline’
    p.res.2fact: no visible global function definition for ‘points’
    p.res.2fact: no visible global function definition for ‘mtext’
    p.res.2x.default: no visible global function definition for ‘par’
    p.res.2x.default: no visible global function definition for ‘plot’
    p.res.2x.default: no visible global function definition for ‘segments’
    p.res.2x.default: no visible global function definition for ‘points’
    p.res.2x.formula: no visible global function definition for
     ‘as.formula’
    p.res.2x.formula: no visible global function definition for
     ‘update.formula’
    p.res.2x.formula: no visible global function definition for ‘residuals’
    p.res.2x.formula: no visible global function definition for ‘na.omit’
    p.res.2x.formula: no visible global function definition for
     ‘model.frame’
    p.scales: no visible global function definition for ‘par’
    p.tachoPlot: no visible global function definition for ‘par’
    p.tachoPlot: no visible global function definition for ‘plot’
    p.tachoPlot: no visible global function definition for ‘segments’
    p.tachoPlot: no visible global function definition for ‘lines’
    p.tachoPlot: no visible global function definition for ‘text’
    p.tachoPlot: no visible global function definition for ‘mtext’
    p.ts: no visible global function definition for ‘par’
    p.ts: no visible global function definition for ‘plot’
    p.ts: no visible global function definition for ‘axis.POSIXct’
    p.ts: no visible global function definition for ‘plot.ts’
    p.ts: no visible global function definition for ‘is.ts’
    p.ts: no visible global function definition for ‘as.ts’
    p.ts: no visible global function definition for ‘end’
    p.ts: no visible global function definition for ‘start’
    p.ts: no visible global function definition for ‘window’
    p.ts: no visible global function definition for ‘rug’
    pdf.do: no visible global function definition for ‘pdf’
    pdf.end: no visible global function definition for ‘dev.cur’
    pdf.end: no visible global function definition for ‘dev.off’
    plotDS: no visible global function definition for ‘xy.coords’
    plotDS: no visible global function definition for ‘plot’
    plotDS: no visible global function definition for ‘lines’
    plotDS: no visible global function definition for ‘segments’
    plotStep: no visible global function definition for ‘par’
    plotStep: no visible global function definition for ‘xy.coords’
    plotStep: no visible global function definition for ‘segments’
    plotStep: no visible global function definition for ‘plot’
    plotStep: no visible global function definition for ‘points’
    predict.dDA: no visible global function definition for ‘na.exclude’
    predict.dDA: no visible global function definition for ‘napredict’
    printTable2: no visible global function definition for ‘qchisq’
    printTable2: no visible global function definition for ‘pchisq’
    ps.do: no visible global function definition for ‘postscript’
    ps.end: no visible global function definition for ‘dev.cur’
    ps.end: no visible global function definition for ‘dev.off’
    quadrant: no visible global function definition for ‘xy.coords’
    rrange: no visible global function definition for ‘boxplot.stats’
    str_data: no visible global function definition for ‘data’
    str_data: no visible global function definition for ‘str’
    tkdensity: no visible global function definition for ‘var’
    tkdensity: no visible global function definition for ‘IQR’
    tkdensity: no visible global function definition for ‘tclVar’
    tkdensity : Tvar: no visible global function definition for ‘tclvalue’
    tkdensity : replot: no visible global function definition for
     ‘tclvalue’
    tkdensity : replot: no visible binding for '<<-' assignment to ‘._nbw’
    tkdensity : replot: no visible binding for '<<-' assignment to ‘._xZ’
    tkdensity : replot: no visible binding for '<<-' assignment to ‘._xM’
    tkdensity : replot: no visible global function definition for ‘rug’
    tkdensity : replot.maybe: no visible global function definition for
     ‘tclvalue’
    tkdensity: no visible global function definition for ‘tktoplevel’
    tkdensity: no visible global function definition for ‘tkwm.title’
    tkdensity: no visible global function definition for ‘tkframe’
    tkdensity: no visible global function definition for ‘tkpack’
    tkdensity: no visible global function definition for ‘tkbutton’
    tkdensity : <anonymous>: no visible global function definition for
     ‘par’
    tkdensity : <anonymous>: no visible global function definition for
     ‘tkdestroy’
    tkdensity: no visible global function definition for ‘tklabel’
    tkdensity: no visible global function definition for ‘tkscale’
    tkdensity: no visible global function definition for ‘tkradiobutton’
    tkdensity: no visible global function definition for ‘par’
    wrapFormula: no visible global function definition for ‘formula’
    wrapFormula: no visible global function definition for ‘terms’
    xy.unique.x: no visible global function definition for ‘time’
    Undefined global functions or variables:
     IQR abline approx arrows as.formula as.ts axTicks axis axis.POSIXct
     boxplot boxplot.stats curve data dchisq dev.cur dev.off dgamma dnorm
     dummy.coef ecdf end fitted formula frame hist is.ts lines lowess mad
     matplot median model.frame mtext n2mfrow na.exclude na.omit napredict
     par pchisq pdf pf plot plot.new plot.ts points polygon postscript
     predict qchisq qgamma qnorm qt quantile resid residuals rug segments
     smooth.spline spline splinefun start stepfun str tail tclVar tclvalue
     terms text time tkbutton tkdestroy tkframe tklabel tkpack
     tkradiobutton tkscale tktoplevel tkwm.title update.formula var window
     xy.coords xyinch
    Consider adding
     importFrom("grDevices", "boxplot.stats", "dev.cur", "dev.off",
     "n2mfrow", "pdf", "postscript", "xy.coords")
     importFrom("graphics", "abline", "arrows", "axTicks", "axis",
     "axis.POSIXct", "boxplot", "curve", "frame", "hist",
     "lines", "matplot", "mtext", "par", "plot", "plot.new",
     "points", "polygon", "rug", "segments", "text", "xyinch")
     importFrom("stats", "IQR", "approx", "as.formula", "as.ts", "dchisq",
     "dgamma", "dnorm", "dummy.coef", "ecdf", "end", "fitted",
     "formula", "is.ts", "lowess", "mad", "median",
     "model.frame", "na.exclude", "na.omit", "napredict",
     "pchisq", "pf", "plot.ts", "predict", "qchisq", "qgamma",
     "qnorm", "qt", "quantile", "resid", "residuals",
     "smooth.spline", "spline", "splinefun", "start", "stepfun",
     "terms", "time", "update.formula", "var", "window")
     importFrom("utils", "data", "str", "tail")
    to your NAMESPACE.
    
    Found the following calls to attach():
    File ‘sfsmisc/R/sourceAttach.R’:
     attach(ENV, pos = pos, name = name, warn.conflicts = warn.conflicts)
    See section ‘Good practice’ in ‘?attach’.
Flavors: r-devel-linux-x86_64-debian-clang, r-devel-linux-x86_64-debian-gcc

Version: 1.0-27
Check: R code for possible problems
Result: NOTE
    D1D2: no visible global function definition for ‘smooth.spline’
    D1D2: no visible global function definition for ‘predict’
    D1ss: no visible global function definition for ‘smooth.spline’
    D1ss: no visible global function definition for ‘predict’
    D2ss: no visible global function definition for ‘smooth.spline’
    D2ss: no visible global function definition for ‘predict’
    Duplicated: no visible global function definition for ‘na.omit’
    KSd: no visible global function definition for ‘splinefun’
    TA.plot: no visible global function definition for ‘fitted’
    TA.plot: no visible global function definition for ‘residuals’
    TA.plot: no visible global function definition for ‘mad’
    TA.plot: no visible global function definition for ‘mtext’
    TA.plot: no visible global function definition for ‘par’
    TA.plot: no visible global function definition for ‘lowess’
    axTexpr: no visible global function definition for ‘axTicks’
    capture.and.write: no visible global function definition for ‘tail’
    compresid2way: no visible global function definition for ‘formula’
    compresid2way: no visible global function definition for ‘model.frame’
    compresid2way: no visible global function definition for ‘dummy.coef’
    compresid2way: no visible global function definition for ‘resid’
    compresid2way: no visible global function definition for ‘plot’
    compresid2way: no visible global function definition for ‘mtext’
    compresid2way: no visible global function definition for ‘par’
    compresid2way: no visible global function definition for ‘segments’
    compresid2way: no visible global function definition for ‘points’
    compresid2way: no visible global function definition for ‘text’
    cum.Vert.funkt: no visible global function definition for ‘par’
    cum.Vert.funkt: no visible global function definition for ‘axis’
    cum.Vert.funkt: no visible global function definition for ‘mtext’
    cum.Vert.funkt: no visible global function definition for ‘abline’
    dev.latex: no visible global function definition for ‘par’
    diagDA: no visible global function definition for ‘na.exclude’
    diagDA: no visible global function definition for ‘napredict’
    eaxis: no visible global function definition for ‘axTicks’
    eaxis: no visible global function definition for ‘par’
    eaxis: no visible global function definition for ‘quantile’
    eaxis: no visible global function definition for ‘axis’
    eaxis: no visible global function definition for ‘median’
    eaxis: no visible binding for global variable ‘axis’
    ecdf.ksCI: no visible global function definition for ‘ecdf’
    ecdf.ksCI: no visible global function definition for ‘stepfun’
    ecdf.ksCI: no visible global function definition for ‘plot’
    errbar: no visible global function definition for ‘plot’
    errbar: no visible global function definition for ‘par’
    errbar: no visible global function definition for ‘segments’
    f.robftest: no visible global function definition for ‘pf’
    hatMat : <anonymous>: no visible global function definition for
     ‘predict’
    hatMat : <anonymous>: no visible global function definition for
     ‘smooth.spline’
    histBxp: no visible global function definition for ‘hist’
    histBxp: no visible global function definition for ‘axis’
    histBxp: no visible global function definition for ‘abline’
    histBxp: no visible global function definition for ‘par’
    integrate.xy: no visible global function definition for ‘spline’
    integrate.xy: no visible global function definition for ‘approx’
    linesHyperb.lm: no visible global function definition for ‘residuals’
    linesHyperb.lm: no visible global function definition for ‘par’
    linesHyperb.lm: no visible global function definition for ‘predict’
    linesHyperb.lm: no visible global function definition for ‘qt’
    linesHyperb.lm: no visible global function definition for ‘abline’
    linesHyperb.lm: no visible global function definition for ‘lines’
    mpl: no visible global function definition for ‘matplot’
    mpl: no visible global function definition for ‘axis’
    mult.fig: no visible global function definition for ‘par’
    mult.fig: no visible global function definition for ‘n2mfrow’
    mult.fig: no visible global function definition for ‘frame’
    mult.fig: no visible global function definition for ‘plot.new’
    mult.fig: no visible global function definition for ‘mtext’
    n.plot: no visible global function definition for ‘par’
    n.plot: no visible global function definition for ‘xy.coords’
    n.plot: no visible global function definition for ‘plot’
    n.plot: no visible global function definition for ‘text’
    p.arrows: no visible global function definition for ‘par’
    p.arrows: no visible global function definition for ‘xyinch’
    p.arrows: no visible global function definition for ‘segments’
    p.arrows: no visible global function definition for ‘polygon’
    p.datum: no visible global function definition for ‘mtext’
    p.dchisq: no visible global function definition for ‘curve’
    p.dchisq: no visible global function definition for ‘dchisq’
    p.dchisq: no visible global function definition for ‘qchisq’
    p.dchisq: no visible global function definition for ‘abline’
    p.dgamma: no visible global function definition for ‘curve’
    p.dgamma: no visible global function definition for ‘dgamma’
    p.dgamma: no visible global function definition for ‘qgamma’
    p.dgamma: no visible global function definition for ‘abline’
    p.dnorm : f: no visible global function definition for ‘dnorm’
    p.dnorm: no visible global function definition for ‘curve’
    p.dnorm: no visible global function definition for ‘qnorm’
    p.dnorm: no visible global function definition for ‘abline’
    p.dnorm: no visible global function definition for ‘segments’
    p.dnorm: no visible global function definition for ‘arrows’
    p.dnorm: no visible global function definition for ‘text’
    p.hboxp: no visible global function definition for ‘par’
    p.hboxp: no visible global function definition for ‘boxplot’
    p.hboxp: no visible global function definition for ‘polygon’
    p.hboxp: no visible global function definition for ‘lines’
    p.m: no visible global function definition for ‘matplot’
    p.pllines: no visible global function definition for ‘plot’
    p.pllines: no visible global function definition for ‘lines’
    p.profileTraces: no visible global function definition for ‘par’
    p.profileTraces: no visible global function definition for ‘plot’
    p.profileTraces: no visible global function definition for ‘spline’
    p.profileTraces: no visible global function definition for ‘points’
    p.profileTraces: no visible global function definition for ‘mtext’
    p.profileTraces: no visible global function definition for ‘lines’
    p.profileTraces: no visible global function definition for ‘frame’
    p.res.2fact: no visible global function definition for ‘par’
    p.res.2fact: no visible global function definition for ‘plot’
    p.res.2fact: no visible global function definition for ‘abline’
    p.res.2fact: no visible global function definition for ‘points’
    p.res.2fact: no visible global function definition for ‘mtext’
    p.res.2x.default: no visible global function definition for ‘par’
    p.res.2x.default: no visible global function definition for ‘plot’
    p.res.2x.default: no visible global function definition for ‘segments’
    p.res.2x.default: no visible global function definition for ‘points’
    p.res.2x.formula: no visible global function definition for
     ‘as.formula’
    p.res.2x.formula: no visible global function definition for
     ‘update.formula’
    p.res.2x.formula: no visible global function definition for ‘residuals’
    p.res.2x.formula: no visible global function definition for ‘na.omit’
    p.res.2x.formula: no visible global function definition for
     ‘model.frame’
    p.scales: no visible global function definition for ‘par’
    p.tachoPlot: no visible global function definition for ‘par’
    p.tachoPlot: no visible global function definition for ‘plot’
    p.tachoPlot: no visible global function definition for ‘segments’
    p.tachoPlot: no visible global function definition for ‘lines’
    p.tachoPlot: no visible global function definition for ‘text’
    p.tachoPlot: no visible global function definition for ‘mtext’
    p.ts: no visible global function definition for ‘par’
    p.ts: no visible global function definition for ‘plot’
    p.ts: no visible global function definition for ‘axis.POSIXct’
    p.ts: no visible global function definition for ‘plot.ts’
    p.ts: no visible global function definition for ‘is.ts’
    p.ts: no visible global function definition for ‘as.ts’
    p.ts: no visible global function definition for ‘end’
    p.ts: no visible global function definition for ‘start’
    p.ts: no visible global function definition for ‘window’
    p.ts: no visible global function definition for ‘rug’
    pdf.do: no visible global function definition for ‘pdf’
    pdf.end: no visible global function definition for ‘dev.cur’
    pdf.end: no visible global function definition for ‘dev.off’
    plotDS: no visible global function definition for ‘xy.coords’
    plotDS: no visible global function definition for ‘plot’
    plotDS: no visible global function definition for ‘lines’
    plotDS: no visible global function definition for ‘segments’
    plotStep: no visible global function definition for ‘par’
    plotStep: no visible global function definition for ‘xy.coords’
    plotStep: no visible global function definition for ‘segments’
    plotStep: no visible global function definition for ‘plot’
    plotStep: no visible global function definition for ‘points’
    predict.dDA: no visible global function definition for ‘na.exclude’
    predict.dDA: no visible global function definition for ‘napredict’
    printTable2: no visible global function definition for ‘qchisq’
    printTable2: no visible global function definition for ‘pchisq’
    ps.do: no visible global function definition for ‘postscript’
    ps.end: no visible global function definition for ‘dev.cur’
    ps.end: no visible global function definition for ‘dev.off’
    quadrant: no visible global function definition for ‘xy.coords’
    rrange: no visible global function definition for ‘boxplot.stats’
    str_data: no visible global function definition for ‘data’
    str_data: no visible global function definition for ‘str’
    tkdensity: no visible global function definition for ‘var’
    tkdensity: no visible global function definition for ‘IQR’
    tkdensity: no visible global function definition for ‘tclVar’
    tkdensity : Tvar: no visible global function definition for ‘tclvalue’
    tkdensity : replot: no visible global function definition for
     ‘tclvalue’
    tkdensity : replot: no visible binding for '<<-' assignment to ‘._nbw’
    tkdensity : replot: no visible binding for '<<-' assignment to ‘._xZ’
    tkdensity : replot: no visible binding for '<<-' assignment to ‘._xM’
    tkdensity : replot: no visible global function definition for ‘rug’
    tkdensity : replot.maybe: no visible global function definition for
     ‘tclvalue’
    tkdensity: no visible global function definition for ‘tktoplevel’
    tkdensity: no visible global function definition for ‘tkwm.title’
    tkdensity: no visible global function definition for ‘tkframe’
    tkdensity: no visible global function definition for ‘tkpack’
    tkdensity: no visible global function definition for ‘tkbutton’
    tkdensity : <anonymous>: no visible global function definition for
     ‘par’
    tkdensity : <anonymous>: no visible global function definition for
     ‘tkdestroy’
    tkdensity: no visible global function definition for ‘tklabel’
    tkdensity: no visible global function definition for ‘tkscale’
    tkdensity: no visible global function definition for ‘tkradiobutton’
    tkdensity: no visible global function definition for ‘par’
    wrapFormula: no visible global function definition for ‘formula’
    wrapFormula: no visible global function definition for ‘terms’
    xy.unique.x: no visible global function definition for ‘time’
    Undefined global functions or variables:
     IQR abline approx arrows as.formula as.ts axTicks axis axis.POSIXct
     boxplot boxplot.stats curve data dchisq dev.cur dev.off dgamma dnorm
     dummy.coef ecdf end fitted formula frame hist is.ts lines lowess mad
     matplot median model.frame mtext n2mfrow na.exclude na.omit napredict
     par pchisq pdf pf plot plot.new plot.ts points polygon postscript
     predict qchisq qgamma qnorm qt quantile resid residuals rug segments
     smooth.spline spline splinefun start stepfun str tail tclVar tclvalue
     terms text time tkbutton tkdestroy tkframe tklabel tkpack
     tkradiobutton tkscale tktoplevel tkwm.title update.formula var window
     xy.coords xyinch
    Consider adding
     importFrom("grDevices", "boxplot.stats", "dev.cur", "dev.off",
     "n2mfrow", "pdf", "postscript", "xy.coords")
     importFrom("graphics", "abline", "arrows", "axTicks", "axis",
     "axis.POSIXct", "boxplot", "curve", "frame", "hist",
     "lines", "matplot", "mtext", "par", "plot", "plot.new",
     "points", "polygon", "rug", "segments", "text", "xyinch")
     importFrom("stats", "IQR", "approx", "as.formula", "as.ts", "dchisq",
     "dgamma", "dnorm", "dummy.coef", "ecdf", "end", "fitted",
     "formula", "is.ts", "lowess", "mad", "median",
     "model.frame", "na.exclude", "na.omit", "napredict",
     "pchisq", "pf", "plot.ts", "predict", "qchisq", "qgamma",
     "qnorm", "qt", "quantile", "resid", "residuals",
     "smooth.spline", "spline", "splinefun", "start", "stepfun",
     "terms", "time", "update.formula", "var", "window")
     importFrom("utils", "data", "str", "tail")
    to your NAMESPACE.
Flavors: r-devel-linux-x86_64-fedora-clang, r-devel-linux-x86_64-fedora-gcc

Version: 1.0-27
Check: R code for possible problems
Result: NOTE
    tkdensity: no visible global function definition for ‘tclVar’
    tkdensity : Tvar: no visible global function definition for ‘tclvalue’
    tkdensity : replot: no visible global function definition for
     ‘tclvalue’
    tkdensity : replot: no visible binding for '<<-' assignment to ‘._nbw’
    tkdensity : replot: no visible binding for '<<-' assignment to ‘._xZ’
    tkdensity : replot: no visible binding for '<<-' assignment to ‘._xM’
    tkdensity : replot.maybe: no visible global function definition for
     ‘tclvalue’
    tkdensity: no visible global function definition for ‘tktoplevel’
    tkdensity: no visible global function definition for ‘tkwm.title’
    tkdensity: no visible global function definition for ‘tkframe’
    tkdensity: no visible global function definition for ‘tkpack’
    tkdensity: no visible global function definition for ‘tkbutton’
    tkdensity : <anonymous>: no visible global function definition for
     ‘tkdestroy’
    tkdensity: no visible global function definition for ‘tklabel’
    tkdensity: no visible global function definition for ‘tkscale’
    tkdensity: no visible global function definition for ‘tkradiobutton’
    Undefined global functions or variables:
     tclVar tclvalue tkbutton tkdestroy tkframe tklabel tkpack
     tkradiobutton tkscale tktoplevel tkwm.title
Flavor: r-devel-osx-x86_64-clang

Version: 1.0-27
Check: R code for possible problems
Result: NOTE
    D1D2: no visible global function definition for 'smooth.spline'
    D1D2: no visible global function definition for 'predict'
    D1ss: no visible global function definition for 'smooth.spline'
    D1ss: no visible global function definition for 'predict'
    D2ss: no visible global function definition for 'smooth.spline'
    D2ss: no visible global function definition for 'predict'
    Duplicated: no visible global function definition for 'na.omit'
    KSd: no visible global function definition for 'splinefun'
    TA.plot: no visible global function definition for 'fitted'
    TA.plot: no visible global function definition for 'residuals'
    TA.plot: no visible global function definition for 'mad'
    TA.plot: no visible global function definition for 'mtext'
    TA.plot: no visible global function definition for 'par'
    TA.plot: no visible global function definition for 'lowess'
    axTexpr: no visible global function definition for 'axTicks'
    capture.and.write: no visible global function definition for 'tail'
    compresid2way: no visible global function definition for 'formula'
    compresid2way: no visible global function definition for 'model.frame'
    compresid2way: no visible global function definition for 'dummy.coef'
    compresid2way: no visible global function definition for 'resid'
    compresid2way: no visible global function definition for 'plot'
    compresid2way: no visible global function definition for 'mtext'
    compresid2way: no visible global function definition for 'par'
    compresid2way: no visible global function definition for 'segments'
    compresid2way: no visible global function definition for 'points'
    compresid2way: no visible global function definition for 'text'
    cum.Vert.funkt: no visible global function definition for 'par'
    cum.Vert.funkt: no visible global function definition for 'axis'
    cum.Vert.funkt: no visible global function definition for 'mtext'
    cum.Vert.funkt: no visible global function definition for 'abline'
    dev.latex: no visible global function definition for 'par'
    diagDA: no visible global function definition for 'na.exclude'
    diagDA: no visible global function definition for 'napredict'
    eaxis: no visible global function definition for 'axTicks'
    eaxis: no visible global function definition for 'par'
    eaxis: no visible global function definition for 'quantile'
    eaxis: no visible global function definition for 'axis'
    eaxis: no visible global function definition for 'median'
    eaxis: no visible binding for global variable 'axis'
    ecdf.ksCI: no visible global function definition for 'ecdf'
    ecdf.ksCI: no visible global function definition for 'stepfun'
    ecdf.ksCI: no visible global function definition for 'plot'
    errbar: no visible global function definition for 'plot'
    errbar: no visible global function definition for 'par'
    errbar: no visible global function definition for 'segments'
    f.robftest: no visible global function definition for 'pf'
    hatMat : <anonymous>: no visible global function definition for
     'predict'
    hatMat : <anonymous>: no visible global function definition for
     'smooth.spline'
    histBxp: no visible global function definition for 'hist'
    histBxp: no visible global function definition for 'axis'
    histBxp: no visible global function definition for 'abline'
    histBxp: no visible global function definition for 'par'
    integrate.xy: no visible global function definition for 'spline'
    integrate.xy: no visible global function definition for 'approx'
    linesHyperb.lm: no visible global function definition for 'residuals'
    linesHyperb.lm: no visible global function definition for 'par'
    linesHyperb.lm: no visible global function definition for 'predict'
    linesHyperb.lm: no visible global function definition for 'qt'
    linesHyperb.lm: no visible global function definition for 'abline'
    linesHyperb.lm: no visible global function definition for 'lines'
    mpl: no visible global function definition for 'matplot'
    mpl: no visible global function definition for 'axis'
    mult.fig: no visible global function definition for 'par'
    mult.fig: no visible global function definition for 'n2mfrow'
    mult.fig: no visible global function definition for 'frame'
    mult.fig: no visible global function definition for 'plot.new'
    mult.fig: no visible global function definition for 'mtext'
    n.plot: no visible global function definition for 'par'
    n.plot: no visible global function definition for 'xy.coords'
    n.plot: no visible global function definition for 'plot'
    n.plot: no visible global function definition for 'text'
    p.arrows: no visible global function definition for 'par'
    p.arrows: no visible global function definition for 'xyinch'
    p.arrows: no visible global function definition for 'segments'
    p.arrows: no visible global function definition for 'polygon'
    p.datum: no visible global function definition for 'mtext'
    p.dchisq: no visible global function definition for 'curve'
    p.dchisq: no visible global function definition for 'dchisq'
    p.dchisq: no visible global function definition for 'qchisq'
    p.dchisq: no visible global function definition for 'abline'
    p.dgamma: no visible global function definition for 'curve'
    p.dgamma: no visible global function definition for 'dgamma'
    p.dgamma: no visible global function definition for 'qgamma'
    p.dgamma: no visible global function definition for 'abline'
    p.dnorm : f: no visible global function definition for 'dnorm'
    p.dnorm: no visible global function definition for 'curve'
    p.dnorm: no visible global function definition for 'qnorm'
    p.dnorm: no visible global function definition for 'abline'
    p.dnorm: no visible global function definition for 'segments'
    p.dnorm: no visible global function definition for 'arrows'
    p.dnorm: no visible global function definition for 'text'
    p.hboxp: no visible global function definition for 'par'
    p.hboxp: no visible global function definition for 'boxplot'
    p.hboxp: no visible global function definition for 'polygon'
    p.hboxp: no visible global function definition for 'lines'
    p.m: no visible global function definition for 'matplot'
    p.pllines: no visible global function definition for 'plot'
    p.pllines: no visible global function definition for 'lines'
    p.profileTraces: no visible global function definition for 'par'
    p.profileTraces: no visible global function definition for 'plot'
    p.profileTraces: no visible global function definition for 'spline'
    p.profileTraces: no visible global function definition for 'points'
    p.profileTraces: no visible global function definition for 'mtext'
    p.profileTraces: no visible global function definition for 'lines'
    p.profileTraces: no visible global function definition for 'frame'
    p.res.2fact: no visible global function definition for 'par'
    p.res.2fact: no visible global function definition for 'plot'
    p.res.2fact: no visible global function definition for 'abline'
    p.res.2fact: no visible global function definition for 'points'
    p.res.2fact: no visible global function definition for 'mtext'
    p.res.2x.default: no visible global function definition for 'par'
    p.res.2x.default: no visible global function definition for 'plot'
    p.res.2x.default: no visible global function definition for 'segments'
    p.res.2x.default: no visible global function definition for 'points'
    p.res.2x.formula: no visible global function definition for
     'as.formula'
    p.res.2x.formula: no visible global function definition for
     'update.formula'
    p.res.2x.formula: no visible global function definition for 'residuals'
    p.res.2x.formula: no visible global function definition for 'na.omit'
    p.res.2x.formula: no visible global function definition for
     'model.frame'
    p.scales: no visible global function definition for 'par'
    p.tachoPlot: no visible global function definition for 'par'
    p.tachoPlot: no visible global function definition for 'plot'
    p.tachoPlot: no visible global function definition for 'segments'
    p.tachoPlot: no visible global function definition for 'lines'
    p.tachoPlot: no visible global function definition for 'text'
    p.tachoPlot: no visible global function definition for 'mtext'
    p.ts: no visible global function definition for 'par'
    p.ts: no visible global function definition for 'plot'
    p.ts: no visible global function definition for 'axis.POSIXct'
    p.ts: no visible global function definition for 'plot.ts'
    p.ts: no visible global function definition for 'is.ts'
    p.ts: no visible global function definition for 'as.ts'
    p.ts: no visible global function definition for 'end'
    p.ts: no visible global function definition for 'start'
    p.ts: no visible global function definition for 'window'
    p.ts: no visible global function definition for 'rug'
    pdf.do: no visible global function definition for 'pdf'
    pdf.end: no visible global function definition for 'dev.cur'
    pdf.end: no visible global function definition for 'dev.off'
    pdf.end: no visible global function definition for 'Sys.ps.cmd'
    plotDS: no visible global function definition for 'xy.coords'
    plotDS: no visible global function definition for 'plot'
    plotDS: no visible global function definition for 'lines'
    plotDS: no visible global function definition for 'segments'
    plotStep: no visible global function definition for 'par'
    plotStep: no visible global function definition for 'xy.coords'
    plotStep: no visible global function definition for 'segments'
    plotStep: no visible global function definition for 'plot'
    plotStep: no visible global function definition for 'points'
    predict.dDA: no visible global function definition for 'na.exclude'
    predict.dDA: no visible global function definition for 'napredict'
    printTable2: no visible global function definition for 'qchisq'
    printTable2: no visible global function definition for 'pchisq'
    ps.do: no visible global function definition for 'postscript'
    ps.end: no visible global function definition for 'dev.cur'
    ps.end: no visible global function definition for 'dev.off'
    ps.end: no visible global function definition for 'Sys.ps.cmd'
    quadrant: no visible global function definition for 'xy.coords'
    rrange: no visible global function definition for 'boxplot.stats'
    str_data: no visible global function definition for 'data'
    str_data: no visible global function definition for 'str'
    tkdensity: no visible global function definition for 'var'
    tkdensity: no visible global function definition for 'IQR'
    tkdensity: no visible global function definition for 'tclVar'
    tkdensity : Tvar: no visible global function definition for 'tclvalue'
    tkdensity : replot: no visible global function definition for
     'tclvalue'
    tkdensity : replot: no visible binding for '<<-' assignment to '._nbw'
    tkdensity : replot: no visible binding for '<<-' assignment to '._xZ'
    tkdensity : replot: no visible binding for '<<-' assignment to '._xM'
    tkdensity : replot: no visible global function definition for 'rug'
    tkdensity : replot.maybe: no visible global function definition for
     'tclvalue'
    tkdensity: no visible global function definition for 'tktoplevel'
    tkdensity: no visible global function definition for 'tkwm.title'
    tkdensity: no visible global function definition for 'tkframe'
    tkdensity: no visible global function definition for 'tkpack'
    tkdensity: no visible global function definition for 'tkbutton'
    tkdensity : <anonymous>: no visible global function definition for
     'par'
    tkdensity : <anonymous>: no visible global function definition for
     'tkdestroy'
    tkdensity: no visible global function definition for 'tklabel'
    tkdensity: no visible global function definition for 'tkscale'
    tkdensity: no visible global function definition for 'tkradiobutton'
    tkdensity: no visible global function definition for 'par'
    wrapFormula: no visible global function definition for 'formula'
    wrapFormula: no visible global function definition for 'terms'
    xy.unique.x: no visible global function definition for 'time'
    Undefined global functions or variables:
     IQR Sys.ps.cmd abline approx arrows as.formula as.ts axTicks axis
     axis.POSIXct boxplot boxplot.stats curve data dchisq dev.cur dev.off
     dgamma dnorm dummy.coef ecdf end fitted formula frame hist is.ts
     lines lowess mad matplot median model.frame mtext n2mfrow na.exclude
     na.omit napredict par pchisq pdf pf plot plot.new plot.ts points
     polygon postscript predict qchisq qgamma qnorm qt quantile resid
     residuals rug segments smooth.spline spline splinefun start stepfun
     str tail tclVar tclvalue terms text time tkbutton tkdestroy tkframe
     tklabel tkpack tkradiobutton tkscale tktoplevel tkwm.title
     update.formula var window xy.coords xyinch
    Consider adding
     importFrom("grDevices", "boxplot.stats", "dev.cur", "dev.off",
     "n2mfrow", "pdf", "postscript", "xy.coords")
     importFrom("graphics", "abline", "arrows", "axTicks", "axis",
     "axis.POSIXct", "boxplot", "curve", "frame", "hist",
     "lines", "matplot", "mtext", "par", "plot", "plot.new",
     "points", "polygon", "rug", "segments", "text", "xyinch")
     importFrom("stats", "IQR", "approx", "as.formula", "as.ts", "dchisq",
     "dgamma", "dnorm", "dummy.coef", "ecdf", "end", "fitted",
     "formula", "is.ts", "lowess", "mad", "median",
     "model.frame", "na.exclude", "na.omit", "napredict",
     "pchisq", "pf", "plot.ts", "predict", "qchisq", "qgamma",
     "qnorm", "qt", "quantile", "resid", "residuals",
     "smooth.spline", "spline", "splinefun", "start", "stepfun",
     "terms", "time", "update.formula", "var", "window")
     importFrom("utils", "data", "str", "tail")
    to your NAMESPACE.
Flavor: r-devel-windows-ix86+x86_64

Version: 1.0-27
Check: R code for possible problems
Result: NOTE
    tkdensity: no visible global function definition for ‘tclVar’
    tkdensity : Tvar: no visible global function definition for ‘tclvalue’
    tkdensity : replot: no visible global function definition for
     ‘tclvalue’
    tkdensity : replot: no visible binding for '<<-' assignment to ‘._nbw’
    tkdensity : replot: no visible binding for '<<-' assignment to ‘._xZ’
    tkdensity : replot: no visible binding for '<<-' assignment to ‘._xM’
    tkdensity : replot.maybe: no visible global function definition for
     ‘tclvalue’
    tkdensity: no visible global function definition for ‘tktoplevel’
    tkdensity: no visible global function definition for ‘tkwm.title’
    tkdensity: no visible global function definition for ‘tkframe’
    tkdensity: no visible global function definition for ‘tkpack’
    tkdensity: no visible global function definition for ‘tkbutton’
    tkdensity : <anonymous>: no visible global function definition for
     ‘tkdestroy’
    tkdensity: no visible global function definition for ‘tklabel’
    tkdensity: no visible global function definition for ‘tkscale’
    tkdensity: no visible global function definition for ‘tkradiobutton’
    
    Found the following calls to attach():
    File ‘sfsmisc/R/sourceAttach.R’:
     attach(ENV, pos = pos, name = name, warn.conflicts = warn.conflicts)
    See section ‘Good practice’ in ‘?attach’.
Flavors: r-patched-linux-x86_64, r-release-linux-x86_64

Version: 1.0-27
Check: R code for possible problems
Result: NOTE
    tkdensity: no visible global function definition for ‘tclVar’
    tkdensity : Tvar: no visible global function definition for ‘tclvalue’
    tkdensity : replot: no visible global function definition for
     ‘tclvalue’
    tkdensity : replot: no visible binding for '<<-' assignment to ‘._nbw’
    tkdensity : replot: no visible binding for '<<-' assignment to ‘._xZ’
    tkdensity : replot: no visible binding for '<<-' assignment to ‘._xM’
    tkdensity : replot.maybe: no visible global function definition for
     ‘tclvalue’
    tkdensity: no visible global function definition for ‘tktoplevel’
    tkdensity: no visible global function definition for ‘tkwm.title’
    tkdensity: no visible global function definition for ‘tkframe’
    tkdensity: no visible global function definition for ‘tkpack’
    tkdensity: no visible global function definition for ‘tkbutton’
    tkdensity : <anonymous>: no visible global function definition for
     ‘tkdestroy’
    tkdensity: no visible global function definition for ‘tklabel’
    tkdensity: no visible global function definition for ‘tkscale’
    tkdensity: no visible global function definition for ‘tkradiobutton’
Flavors: r-patched-solaris-sparc, r-patched-solaris-x86, r-release-osx-x86_64-mavericks

Version: 1.0-27
Check: R code for possible problems
Result: NOTE
    pdf.end: no visible global function definition for 'Sys.ps.cmd'
    ps.end: no visible global function definition for 'Sys.ps.cmd'
    tkdensity: no visible global function definition for 'tclVar'
    tkdensity : Tvar: no visible global function definition for 'tclvalue'
    tkdensity : replot: no visible global function definition for
     'tclvalue'
    tkdensity : replot: no visible binding for '<<-' assignment to '._nbw'
    tkdensity : replot: no visible binding for '<<-' assignment to '._xZ'
    tkdensity : replot: no visible binding for '<<-' assignment to '._xM'
    tkdensity : replot.maybe: no visible global function definition for
     'tclvalue'
    tkdensity: no visible global function definition for 'tktoplevel'
    tkdensity: no visible global function definition for 'tkwm.title'
    tkdensity: no visible global function definition for 'tkframe'
    tkdensity: no visible global function definition for 'tkpack'
    tkdensity: no visible global function definition for 'tkbutton'
    tkdensity : <anonymous>: no visible global function definition for
     'tkdestroy'
    tkdensity: no visible global function definition for 'tklabel'
    tkdensity: no visible global function definition for 'tkscale'
    tkdensity: no visible global function definition for 'tkradiobutton'
Flavors: r-release-windows-ix86+x86_64, r-oldrel-windows-ix86+x86_64