CRAN Package Check Results for Package sfsmisc

Last updated on 2016-06-29 05:48:51.

Flavor Version Tinstall Tcheck Ttotal Status Flags
r-devel-linux-x86_64-debian-gcc 1.1-0 3.59 34.41 37.99 NOTE
r-devel-linux-x86_64-fedora-clang 1.1-0 64.24 OK
r-devel-linux-x86_64-fedora-gcc 1.1-0 60.55 OK
r-devel-osx-x86_64-clang 1.1-0 52.78 OK
r-devel-windows-ix86+x86_64 1.1-0 10.00 66.00 76.00 OK
r-patched-linux-x86_64 1.1-0 3.72 33.31 37.03 NOTE
r-patched-solaris-sparc 1.1-0 407.50 OK
r-patched-solaris-x86 1.1-0 82.10 OK
r-release-linux-x86_64 1.1-0 3.62 31.40 35.03 NOTE
r-release-osx-x86_64-mavericks 1.1-0 NOTE
r-release-windows-ix86+x86_64 1.1-0 12.00 56.00 68.00 OK
r-oldrel-windows-ix86+x86_64 1.1-0 15.00 62.00 77.00 OK

Check Details

Version: 1.1-0
Check: R code for possible problems
Result: NOTE
    Found the following calls to attach():
    File ‘sfsmisc/R/sourceAttach.R’:
     attach(ENV, pos = pos, name = name, warn.conflicts = warn.conflicts)
    See section ‘Good practice’ in ‘?attach’.
Flavors: r-devel-linux-x86_64-debian-gcc, r-patched-linux-x86_64, r-release-linux-x86_64

Version: 1.1-0
Check: dependencies in R code
Result: NOTE
    Invalid MIT-MAGIC-COOKIE-1 key
Flavor: r-release-osx-x86_64-mavericks