CRAN Package Check Results for Package sfsmisc

Last updated on 2016-09-24 23:48:25.

Flavor Version Tinstall Tcheck Ttotal Status Flags
r-devel-linux-x86_64-debian-clang 1.1-0 3.81 32.20 36.01 NOTE
r-devel-linux-x86_64-debian-gcc 1.1-0 3.54 31.94 35.48 NOTE
r-devel-linux-x86_64-fedora-clang 1.1-0 65.03 OK
r-devel-linux-x86_64-fedora-gcc 1.1-0 62.82 OK
r-devel-macos-x86_64-clang 1.1-0 53.65 OK
r-devel-windows-ix86+x86_64 1.1-0 13.00 62.00 75.00 OK
r-patched-linux-x86_64 1.1-0 3.58 32.06 35.64 NOTE
r-patched-solaris-sparc 1.1-0 407.50 OK
r-patched-solaris-x86 1.1-0 77.70 OK
r-release-linux-x86_64 1.1-0 3.58 31.84 35.41 NOTE
r-release-osx-x86_64-mavericks 1.1-0 NOTE
r-release-windows-ix86+x86_64 1.1-0 10.00 68.00 78.00 OK
r-oldrel-windows-ix86+x86_64 1.1-0 13.00 80.00 93.00 OK

Check Details

Version: 1.1-0
Check: R code for possible problems
Result: NOTE
    Found the following calls to attach():
    File ‘sfsmisc/R/sourceAttach.R’:
     attach(ENV, pos = pos, name = name, warn.conflicts = warn.conflicts)
    See section ‘Good practice’ in ‘?attach’.
Flavors: r-devel-linux-x86_64-debian-clang, r-devel-linux-x86_64-debian-gcc, r-patched-linux-x86_64, r-release-linux-x86_64

Version: 1.1-0
Check: dependencies in R code
Result: NOTE
    Invalid MIT-MAGIC-COOKIE-1 key
Flavor: r-release-osx-x86_64-mavericks