CRAN Package Check Results for Package sfsmisc

Last updated on 2017-05-22 16:49:02.

Flavor Version Tinstall Tcheck Ttotal Status Flags
r-devel-linux-x86_64-debian-clang 1.1-0 3.84 35.22 39.05 NOTE
r-devel-linux-x86_64-debian-gcc 1.1-0 3.96 34.70 38.65 NOTE
r-devel-linux-x86_64-fedora-clang 1.1-0 70.67 OK --no-stop-on-test-error
r-devel-linux-x86_64-fedora-gcc 1.1-0 66.98 OK --no-stop-on-test-error
r-devel-windows-ix86+x86_64 1.1-0 16.00 62.00 78.00 OK
r-patched-linux-x86_64 1.1-0 3.76 35.44 39.20 NOTE
r-patched-solaris-sparc 1.1-0 419.40 OK
r-patched-solaris-x86 1.1-0 83.80 OK
r-release-linux-x86_64 1.1-0 3.99 34.69 38.68 NOTE
r-release-windows-ix86+x86_64 1.1-0 10.00 82.00 92.00 OK
r-release-osx-x86_64 1.1-0 NOTE
r-oldrel-windows-ix86+x86_64 1.1-0 14.00 82.00 96.00 OK
r-oldrel-osx-x86_64 1.1-0 NOTE

Check Details

Version: 1.1-0
Check: R code for possible problems
Result: NOTE
    Found the following calls to attach():
    File ‘sfsmisc/R/sourceAttach.R’:
     attach(ENV, pos = pos, name = name, warn.conflicts = warn.conflicts)
    See section ‘Good practice’ in ‘?attach’.
Flavors: r-devel-linux-x86_64-debian-clang, r-devel-linux-x86_64-debian-gcc, r-patched-linux-x86_64, r-release-linux-x86_64

Version: 1.1-0
Check: Rd cross-references
Result: NOTE
    Package unavailable to check Rd xrefs: ‘gmp’
Flavor: r-release-osx-x86_64

Version: 1.1-0
Check: dependencies in R code
Result: NOTE
    Invalid MIT-MAGIC-COOKIE-1 key
Flavor: r-oldrel-osx-x86_64