CRAN Package Check Results for Package sfsmisc

Last updated on 2017-01-19 03:53:12.

Flavor Version Tinstall Tcheck Ttotal Status Flags
r-devel-linux-x86_64-debian-clang 1.1-0 3.83 34.62 38.45 NOTE
r-devel-linux-x86_64-debian-gcc 1.1-0 3.94 33.62 37.57 NOTE
r-devel-linux-x86_64-fedora-clang 1.1-0 70.36 OK --no-stop-on-test-error
r-devel-linux-x86_64-fedora-gcc 1.1-0 67.45 OK --no-stop-on-test-error
r-devel-macos-x86_64-clang 1.1-0 57.80 OK --no-stop-on-test-error
r-devel-windows-ix86+x86_64 1.1-0 14.00 54.00 68.00 OK
r-patched-linux-x86_64 1.1-0 3.88 31.62 35.50 NOTE
r-patched-solaris-sparc 1.1-0 400.10 OK
r-patched-solaris-x86 1.1-0 79.50 OK
r-release-linux-x86_64 1.1-0 3.93 31.53 35.46 NOTE
r-release-osx-x86_64-mavericks 1.1-0 NOTE
r-release-windows-ix86+x86_64 1.1-0 11.00 61.00 72.00 OK
r-oldrel-windows-ix86+x86_64 1.1-0 11.00 85.00 96.00 OK

Check Details

Version: 1.1-0
Check: R code for possible problems
Result: NOTE
    Found the following calls to attach():
    File ‘sfsmisc/R/sourceAttach.R’:
     attach(ENV, pos = pos, name = name, warn.conflicts = warn.conflicts)
    See section ‘Good practice’ in ‘?attach’.
Flavors: r-devel-linux-x86_64-debian-clang, r-devel-linux-x86_64-debian-gcc, r-patched-linux-x86_64, r-release-linux-x86_64

Version: 1.1-0
Check: dependencies in R code
Result: NOTE
    Invalid MIT-MAGIC-COOKIE-1 key
Flavor: r-release-osx-x86_64-mavericks