CRAN Package Check Results for Package sfsmisc

Last updated on 2014-07-22 15:51:57.

Flavor Version Tinstall Tcheck Ttotal Status Flags
r-devel-linux-x86_64-debian-clang 1.0-26 1.72 34.31 36.04 NOTE
r-devel-linux-x86_64-debian-gcc 1.0-26 1.62 34.20 35.82 NOTE
r-devel-linux-x86_64-fedora-clang 1.0-26 74.80 NOTE
r-devel-linux-x86_64-fedora-gcc 1.0-26 72.91 NOTE
r-devel-osx-x86_64-clang 1.0-26 69.28 NOTE
r-devel-windows-ix86+x86_64 1.0-26 5.00 46.00 51.00 NOTE
r-patched-linux-x86_64 1.0-26 1.68 34.01 35.69 NOTE
r-patched-solaris-sparc 1.0-26 403.90 NOTE
r-patched-solaris-x86 1.0-26 94.30 NOTE
r-release-linux-ix86 1.0-26 2.07 46.62 48.69 NOTE
r-release-linux-x86_64 1.0-26 1.60 35.31 36.92 NOTE
r-release-osx-x86_64-mavericks 1.0-26 NOTE
r-release-osx-x86_64-snowleopard 1.0-26 NOTE
r-release-windows-ix86+x86_64 1.0-26 4.00 49.00 53.00 NOTE
r-oldrel-windows-ix86+x86_64 1.0-26 4.00 51.00 55.00 NOTE

Check Details

Version: 1.0-26
Check: R code for possible problems
Result: NOTE
    tkdensity : replot: no visible binding for '<<-' assignment to ‘._nbw’
    tkdensity : replot: no visible binding for '<<-' assignment to ‘._xZ’
    tkdensity : replot: no visible binding for '<<-' assignment to ‘._xM’
Flavors: r-devel-linux-x86_64-debian-clang, r-devel-linux-x86_64-debian-gcc, r-devel-linux-x86_64-fedora-clang, r-devel-linux-x86_64-fedora-gcc, r-devel-osx-x86_64-clang, r-patched-linux-x86_64, r-patched-solaris-sparc, r-patched-solaris-x86, r-release-linux-ix86, r-release-linux-x86_64, r-release-osx-x86_64-mavericks, r-release-osx-x86_64-snowleopard

Version: 1.0-26
Check: R code for possible problems
Result: NOTE
    pdf.end: no visible global function definition for 'Sys.ps.cmd'
    ps.end: no visible global function definition for 'Sys.ps.cmd'
    tkdensity : replot: no visible binding for '<<-' assignment to '._nbw'
    tkdensity : replot: no visible binding for '<<-' assignment to '._xZ'
    tkdensity : replot: no visible binding for '<<-' assignment to '._xM'
Flavors: r-devel-windows-ix86+x86_64, r-release-windows-ix86+x86_64, r-oldrel-windows-ix86+x86_64