CRAN Package Check Results for Package sfsmisc

Last updated on 2016-02-06 02:50:01.

Flavor Version Tinstall Tcheck Ttotal Status Flags
r-devel-linux-x86_64-debian-gcc 1.0-29 3.83 29.84 33.66 NOTE
r-devel-linux-x86_64-fedora-clang 1.0-29 63.64 OK
r-devel-linux-x86_64-fedora-gcc 1.0-29 59.48 OK
r-devel-osx-x86_64-clang 1.0-29 72.49 OK
r-devel-windows-ix86+x86_64 1.0-29 13.00 60.00 73.00 OK
r-patched-linux-x86_64 1.0-29 3.72 31.76 35.48 NOTE
r-patched-solaris-sparc 1.0-29 376.70 OK
r-patched-solaris-x86 1.0-29 79.50 OK
r-release-linux-x86_64 1.0-29 3.75 31.51 35.26 NOTE
r-release-osx-x86_64-mavericks 1.0-29 OK
r-release-windows-ix86+x86_64 1.0-29 14.00 58.00 72.00 OK
r-oldrel-windows-ix86+x86_64 1.0-29 14.00 63.00 77.00 WARN

Check Details

Version: 1.0-29
Check: R code for possible problems
Result: NOTE
    Found the following calls to attach():
    File ‘sfsmisc/R/sourceAttach.R’:
     attach(ENV, pos = pos, name = name, warn.conflicts = warn.conflicts)
    See section ‘Good practice’ in ‘?attach’.
Flavors: r-devel-linux-x86_64-debian-gcc, r-patched-linux-x86_64, r-release-linux-x86_64

Version: 1.0-29
Check: whether package can be installed
Result: WARN
    Found the following significant warnings:
     Warning: D:/temp/RtmpuyI4qA/R.INSTALL2a2c3925309a/sfsmisc/man/read.org.table.Rd:40: unknown macro '\CRANpkg'
Flavor: r-oldrel-windows-ix86+x86_64

Version: 1.0-29
Check: Rd files
Result: WARN
    prepare_Rd: read.org.table.Rd:40: unknown macro '\CRANpkg'
Flavor: r-oldrel-windows-ix86+x86_64