CRAN Package Check Results for Package sfsmisc

Last updated on 2016-05-28 19:49:29.

Flavor Version Tinstall Tcheck Ttotal Status Flags
r-devel-linux-x86_64-debian-gcc 1.1-0 3.59 31.56 35.14 NOTE
r-devel-linux-x86_64-fedora-clang 1.1-0 64.11 OK
r-devel-linux-x86_64-fedora-gcc 1.1-0 60.10 OK
r-devel-osx-x86_64-clang 1.1-0 73.28 OK
r-devel-windows-ix86+x86_64 1.1-0 9.00 68.00 77.00 OK
r-patched-linux-x86_64 1.1-0 3.64 30.84 34.48 NOTE
r-patched-solaris-sparc 1.1-0 406.90 OK
r-patched-solaris-x86 1.1-0 80.60 OK
r-release-linux-x86_64 1.1-0 3.77 31.08 34.85 NOTE
r-release-osx-x86_64-mavericks 1.1-0 NOTE
r-release-windows-ix86+x86_64 1.1-0 11.00 100.00 111.00 OK
r-oldrel-windows-ix86+x86_64 1.1-0 12.00 88.00 100.00 OK

Check Details

Version: 1.1-0
Check: R code for possible problems
Result: NOTE
    Found the following calls to attach():
    File ‘sfsmisc/R/sourceAttach.R’:
     attach(ENV, pos = pos, name = name, warn.conflicts = warn.conflicts)
    See section ‘Good practice’ in ‘?attach’.
Flavors: r-devel-linux-x86_64-debian-gcc, r-patched-linux-x86_64, r-release-linux-x86_64

Version: 1.1-0
Check: dependencies in R code
Result: NOTE
    Invalid MIT-MAGIC-COOKIE-1 key
Flavor: r-release-osx-x86_64-mavericks