CRAN Package Check Results for Package sfsmisc

Last updated on 2016-07-28 17:48:34.

Flavor Version Tinstall Tcheck Ttotal Status Flags
r-devel-linux-x86_64-debian-clang 1.1-0 4.42 37.90 42.33 NOTE
r-devel-linux-x86_64-debian-gcc 1.1-0 4.00 38.19 42.19 NOTE
r-devel-linux-x86_64-fedora-clang 1.1-0 66.99 OK
r-devel-linux-x86_64-fedora-gcc 1.1-0 61.18 OK
r-devel-osx-x86_64-clang 1.1-0 54.79 OK
r-devel-windows-ix86+x86_64 1.1-0 15.00 79.00 94.00 OK
r-patched-linux-x86_64 1.1-0 4.17 37.59 41.76 NOTE
r-patched-solaris-sparc 1.1-0 407.50 OK
r-patched-solaris-x86 1.1-0 77.50 OK
r-release-linux-x86_64 1.1-0 4.22 38.39 42.61 NOTE
r-release-osx-x86_64-mavericks 1.1-0 NOTE
r-release-windows-ix86+x86_64 1.1-0 14.00 85.00 99.00 OK
r-oldrel-windows-ix86+x86_64 1.1-0 16.00 78.00 94.00 OK

Check Details

Version: 1.1-0
Check: R code for possible problems
Result: NOTE
    Found the following calls to attach():
    File ‘sfsmisc/R/sourceAttach.R’:
     attach(ENV, pos = pos, name = name, warn.conflicts = warn.conflicts)
    See section ‘Good practice’ in ‘?attach’.
Flavors: r-devel-linux-x86_64-debian-clang, r-devel-linux-x86_64-debian-gcc, r-patched-linux-x86_64, r-release-linux-x86_64

Version: 1.1-0
Check: dependencies in R code
Result: NOTE
    Invalid MIT-MAGIC-COOKIE-1 key
Flavor: r-release-osx-x86_64-mavericks