CRAN Package Check Results for Package sfsmisc

Last updated on 2016-04-29 06:47:39.

Flavor Version Tinstall Tcheck Ttotal Status Flags
r-devel-linux-x86_64-debian-gcc 1.1-0 3.55 31.96 35.51 NOTE
r-devel-linux-x86_64-fedora-clang 1.1-0 63.66 OK
r-devel-linux-x86_64-fedora-gcc 1.1-0 59.36 OK
r-devel-osx-x86_64-clang 1.1-0 72.36 OK
r-devel-windows-ix86+x86_64 1.1-0 10.00 67.00 77.00 OK
r-patched-linux-x86_64 1.1-0 3.54 31.44 34.99 NOTE
r-patched-solaris-sparc 1.1-0 406.40 OK
r-patched-solaris-x86 1.1-0 81.50 OK
r-release-linux-x86_64 1.1-0 3.70 33.46 37.15 NOTE
r-release-osx-x86_64-mavericks 1.1-0 OK
r-release-windows-ix86+x86_64 1.1-0 12.00 58.00 70.00 OK
r-oldrel-windows-ix86+x86_64 1.1-0 14.00 56.00 70.00 WARN

Check Details

Version: 1.1-0
Check: R code for possible problems
Result: NOTE
    Found the following calls to attach():
    File ‘sfsmisc/R/sourceAttach.R’:
     attach(ENV, pos = pos, name = name, warn.conflicts = warn.conflicts)
    See section ‘Good practice’ in ‘?attach’.
Flavors: r-devel-linux-x86_64-debian-gcc, r-patched-linux-x86_64, r-release-linux-x86_64

Version: 1.1-0
Check: whether package can be installed
Result: WARN
    Found the following significant warnings:
     Warning: D:/temp/Rtmpi22f5e/R.INSTALLa39c6cbd6e32/sfsmisc/man/read.org.table.Rd:40: unknown macro '\CRANpkg'
Flavor: r-oldrel-windows-ix86+x86_64

Version: 1.1-0
Check: Rd files
Result: WARN
    prepare_Rd: read.org.table.Rd:40: unknown macro '\CRANpkg'
Flavor: r-oldrel-windows-ix86+x86_64