CRAN Package Check Results for Package sfsmisc

Last updated on 2014-08-28 00:47:13.

Flavor Version Tinstall Tcheck Ttotal Status Flags
r-devel-linux-x86_64-debian-clang 1.0-26 1.68 31.43 33.11 NOTE
r-devel-linux-x86_64-debian-gcc 1.0-26 1.56 30.85 32.41 NOTE
r-devel-linux-x86_64-fedora-clang 1.0-26 70.01 NOTE
r-devel-linux-x86_64-fedora-gcc 1.0-26 65.04 NOTE
r-devel-osx-x86_64-clang 1.0-26 62.23 NOTE
r-devel-windows-ix86+x86_64 1.0-26 6.00 46.00 52.00 NOTE
r-patched-linux-x86_64 1.0-26 1.55 33.71 35.26 NOTE
r-patched-solaris-sparc 1.0-26 432.60 NOTE
r-patched-solaris-x86 1.0-26 96.60 NOTE
r-release-linux-ix86 1.0-26 2.26 46.21 48.47 NOTE
r-release-linux-x86_64 1.0-26 1.76 34.33 36.09 NOTE
r-release-osx-x86_64-mavericks 1.0-26 NOTE
r-release-osx-x86_64-snowleopard 1.0-26 NOTE
r-release-windows-ix86+x86_64 1.0-26 4.00 51.00 55.00 NOTE
r-oldrel-windows-ix86+x86_64 1.0-26 5.00 48.00 53.00 NOTE

Check Details

Version: 1.0-26
Check: R code for possible problems
Result: NOTE
    tkdensity: no visible global function definition for ‘tclVar’
    tkdensity : Tvar: no visible global function definition for ‘tclvalue’
    tkdensity : replot: no visible global function definition for
     ‘tclvalue’
    tkdensity : replot: no visible binding for '<<-' assignment to ‘._nbw’
    tkdensity : replot: no visible binding for '<<-' assignment to ‘._xZ’
    tkdensity : replot: no visible binding for '<<-' assignment to ‘._xM’
    tkdensity : replot.maybe: no visible global function definition for
     ‘tclvalue’
    tkdensity: no visible global function definition for ‘tktoplevel’
    tkdensity: no visible global function definition for ‘tkwm.title’
    tkdensity: no visible global function definition for ‘tkframe’
    tkdensity: no visible global function definition for ‘tkpack’
    tkdensity: no visible global function definition for ‘tkbutton’
    tkdensity : <anonymous>: no visible global function definition for
     ‘tkdestroy’
    tkdensity: no visible global function definition for ‘tklabel’
    tkdensity: no visible global function definition for ‘tkscale’
    tkdensity: no visible global function definition for ‘tkradiobutton’
Flavors: r-devel-linux-x86_64-debian-clang, r-devel-linux-x86_64-debian-gcc, r-devel-linux-x86_64-fedora-clang, r-devel-linux-x86_64-fedora-gcc, r-devel-osx-x86_64-clang

Version: 1.0-26
Check: R code for possible problems
Result: NOTE
    pdf.end: no visible global function definition for 'Sys.ps.cmd'
    ps.end: no visible global function definition for 'Sys.ps.cmd'
    tkdensity: no visible global function definition for 'tclVar'
    tkdensity : Tvar: no visible global function definition for 'tclvalue'
    tkdensity : replot: no visible global function definition for
     'tclvalue'
    tkdensity : replot: no visible binding for '<<-' assignment to '._nbw'
    tkdensity : replot: no visible binding for '<<-' assignment to '._xZ'
    tkdensity : replot: no visible binding for '<<-' assignment to '._xM'
    tkdensity : replot.maybe: no visible global function definition for
     'tclvalue'
    tkdensity: no visible global function definition for 'tktoplevel'
    tkdensity: no visible global function definition for 'tkwm.title'
    tkdensity: no visible global function definition for 'tkframe'
    tkdensity: no visible global function definition for 'tkpack'
    tkdensity: no visible global function definition for 'tkbutton'
    tkdensity : <anonymous>: no visible global function definition for
     'tkdestroy'
    tkdensity: no visible global function definition for 'tklabel'
    tkdensity: no visible global function definition for 'tkscale'
    tkdensity: no visible global function definition for 'tkradiobutton'
Flavor: r-devel-windows-ix86+x86_64

Version: 1.0-26
Check: R code for possible problems
Result: NOTE
    tkdensity : replot: no visible binding for '<<-' assignment to ‘._nbw’
    tkdensity : replot: no visible binding for '<<-' assignment to ‘._xZ’
    tkdensity : replot: no visible binding for '<<-' assignment to ‘._xM’
Flavors: r-patched-linux-x86_64, r-patched-solaris-sparc, r-patched-solaris-x86, r-release-linux-ix86, r-release-linux-x86_64, r-release-osx-x86_64-mavericks, r-release-osx-x86_64-snowleopard

Version: 1.0-26
Check: R code for possible problems
Result: NOTE
    pdf.end: no visible global function definition for 'Sys.ps.cmd'
    ps.end: no visible global function definition for 'Sys.ps.cmd'
    tkdensity : replot: no visible binding for '<<-' assignment to '._nbw'
    tkdensity : replot: no visible binding for '<<-' assignment to '._xZ'
    tkdensity : replot: no visible binding for '<<-' assignment to '._xM'
Flavors: r-release-windows-ix86+x86_64, r-oldrel-windows-ix86+x86_64