CRAN Package Check Results for Package sfsmisc

Last updated on 2017-08-17 01:47:17.

Flavor Version Tinstall Tcheck Ttotal Status Flags
r-devel-linux-x86_64-debian-clang 1.1-1 3.78 38.15 41.92 NOTE
r-devel-linux-x86_64-debian-gcc 1.1-1 3.75 38.57 42.32 NOTE
r-devel-linux-x86_64-fedora-clang 1.1-1 71.14 OK
r-devel-linux-x86_64-fedora-gcc 1.1-1 69.08 OK
r-devel-windows-ix86+x86_64 1.1-1 11.00 67.00 78.00 OK
r-patched-linux-x86_64 1.1-1 4.10 37.66 41.76 NOTE
r-patched-solaris-x86 1.1-1 93.70 OK
r-release-linux-x86_64 1.1-1 3.98 35.71 39.69 NOTE
r-release-windows-ix86+x86_64 1.1-1 9.00 64.00 73.00 OK
r-release-osx-x86_64 1.1-1 NOTE
r-oldrel-windows-ix86+x86_64 1.1-1 14.00 52.00 66.00 OK
r-oldrel-osx-x86_64 1.1-1 OK

Check Details

Version: 1.1-1
Check: R code for possible problems
Result: NOTE
    Found the following calls to attach():
    File ‘sfsmisc/R/sourceAttach.R’:
     attach(ENV, pos = pos, name = name, warn.conflicts = warn.conflicts)
    See section ‘Good practice’ in ‘?attach’.
Flavors: r-devel-linux-x86_64-debian-clang, r-devel-linux-x86_64-debian-gcc, r-patched-linux-x86_64, r-release-linux-x86_64

Version: 1.1-1
Check: Rd cross-references
Result: NOTE
    Package unavailable to check Rd xrefs: ‘gmp’
Flavor: r-release-osx-x86_64