CRAN Package Check Results for Package sfsmisc

Last updated on 2014-04-24 03:47:54.

Flavor Version Tinstall Tcheck Ttotal Status Flags
r-devel-linux-x86_64-debian-clang 1.0-25 1.61 35.26 36.86 NOTE
r-devel-linux-x86_64-debian-gcc 1.0-25 1.62 35.24 36.86 NOTE
r-devel-linux-x86_64-fedora-clang 1.0-25 72.63 NOTE
r-devel-linux-x86_64-fedora-gcc 1.0-25 69.39 NOTE
r-devel-osx-x86_64-clang 1.0-25 64.65 NOTE
r-devel-osx-x86_64-gcc 1.0-25 NOTE
r-devel-windows-ix86+x86_64 1.0-25 3.00 47.00 50.00 NOTE
r-patched-linux-x86_64 1.0-25 1.63 34.06 35.70 NOTE
r-patched-solaris-sparc 1.0-25 395.00 NOTE
r-patched-solaris-x86 1.0-25 95.10 NOTE
r-release-linux-ix86 1.0-25 3.00 60.00 63.00 NOTE
r-release-linux-x86_64 1.0-25 1.59 34.80 36.39 NOTE
r-release-osx-x86_64-mavericks 1.0-25 WARN
r-release-osx-x86_64-snowleopard 1.0-25 NOTE
r-release-windows-ix86+x86_64 1.0-25 4.00 56.00 60.00 NOTE
r-oldrel-windows-ix86+x86_64 1.0-25 5.00 53.00 58.00 NOTE

Check Details

Version: 1.0-25
Check: R code for possible problems
Result: NOTE
    tkdensity : replot: no visible binding for '<<-' assignment to ‘._nbw’
    tkdensity : replot: no visible binding for '<<-' assignment to ‘._xZ’
    tkdensity : replot: no visible binding for '<<-' assignment to ‘._xM’
Flavors: r-devel-linux-x86_64-debian-clang, r-devel-linux-x86_64-debian-gcc, r-devel-linux-x86_64-fedora-clang, r-devel-linux-x86_64-fedora-gcc, r-devel-osx-x86_64-clang, r-devel-osx-x86_64-gcc, r-patched-linux-x86_64, r-patched-solaris-sparc, r-patched-solaris-x86, r-release-linux-ix86, r-release-linux-x86_64, r-release-osx-x86_64-mavericks, r-release-osx-x86_64-snowleopard

Version: 1.0-25
Check: package dependencies
Result: NOTE
    Package suggested but not available for checking: ‘lokern’
    
    Packages which this enhances but not available for checking: ‘polycor’ ‘sm’
Flavor: r-devel-osx-x86_64-gcc

Version: 1.0-25
Check: Rd cross-references
Result: NOTE
    Packages unavailable to check Rd xrefs: ‘Hmisc’, ‘gmp’, ‘pastecs’, ‘polycor’, ‘polynom’
Flavor: r-devel-osx-x86_64-gcc

Version: 1.0-25
Check: R code for possible problems
Result: NOTE
    pdf.end: no visible global function definition for 'Sys.ps.cmd'
    ps.end: no visible global function definition for 'Sys.ps.cmd'
    tkdensity : replot: no visible binding for '<<-' assignment to '._nbw'
    tkdensity : replot: no visible binding for '<<-' assignment to '._xZ'
    tkdensity : replot: no visible binding for '<<-' assignment to '._xM'
Flavors: r-devel-windows-ix86+x86_64, r-release-windows-ix86+x86_64, r-oldrel-windows-ix86+x86_64

Version: 1.0-25
Check: Rd cross-references
Result: NOTE
    Package unavailable to check Rd xrefs: ‘gmp’
Flavor: r-release-osx-x86_64-mavericks

Version: 1.0-25
Check: PDF version of manual
Result: WARNING
    LaTeX errors when creating PDF version.
    This typically indicates Rd problems.
    LaTeX errors found:
    ! LaTeX Error: File `upquote.sty' not found.
    
    Type X to quit or <RETURN> to proceed,
    or enter new name. (Default extension: sty)
    
    6d547b/Rd2.tex:8: ==> Fatal error occurred, no output PDF file produced!
Flavor: r-release-osx-x86_64-mavericks