CRAN Package Check Results for Package sfsmisc

Last updated on 2018-02-25 19:49:19 CET.

Flavor Version Tinstall Tcheck Ttotal Status Flags
r-devel-linux-x86_64-debian-clang 1.1-1 5.71 54.50 60.21 NOTE
r-devel-linux-x86_64-debian-gcc 1.1-1 3.55 42.58 46.13 NOTE
r-devel-linux-x86_64-fedora-clang 1.1-1 73.02 OK
r-devel-linux-x86_64-fedora-gcc 1.1-1 70.90 OK
r-devel-windows-ix86+x86_64 1.1-1 17.00 80.00 97.00 OK
r-patched-linux-x86_64 1.1-1 5.25 55.83 61.08 NOTE
r-patched-solaris-x86 1.1-1 93.80 OK
r-release-linux-x86_64 1.1-1 5.53 56.04 61.57 NOTE
r-release-windows-ix86+x86_64 1.1-1 10.00 79.00 89.00 OK
r-release-osx-x86_64 1.1-1 NOTE
r-oldrel-windows-ix86+x86_64 1.1-1 9.00 85.00 94.00 OK
r-oldrel-osx-x86_64 1.1-1 OK

Check Details

Version: 1.1-1
Check: R code for possible problems
Result: NOTE
    Found the following calls to attach():
    File ‘sfsmisc/R/sourceAttach.R’:
     attach(ENV, pos = pos, name = name, warn.conflicts = warn.conflicts)
    See section ‘Good practice’ in ‘?attach’.
Flavors: r-devel-linux-x86_64-debian-clang, r-devel-linux-x86_64-debian-gcc, r-patched-linux-x86_64, r-release-linux-x86_64

Version: 1.1-1
Check: Rd cross-references
Result: NOTE
    Package unavailable to check Rd xrefs: ‘gmp’
Flavor: r-release-osx-x86_64