CRAN Package Check Results for Package sfsmisc

Last updated on 2016-12-08 23:49:49.

Flavor Version Tinstall Tcheck Ttotal Status Flags
r-devel-linux-x86_64-debian-clang 1.1-0 4.20 34.93 39.12 NOTE
r-devel-linux-x86_64-debian-gcc 1.1-0 4.01 34.61 38.62 NOTE
r-devel-linux-x86_64-fedora-clang 1.1-0 72.40 OK --no-stop-on-test-error
r-devel-linux-x86_64-fedora-gcc 1.1-0 70.52 OK --no-stop-on-test-error
r-devel-macos-x86_64-clang 1.1-0 58.91 OK --no-stop-on-test-error
r-devel-windows-ix86+x86_64 1.1-0 12.00 63.00 75.00 OK
r-patched-linux-x86_64 1.1-0 3.58 32.22 35.80 NOTE
r-patched-solaris-sparc 1.1-0 407.50 OK
r-patched-solaris-x86 1.1-0 79.50 OK
r-release-linux-x86_64 1.1-0 3.67 32.08 35.75 NOTE
r-release-osx-x86_64-mavericks 1.1-0 NOTE
r-release-windows-ix86+x86_64 1.1-0 8.00 61.00 69.00 OK
r-oldrel-windows-ix86+x86_64 1.1-0 13.00 60.00 73.00 OK

Check Details

Version: 1.1-0
Check: R code for possible problems
Result: NOTE
    Found the following calls to attach():
    File ‘sfsmisc/R/sourceAttach.R’:
     attach(ENV, pos = pos, name = name, warn.conflicts = warn.conflicts)
    See section ‘Good practice’ in ‘?attach’.
Flavors: r-devel-linux-x86_64-debian-clang, r-devel-linux-x86_64-debian-gcc, r-patched-linux-x86_64, r-release-linux-x86_64

Version: 1.1-0
Check: dependencies in R code
Result: NOTE
    Invalid MIT-MAGIC-COOKIE-1 key
Flavor: r-release-osx-x86_64-mavericks