CRAN Package Check Results for Package sfsmisc

Last updated on 2017-06-28 23:55:40.

Flavor Version Tinstall Tcheck Ttotal Status Flags
r-devel-linux-x86_64-debian-clang 1.1-1 3.83 36.13 39.95 NOTE
r-devel-linux-x86_64-debian-gcc 1.1-1 4.25 35.89 40.14 NOTE
r-devel-linux-x86_64-fedora-clang 1.1-1 73.27 OK
r-devel-linux-x86_64-fedora-gcc 1.1-1 68.97 OK
r-devel-windows-ix86+x86_64 1.1-1 9.00 94.00 103.00 OK
r-patched-linux-x86_64 1.1-1 3.92 35.59 39.51 NOTE
r-patched-solaris-sparc 1.1-1 434.80 OK
r-patched-solaris-x86 1.1-1 87.70 OK
r-release-linux-x86_64 1.1-1 3.98 35.48 39.46 NOTE
r-release-windows-ix86+x86_64 1.1-1 14.00 80.00 94.00 OK
r-release-osx-x86_64 1.1-1 NOTE
r-oldrel-windows-ix86+x86_64 1.1-1 14.00 79.00 93.00 OK
r-oldrel-osx-x86_64 1.1-1 OK

Check Details

Version: 1.1-1
Check: R code for possible problems
Result: NOTE
    Found the following calls to attach():
    File ‘sfsmisc/R/sourceAttach.R’:
     attach(ENV, pos = pos, name = name, warn.conflicts = warn.conflicts)
    See section ‘Good practice’ in ‘?attach’.
Flavors: r-devel-linux-x86_64-debian-clang, r-devel-linux-x86_64-debian-gcc, r-patched-linux-x86_64, r-release-linux-x86_64

Version: 1.1-1
Check: Rd cross-references
Result: NOTE
    Package unavailable to check Rd xrefs: ‘gmp’
Flavor: r-release-osx-x86_64