CRAN Package Check Results for Package sfsmisc

Last updated on 2014-09-20 07:48:21.

Flavor Version Tinstall Tcheck Ttotal Status Flags
r-devel-linux-x86_64-debian-clang 1.0-26 1.69 31.67 33.36 NOTE
r-devel-linux-x86_64-debian-gcc 1.0-26 1.66 31.20 32.85 NOTE
r-devel-linux-x86_64-fedora-clang 1.0-26 67.30 NOTE
r-devel-linux-x86_64-fedora-gcc 1.0-26 63.44 NOTE
r-devel-osx-x86_64-clang 1.0-26 63.82 NOTE
r-devel-windows-ix86+x86_64 1.0-26 5.00 44.00 49.00 NOTE
r-patched-linux-x86_64 1.0-26 1.66 35.07 36.73 NOTE
r-patched-solaris-sparc 1.0-26 432.60 NOTE
r-patched-solaris-x86 1.0-26 94.00 NOTE
r-release-linux-ix86 1.0-26 2.11 46.45 48.56 NOTE
r-release-linux-x86_64 1.0-26 1.58 35.44 37.02 NOTE
r-release-osx-x86_64-mavericks 1.0-26 NOTE
r-release-osx-x86_64-snowleopard 1.0-26 NOTE
r-release-windows-ix86+x86_64 1.0-26 5.00 50.00 55.00 NOTE
r-oldrel-windows-ix86+x86_64 1.0-26 4.00 51.00 55.00 NOTE

Check Details

Version: 1.0-26
Check: R code for possible problems
Result: NOTE
    tkdensity: no visible global function definition for ‘tclVar’
    tkdensity : Tvar: no visible global function definition for ‘tclvalue’
    tkdensity : replot: no visible global function definition for
     ‘tclvalue’
    tkdensity : replot: no visible binding for '<<-' assignment to ‘._nbw’
    tkdensity : replot: no visible binding for '<<-' assignment to ‘._xZ’
    tkdensity : replot: no visible binding for '<<-' assignment to ‘._xM’
    tkdensity : replot.maybe: no visible global function definition for
     ‘tclvalue’
    tkdensity: no visible global function definition for ‘tktoplevel’
    tkdensity: no visible global function definition for ‘tkwm.title’
    tkdensity: no visible global function definition for ‘tkframe’
    tkdensity: no visible global function definition for ‘tkpack’
    tkdensity: no visible global function definition for ‘tkbutton’
    tkdensity : <anonymous>: no visible global function definition for
     ‘tkdestroy’
    tkdensity: no visible global function definition for ‘tklabel’
    tkdensity: no visible global function definition for ‘tkscale’
    tkdensity: no visible global function definition for ‘tkradiobutton’
    
    Found the following calls to attach():
    File ‘sfsmisc/R/sourceAttach.R’:
     attach(ENV, pos = pos, name = name, warn.conflicts = warn.conflicts)
    See section ‘Good practice’ in ‘?attach’.
Flavors: r-devel-linux-x86_64-debian-clang, r-devel-linux-x86_64-debian-gcc

Version: 1.0-26
Check: R code for possible problems
Result: NOTE
    tkdensity: no visible global function definition for ‘tclVar’
    tkdensity : Tvar: no visible global function definition for ‘tclvalue’
    tkdensity : replot: no visible global function definition for
     ‘tclvalue’
    tkdensity : replot: no visible binding for '<<-' assignment to ‘._nbw’
    tkdensity : replot: no visible binding for '<<-' assignment to ‘._xZ’
    tkdensity : replot: no visible binding for '<<-' assignment to ‘._xM’
    tkdensity : replot.maybe: no visible global function definition for
     ‘tclvalue’
    tkdensity: no visible global function definition for ‘tktoplevel’
    tkdensity: no visible global function definition for ‘tkwm.title’
    tkdensity: no visible global function definition for ‘tkframe’
    tkdensity: no visible global function definition for ‘tkpack’
    tkdensity: no visible global function definition for ‘tkbutton’
    tkdensity : <anonymous>: no visible global function definition for
     ‘tkdestroy’
    tkdensity: no visible global function definition for ‘tklabel’
    tkdensity: no visible global function definition for ‘tkscale’
    tkdensity: no visible global function definition for ‘tkradiobutton’
Flavors: r-devel-linux-x86_64-fedora-clang, r-devel-linux-x86_64-fedora-gcc, r-devel-osx-x86_64-clang

Version: 1.0-26
Check: R code for possible problems
Result: NOTE
    pdf.end: no visible global function definition for 'Sys.ps.cmd'
    ps.end: no visible global function definition for 'Sys.ps.cmd'
    tkdensity: no visible global function definition for 'tclVar'
    tkdensity : Tvar: no visible global function definition for 'tclvalue'
    tkdensity : replot: no visible global function definition for
     'tclvalue'
    tkdensity : replot: no visible binding for '<<-' assignment to '._nbw'
    tkdensity : replot: no visible binding for '<<-' assignment to '._xZ'
    tkdensity : replot: no visible binding for '<<-' assignment to '._xM'
    tkdensity : replot.maybe: no visible global function definition for
     'tclvalue'
    tkdensity: no visible global function definition for 'tktoplevel'
    tkdensity: no visible global function definition for 'tkwm.title'
    tkdensity: no visible global function definition for 'tkframe'
    tkdensity: no visible global function definition for 'tkpack'
    tkdensity: no visible global function definition for 'tkbutton'
    tkdensity : <anonymous>: no visible global function definition for
     'tkdestroy'
    tkdensity: no visible global function definition for 'tklabel'
    tkdensity: no visible global function definition for 'tkscale'
    tkdensity: no visible global function definition for 'tkradiobutton'
Flavor: r-devel-windows-ix86+x86_64

Version: 1.0-26
Check: R code for possible problems
Result: NOTE
    tkdensity : replot: no visible binding for '<<-' assignment to ‘._nbw’
    tkdensity : replot: no visible binding for '<<-' assignment to ‘._xZ’
    tkdensity : replot: no visible binding for '<<-' assignment to ‘._xM’
    
    Found the following calls to attach():
    File ‘sfsmisc/R/sourceAttach.R’:
     attach(ENV, pos = pos, name = name, warn.conflicts = warn.conflicts)
    See section ‘Good practice’ in ‘?attach’.
Flavors: r-patched-linux-x86_64, r-release-linux-x86_64

Version: 1.0-26
Check: R code for possible problems
Result: NOTE
    tkdensity : replot: no visible binding for '<<-' assignment to ‘._nbw’
    tkdensity : replot: no visible binding for '<<-' assignment to ‘._xZ’
    tkdensity : replot: no visible binding for '<<-' assignment to ‘._xM’
Flavors: r-patched-solaris-sparc, r-patched-solaris-x86, r-release-linux-ix86, r-release-osx-x86_64-mavericks, r-release-osx-x86_64-snowleopard

Version: 1.0-26
Check: R code for possible problems
Result: NOTE
    pdf.end: no visible global function definition for 'Sys.ps.cmd'
    ps.end: no visible global function definition for 'Sys.ps.cmd'
    tkdensity : replot: no visible binding for '<<-' assignment to '._nbw'
    tkdensity : replot: no visible binding for '<<-' assignment to '._xZ'
    tkdensity : replot: no visible binding for '<<-' assignment to '._xM'
Flavors: r-release-windows-ix86+x86_64, r-oldrel-windows-ix86+x86_64