CRAN Package Check Results for Package sfsmisc

Last updated on 2015-05-28 12:48:07.

Flavor Version Tinstall Tcheck Ttotal Status Flags
r-devel-linux-x86_64-debian-clang 1.0-27 1.56 30.26 31.83 NOTE
r-devel-linux-x86_64-debian-gcc 1.0-27 1.55 30.64 32.19 NOTE
r-devel-linux-x86_64-fedora-clang 1.0-27 61.49 NOTE
r-devel-linux-x86_64-fedora-gcc 1.0-27 58.71 NOTE
r-devel-osx-x86_64-clang 1.0-27 58.52 NOTE
r-devel-windows-ix86+x86_64 1.0-27 12.00 55.00 67.00 NOTE
r-patched-linux-x86_64 1.0-27 1.56 29.78 31.34 NOTE
r-patched-solaris-sparc 1.0-27 378.40 NOTE
r-patched-solaris-x86 1.0-27 78.00 NOTE
r-release-linux-x86_64 1.0-27 1.52 31.30 32.82 NOTE
r-release-osx-x86_64-mavericks 1.0-27 NOTE
r-release-osx-x86_64-snowleopard 1.0-27 NOTE
r-release-windows-ix86+x86_64 1.0-27 6.00 50.00 56.00 NOTE
r-oldrel-windows-ix86+x86_64 1.0-27 6.00 45.00 51.00 NOTE

Check Details

Version: 1.0-27
Check: S3 generic/method consistency
Result: NOTE
    Found the following apparent S3 methods exported but not registered:
     hist.bxp
    See section ‘Registering S3 methods’ in the ‘Writing R Extensions’
    manual.
Flavors: r-devel-linux-x86_64-debian-clang, r-devel-linux-x86_64-debian-gcc, r-devel-linux-x86_64-fedora-clang, r-devel-linux-x86_64-fedora-gcc, r-devel-osx-x86_64-clang, r-patched-linux-x86_64, r-patched-solaris-sparc, r-patched-solaris-x86, r-release-linux-x86_64

Version: 1.0-27
Check: R code for possible problems
Result: NOTE
    tkdensity: no visible global function definition for ‘tclVar’
    tkdensity : Tvar: no visible global function definition for ‘tclvalue’
    tkdensity : replot: no visible global function definition for
     ‘tclvalue’
    tkdensity : replot: no visible binding for '<<-' assignment to ‘._nbw’
    tkdensity : replot: no visible binding for '<<-' assignment to ‘._xZ’
    tkdensity : replot: no visible binding for '<<-' assignment to ‘._xM’
    tkdensity : replot.maybe: no visible global function definition for
     ‘tclvalue’
    tkdensity: no visible global function definition for ‘tktoplevel’
    tkdensity: no visible global function definition for ‘tkwm.title’
    tkdensity: no visible global function definition for ‘tkframe’
    tkdensity: no visible global function definition for ‘tkpack’
    tkdensity: no visible global function definition for ‘tkbutton’
    tkdensity : <anonymous>: no visible global function definition for
     ‘tkdestroy’
    tkdensity: no visible global function definition for ‘tklabel’
    tkdensity: no visible global function definition for ‘tkscale’
    tkdensity: no visible global function definition for ‘tkradiobutton’
    
    Found the following calls to attach():
    File ‘sfsmisc/R/sourceAttach.R’:
     attach(ENV, pos = pos, name = name, warn.conflicts = warn.conflicts)
    See section ‘Good practice’ in ‘?attach’.
Flavors: r-devel-linux-x86_64-debian-clang, r-devel-linux-x86_64-debian-gcc, r-patched-linux-x86_64, r-release-linux-x86_64

Version: 1.0-27
Check: R code for possible problems
Result: NOTE
    tkdensity: no visible global function definition for ‘tclVar’
    tkdensity : Tvar: no visible global function definition for ‘tclvalue’
    tkdensity : replot: no visible global function definition for
     ‘tclvalue’
    tkdensity : replot: no visible binding for '<<-' assignment to ‘._nbw’
    tkdensity : replot: no visible binding for '<<-' assignment to ‘._xZ’
    tkdensity : replot: no visible binding for '<<-' assignment to ‘._xM’
    tkdensity : replot.maybe: no visible global function definition for
     ‘tclvalue’
    tkdensity: no visible global function definition for ‘tktoplevel’
    tkdensity: no visible global function definition for ‘tkwm.title’
    tkdensity: no visible global function definition for ‘tkframe’
    tkdensity: no visible global function definition for ‘tkpack’
    tkdensity: no visible global function definition for ‘tkbutton’
    tkdensity : <anonymous>: no visible global function definition for
     ‘tkdestroy’
    tkdensity: no visible global function definition for ‘tklabel’
    tkdensity: no visible global function definition for ‘tkscale’
    tkdensity: no visible global function definition for ‘tkradiobutton’
Flavors: r-devel-linux-x86_64-fedora-clang, r-devel-linux-x86_64-fedora-gcc, r-devel-osx-x86_64-clang, r-patched-solaris-sparc, r-patched-solaris-x86, r-release-osx-x86_64-mavericks, r-release-osx-x86_64-snowleopard

Version: 1.0-27
Check: R code for possible problems
Result: NOTE
    pdf.end: no visible global function definition for 'Sys.ps.cmd'
    ps.end: no visible global function definition for 'Sys.ps.cmd'
    tkdensity: no visible global function definition for 'tclVar'
    tkdensity : Tvar: no visible global function definition for 'tclvalue'
    tkdensity : replot: no visible global function definition for
     'tclvalue'
    tkdensity : replot: no visible binding for '<<-' assignment to '._nbw'
    tkdensity : replot: no visible binding for '<<-' assignment to '._xZ'
    tkdensity : replot: no visible binding for '<<-' assignment to '._xM'
    tkdensity : replot.maybe: no visible global function definition for
     'tclvalue'
    tkdensity: no visible global function definition for 'tktoplevel'
    tkdensity: no visible global function definition for 'tkwm.title'
    tkdensity: no visible global function definition for 'tkframe'
    tkdensity: no visible global function definition for 'tkpack'
    tkdensity: no visible global function definition for 'tkbutton'
    tkdensity : <anonymous>: no visible global function definition for
     'tkdestroy'
    tkdensity: no visible global function definition for 'tklabel'
    tkdensity: no visible global function definition for 'tkscale'
    tkdensity: no visible global function definition for 'tkradiobutton'
Flavors: r-devel-windows-ix86+x86_64, r-release-windows-ix86+x86_64, r-oldrel-windows-ix86+x86_64

Version: 1.0-27
Check: Rd cross-references
Result: NOTE
    Package unavailable to check Rd xrefs: ‘Hmisc’
Flavor: r-release-osx-x86_64-snowleopard