CRAN Package Check Results for Package sfsmisc

Last updated on 2015-01-26 03:52:36.

Flavor Version Tinstall Tcheck Ttotal Status Flags
r-devel-linux-x86_64-debian-clang 1.0-27 1.67 32.20 33.87 NOTE
r-devel-linux-x86_64-debian-gcc 1.0-27 1.56 31.67 33.23 NOTE
r-devel-linux-x86_64-fedora-clang 1.0-27 68.45 NOTE
r-devel-linux-x86_64-fedora-gcc 1.0-27 65.18 NOTE
r-devel-osx-x86_64-clang 1.0-27 63.40 NOTE
r-devel-windows-ix86+x86_64 1.0-27 9.00 52.00 61.00 NOTE
r-patched-linux-x86_64 1.0-27 1.61 32.12 33.74 NOTE
r-patched-solaris-sparc 1.0-27 361.30 NOTE
r-patched-solaris-x86 1.0-27 88.70 NOTE
r-release-linux-ix86 1.0-27 2.03 41.28 43.31 NOTE
r-release-linux-x86_64 1.0-27 1.60 34.34 35.94 NOTE
r-release-osx-x86_64-mavericks 1.0-27 NOTE
r-release-osx-x86_64-snowleopard 1.0-27 NOTE
r-release-windows-ix86+x86_64 1.0-27 6.00 48.00 54.00 NOTE
r-oldrel-windows-ix86+x86_64 1.0-27 7.00 54.00 61.00 NOTE

Check Details

Version: 1.0-27
Check: R code for possible problems
Result: NOTE
    tkdensity: no visible global function definition for ‘tclVar’
    tkdensity : Tvar: no visible global function definition for ‘tclvalue’
    tkdensity : replot: no visible global function definition for
     ‘tclvalue’
    tkdensity : replot: no visible binding for '<<-' assignment to ‘._nbw’
    tkdensity : replot: no visible binding for '<<-' assignment to ‘._xZ’
    tkdensity : replot: no visible binding for '<<-' assignment to ‘._xM’
    tkdensity : replot.maybe: no visible global function definition for
     ‘tclvalue’
    tkdensity: no visible global function definition for ‘tktoplevel’
    tkdensity: no visible global function definition for ‘tkwm.title’
    tkdensity: no visible global function definition for ‘tkframe’
    tkdensity: no visible global function definition for ‘tkpack’
    tkdensity: no visible global function definition for ‘tkbutton’
    tkdensity : <anonymous>: no visible global function definition for
     ‘tkdestroy’
    tkdensity: no visible global function definition for ‘tklabel’
    tkdensity: no visible global function definition for ‘tkscale’
    tkdensity: no visible global function definition for ‘tkradiobutton’
    
    Found the following calls to attach():
    File ‘sfsmisc/R/sourceAttach.R’:
     attach(ENV, pos = pos, name = name, warn.conflicts = warn.conflicts)
    See section ‘Good practice’ in ‘?attach’.
Flavors: r-devel-linux-x86_64-debian-clang, r-devel-linux-x86_64-debian-gcc, r-patched-linux-x86_64, r-release-linux-x86_64

Version: 1.0-27
Check: S3 generic/method consistency
Result: NOTE
    Found the following apparent S3 methods exported but not registered:
     hist.bxp
    See section ‘Registering S3 methods’ in the ‘Writing R Extensions’
    manual.
Flavors: r-devel-linux-x86_64-fedora-clang, r-devel-linux-x86_64-fedora-gcc, r-devel-osx-x86_64-clang

Version: 1.0-27
Check: R code for possible problems
Result: NOTE
    tkdensity: no visible global function definition for ‘tclVar’
    tkdensity : Tvar: no visible global function definition for ‘tclvalue’
    tkdensity : replot: no visible global function definition for
     ‘tclvalue’
    tkdensity : replot: no visible binding for '<<-' assignment to ‘._nbw’
    tkdensity : replot: no visible binding for '<<-' assignment to ‘._xZ’
    tkdensity : replot: no visible binding for '<<-' assignment to ‘._xM’
    tkdensity : replot.maybe: no visible global function definition for
     ‘tclvalue’
    tkdensity: no visible global function definition for ‘tktoplevel’
    tkdensity: no visible global function definition for ‘tkwm.title’
    tkdensity: no visible global function definition for ‘tkframe’
    tkdensity: no visible global function definition for ‘tkpack’
    tkdensity: no visible global function definition for ‘tkbutton’
    tkdensity : <anonymous>: no visible global function definition for
     ‘tkdestroy’
    tkdensity: no visible global function definition for ‘tklabel’
    tkdensity: no visible global function definition for ‘tkscale’
    tkdensity: no visible global function definition for ‘tkradiobutton’
Flavors: r-devel-linux-x86_64-fedora-clang, r-devel-linux-x86_64-fedora-gcc, r-devel-osx-x86_64-clang, r-patched-solaris-sparc, r-patched-solaris-x86, r-release-linux-ix86, r-release-osx-x86_64-mavericks, r-release-osx-x86_64-snowleopard

Version: 1.0-27
Check: R code for possible problems
Result: NOTE
    pdf.end: no visible global function definition for 'Sys.ps.cmd'
    ps.end: no visible global function definition for 'Sys.ps.cmd'
    tkdensity: no visible global function definition for 'tclVar'
    tkdensity : Tvar: no visible global function definition for 'tclvalue'
    tkdensity : replot: no visible global function definition for
     'tclvalue'
    tkdensity : replot: no visible binding for '<<-' assignment to '._nbw'
    tkdensity : replot: no visible binding for '<<-' assignment to '._xZ'
    tkdensity : replot: no visible binding for '<<-' assignment to '._xM'
    tkdensity : replot.maybe: no visible global function definition for
     'tclvalue'
    tkdensity: no visible global function definition for 'tktoplevel'
    tkdensity: no visible global function definition for 'tkwm.title'
    tkdensity: no visible global function definition for 'tkframe'
    tkdensity: no visible global function definition for 'tkpack'
    tkdensity: no visible global function definition for 'tkbutton'
    tkdensity : <anonymous>: no visible global function definition for
     'tkdestroy'
    tkdensity: no visible global function definition for 'tklabel'
    tkdensity: no visible global function definition for 'tkscale'
    tkdensity: no visible global function definition for 'tkradiobutton'
Flavors: r-devel-windows-ix86+x86_64, r-release-windows-ix86+x86_64

Version: 1.0-27
Check: R code for possible problems
Result: NOTE
    pdf.end: no visible global function definition for 'Sys.ps.cmd'
    ps.end: no visible global function definition for 'Sys.ps.cmd'
    tkdensity : replot: no visible binding for '<<-' assignment to '._nbw'
    tkdensity : replot: no visible binding for '<<-' assignment to '._xZ'
    tkdensity : replot: no visible binding for '<<-' assignment to '._xM'
Flavor: r-oldrel-windows-ix86+x86_64