CRAN Package Check Results for Package sfsmisc

Last updated on 2017-03-23 03:48:17.

Flavor Version Tinstall Tcheck Ttotal Status Flags
r-devel-linux-x86_64-debian-clang 1.1-0 4.02 35.42 39.44 NOTE
r-devel-linux-x86_64-debian-gcc 1.1-0 3.92 34.28 38.19 NOTE
r-devel-linux-x86_64-fedora-clang 1.1-0 74.44 OK --no-stop-on-test-error
r-devel-linux-x86_64-fedora-gcc 1.1-0 68.05 OK --no-stop-on-test-error
r-devel-macos-x86_64-clang 1.1-0 56.77 OK --no-stop-on-test-error
r-devel-windows-ix86+x86_64 1.1-0 10.00 64.00 74.00 OK
r-patched-linux-x86_64 1.1-0 4.02 32.58 36.60 NOTE
r-patched-solaris-sparc 1.1-0 419.40 OK
r-patched-solaris-x86 1.1-0 86.30 OK
r-release-linux-x86_64 1.1-0 4.00 33.70 37.71 NOTE
r-release-osx-x86_64-mavericks 1.1-0 NOTE
r-release-windows-ix86+x86_64 1.1-0 19.00 66.00 85.00 OK
r-oldrel-windows-ix86+x86_64 1.1-0 15.00 120.00 135.00 OK

Check Details

Version: 1.1-0
Check: R code for possible problems
Result: NOTE
    Found the following calls to attach():
    File ‘sfsmisc/R/sourceAttach.R’:
     attach(ENV, pos = pos, name = name, warn.conflicts = warn.conflicts)
    See section ‘Good practice’ in ‘?attach’.
Flavors: r-devel-linux-x86_64-debian-clang, r-devel-linux-x86_64-debian-gcc, r-patched-linux-x86_64, r-release-linux-x86_64

Version: 1.1-0
Check: dependencies in R code
Result: NOTE
    Invalid MIT-MAGIC-COOKIE-1 key
Flavor: r-release-osx-x86_64-mavericks