CRAN Package Check Results for Package sfsmisc

Last updated on 2016-08-24 23:48:45.

Flavor Version Tinstall Tcheck Ttotal Status Flags
r-devel-linux-x86_64-debian-clang 1.1-0 3.96 32.98 36.94 NOTE
r-devel-linux-x86_64-debian-gcc 1.1-0 3.55 32.16 35.71 NOTE
r-devel-linux-x86_64-fedora-clang 1.1-0 65.64 OK
r-devel-linux-x86_64-fedora-gcc 1.1-0 61.37 OK
r-devel-osx-x86_64-clang 1.1-0 56.53 OK
r-devel-windows-ix86+x86_64 1.1-0 15.00 89.00 104.00 OK
r-patched-linux-x86_64 1.1-0 3.58 31.68 35.26 NOTE
r-patched-solaris-sparc 1.1-0 407.50 OK
r-patched-solaris-x86 1.1-0 79.90 OK
r-release-linux-x86_64 1.1-0 4.26 31.73 35.99 NOTE
r-release-osx-x86_64-mavericks 1.1-0 NOTE
r-release-windows-ix86+x86_64 1.1-0 11.00 89.00 100.00 OK
r-oldrel-windows-ix86+x86_64 1.1-0 10.00 85.00 95.00 OK

Check Details

Version: 1.1-0
Check: R code for possible problems
Result: NOTE
    Found the following calls to attach():
    File ‘sfsmisc/R/sourceAttach.R’:
     attach(ENV, pos = pos, name = name, warn.conflicts = warn.conflicts)
    See section ‘Good practice’ in ‘?attach’.
Flavors: r-devel-linux-x86_64-debian-clang, r-devel-linux-x86_64-debian-gcc, r-patched-linux-x86_64, r-release-linux-x86_64

Version: 1.1-0
Check: dependencies in R code
Result: NOTE
    Invalid MIT-MAGIC-COOKIE-1 key
Flavor: r-release-osx-x86_64-mavericks