CRAN Package Check Results for Package sfsmisc

Last updated on 2017-04-23 23:51:27.

Flavor Version Tinstall Tcheck Ttotal Status Flags
r-devel-linux-x86_64-debian-clang 1.1-0 3.97 35.68 39.65 NOTE
r-devel-linux-x86_64-debian-gcc 1.1-0 3.92 34.22 38.14 NOTE
r-devel-linux-x86_64-fedora-clang 1.1-0 75.61 OK --no-stop-on-test-error
r-devel-linux-x86_64-fedora-gcc 1.1-0 67.82 OK --no-stop-on-test-error
r-devel-windows-ix86+x86_64 1.1-0 15.00 90.00 105.00 OK
r-patched-linux-x86_64 1.1-0 4.27 35.44 39.71 NOTE
r-patched-solaris-sparc 1.1-0 419.40 OK
r-patched-solaris-x86 1.1-0 84.50 OK
r-release-linux-x86_64 1.1-0 3.81 34.15 37.96 NOTE
r-release-windows-ix86+x86_64 1.1-0 10.00 61.00 71.00 OK
r-release-osx-x86_64 1.1-0 NOTE
r-oldrel-windows-ix86+x86_64 1.1-0 10.00 62.00 72.00 OK
r-oldrel-osx-x86_64 1.1-0 NOTE

Check Details

Version: 1.1-0
Check: R code for possible problems
Result: NOTE
    Found the following calls to attach():
    File ‘sfsmisc/R/sourceAttach.R’:
     attach(ENV, pos = pos, name = name, warn.conflicts = warn.conflicts)
    See section ‘Good practice’ in ‘?attach’.
Flavors: r-devel-linux-x86_64-debian-clang, r-devel-linux-x86_64-debian-gcc, r-patched-linux-x86_64, r-release-linux-x86_64

Version: 1.1-0
Check: Rd cross-references
Result: NOTE
    Package unavailable to check Rd xrefs: ‘gmp’
Flavor: r-release-osx-x86_64

Version: 1.1-0
Check: dependencies in R code
Result: NOTE
    Invalid MIT-MAGIC-COOKIE-1 key
Flavor: r-oldrel-osx-x86_64