CRAN Package Check Results for Package sgat

Last updated on 2022-05-18 05:53:34 CEST.

Flavor Version Tinstall Tcheck Ttotal Status Flags
r-devel-linux-x86_64-debian-clang 0.9 2.42 39.10 41.52 NOTE
r-devel-linux-x86_64-debian-gcc 0.9 1.80 29.56 31.36 NOTE
r-devel-linux-x86_64-fedora-clang 0.9 48.98 NOTE
r-devel-linux-x86_64-fedora-gcc 0.9 47.88 NOTE
r-devel-windows-x86_64 0.9 15.00 63.00 78.00 NOTE
r-patched-linux-x86_64 0.9 2.27 36.10 38.37 NOTE
r-release-linux-x86_64 0.9 2.27 37.14 39.41 NOTE
r-release-macos-arm64 0.9 23.00 NOTE
r-release-macos-x86_64 0.9 37.00 NOTE
r-release-windows-x86_64 0.9 16.00 64.00 80.00 NOTE
r-oldrel-macos-arm64 0.9 27.00 NOTE
r-oldrel-macos-x86_64 0.9 34.00 NOTE
r-oldrel-windows-ix86+x86_64 0.9 6.00 57.00 63.00 NOTE

Check Details

Version: 0.9
Check: LazyData
Result: NOTE
     'LazyData' is specified without a 'data' directory
Flavors: r-devel-linux-x86_64-debian-clang, r-devel-linux-x86_64-debian-gcc, r-devel-linux-x86_64-fedora-clang, r-devel-linux-x86_64-fedora-gcc, r-devel-windows-x86_64, r-patched-linux-x86_64, r-release-linux-x86_64, r-release-macos-arm64, r-release-macos-x86_64, r-release-windows-x86_64, r-oldrel-macos-arm64, r-oldrel-macos-x86_64, r-oldrel-windows-ix86+x86_64

Version: 0.9
Check: dependencies in R code
Result: NOTE
    Namespace in Imports field not imported from: ‘plyr’
     All declared Imports should be used.
Flavors: r-devel-linux-x86_64-fedora-clang, r-devel-linux-x86_64-fedora-gcc, r-release-macos-arm64, r-release-macos-x86_64, r-oldrel-macos-arm64, r-oldrel-macos-x86_64