Last updated on 2023-09-23 19:55:40 CEST.
Flavor | Version | Tinstall | Tcheck | Ttotal | Status | Flags |
---|---|---|---|---|---|---|
r-devel-linux-x86_64-debian-clang | 1.1.1 | 46.13 | 39.47 | 85.60 | NOTE | |
r-devel-linux-x86_64-debian-gcc | 1.1.1 | 32.56 | 30.59 | 63.15 | NOTE | |
r-devel-linux-x86_64-fedora-clang | 1.1.1 | 121.36 | NOTE | |||
r-devel-linux-x86_64-fedora-gcc | 1.1.1 | 129.40 | NOTE | |||
r-devel-windows-x86_64 | 1.1.1 | 43.00 | 71.00 | 114.00 | NOTE | |
r-patched-linux-x86_64 | 1.1.1 | 45.24 | 38.41 | 83.65 | NOTE | |
r-release-linux-x86_64 | 1.1.1 | 43.45 | 37.66 | 81.11 | NOTE | |
r-release-macos-arm64 | 1.1.1 | 43.00 | NOTE | |||
r-release-macos-x86_64 | 1.1.1 | 66.00 | NOTE | |||
r-release-windows-x86_64 | 1.1.1 | 49.00 | 85.00 | 134.00 | NOTE | |
r-oldrel-macos-arm64 | 1.1.1 | 34.00 | OK | |||
r-oldrel-macos-x86_64 | 1.1.1 | 58.00 | OK | |||
r-oldrel-windows-x86_64 | 1.1.1 | 47.00 | 80.00 | 127.00 | OK |
Version: 1.1.1
Check: C++ specification
Result: NOTE
Specified C++11: please drop specification unless essential
Flavors: r-devel-linux-x86_64-debian-clang, r-devel-linux-x86_64-debian-gcc, r-devel-linux-x86_64-fedora-clang, r-devel-linux-x86_64-fedora-gcc, r-devel-windows-x86_64, r-patched-linux-x86_64, r-release-linux-x86_64, r-release-macos-arm64, r-release-macos-x86_64, r-release-windows-x86_64