CRAN Package Check Results for Package sgeostat

Last updated on 2017-09-21 05:48:59.

Flavor Version Tinstall Tcheck Ttotal Status Flags
r-devel-linux-x86_64-debian-clang 1.0-27 1.32 18.30 19.62 NOTE
r-devel-linux-x86_64-debian-gcc 1.0-27 0.98 17.58 18.57 NOTE
r-devel-linux-x86_64-fedora-clang 1.0-27 32.32 NOTE
r-devel-linux-x86_64-fedora-gcc 1.0-27 31.43 NOTE
r-devel-windows-ix86+x86_64 1.0-27 7.00 67.00 74.00 OK
r-patched-linux-x86_64 1.0-27 0.94 17.29 18.23 NOTE
r-patched-solaris-x86 1.0-27 45.40 OK
r-release-linux-x86_64 1.0-27 1.06 17.93 18.99 NOTE
r-release-windows-ix86+x86_64 1.0-27 6.00 46.00 52.00 OK
r-release-osx-x86_64 1.0-27 OK
r-oldrel-windows-ix86+x86_64 1.0-27 6.00 43.00 49.00 OK
r-oldrel-osx-x86_64 1.0-27 OK

Check Details

Version: 1.0-27
Check: compiled code
Result: NOTE
    File ‘sgeostat/libs/sgeostat.so’:
     Found no calls to: ‘R_registerRoutines’, ‘R_useDynamicSymbols’
    
    It is good practice to register native routines and to disable symbol
    search.
    
    See ‘Writing portable packages’ in the ‘Writing R Extensions’ manual.
Flavors: r-devel-linux-x86_64-debian-clang, r-devel-linux-x86_64-debian-gcc, r-devel-linux-x86_64-fedora-clang, r-devel-linux-x86_64-fedora-gcc, r-patched-linux-x86_64, r-release-linux-x86_64