CRAN Package Check Results for Package sgeostat

Last updated on 2017-11-25 11:55:57 CET.

Flavor Version Tinstall Tcheck Ttotal Status Flags
r-devel-linux-x86_64-debian-clang 1.0-27 1.30 46.45 47.75 NOTE
r-devel-linux-x86_64-debian-gcc 1.0-27 1.44 40.94 42.38 NOTE
r-devel-linux-x86_64-fedora-clang 1.0-27 30.05 NOTE
r-devel-linux-x86_64-fedora-gcc 1.0-27 29.35 NOTE
r-devel-windows-ix86+x86_64 1.0-27 7.00 47.00 54.00 OK
r-patched-linux-x86_64 1.0-27 1.26 48.74 50.00 NOTE
r-patched-solaris-x86 1.0-27 42.50 OK
r-release-linux-x86_64 1.0-27 1.32 45.99 47.31 NOTE
r-release-windows-ix86+x86_64 1.0-27 6.00 46.00 52.00 OK
r-release-osx-x86_64 1.0-27 OK
r-oldrel-windows-ix86+x86_64 1.0-27 6.00 43.00 49.00 OK
r-oldrel-osx-x86_64 1.0-27 OK

Check Details

Version: 1.0-27
Check: compiled code
Result: NOTE
    File ‘sgeostat/libs/sgeostat.so’:
     Found no calls to: ‘R_registerRoutines’, ‘R_useDynamicSymbols’
    
    It is good practice to register native routines and to disable symbol
    search.
    
    See ‘Writing portable packages’ in the ‘Writing R Extensions’ manual.
Flavors: r-devel-linux-x86_64-debian-clang, r-devel-linux-x86_64-debian-gcc, r-devel-linux-x86_64-fedora-clang, r-devel-linux-x86_64-fedora-gcc, r-patched-linux-x86_64, r-release-linux-x86_64