CRAN Package Check Results for Package sgeostat

Last updated on 2017-05-28 02:47:18.

Flavor Version Tinstall Tcheck Ttotal Status Flags
r-devel-linux-x86_64-debian-clang 1.0-27 1.23 18.95 20.18 NOTE
r-devel-linux-x86_64-debian-gcc 1.0-27 1.04 19.03 20.07 NOTE
r-devel-linux-x86_64-fedora-clang 1.0-27 32.47 NOTE
r-devel-linux-x86_64-fedora-gcc 1.0-27 30.62 NOTE
r-devel-windows-ix86+x86_64 1.0-27 15.00 43.00 58.00 OK
r-patched-linux-x86_64 1.0-27 1.36 18.00 19.36 NOTE
r-patched-solaris-sparc 1.0-27 194.80 OK
r-patched-solaris-x86 1.0-27 41.00 OK
r-release-linux-x86_64 1.0-27 1.16 18.35 19.51 NOTE
r-release-windows-ix86+x86_64 1.0-27 7.00 41.00 48.00 OK
r-release-osx-x86_64 1.0-27 OK
r-oldrel-windows-ix86+x86_64 1.0-27 6.00 43.00 49.00 OK
r-oldrel-osx-x86_64 1.0-27 OK

Check Details

Version: 1.0-27
Check: compiled code
Result: NOTE
    File ‘sgeostat/libs/sgeostat.so’:
     Found no calls to: ‘R_registerRoutines’, ‘R_useDynamicSymbols’
    
    It is good practice to register native routines and to disable symbol
    search.
    
    See ‘Writing portable packages’ in the ‘Writing R Extensions’ manual.
Flavors: r-devel-linux-x86_64-debian-clang, r-devel-linux-x86_64-debian-gcc, r-devel-linux-x86_64-fedora-clang, r-devel-linux-x86_64-fedora-gcc, r-patched-linux-x86_64, r-release-linux-x86_64