CRAN Package Check Results for Package sgeostat

Last updated on 2018-06-24 10:49:36 CEST.

Flavor Version Tinstall Tcheck Ttotal Status Flags
r-devel-linux-x86_64-debian-clang 1.0-27 3.03 27.80 30.83 NOTE
r-devel-linux-x86_64-debian-gcc 1.0-27 2.26 21.00 23.26 NOTE
r-devel-linux-x86_64-fedora-clang 1.0-27 34.54 NOTE
r-devel-linux-x86_64-fedora-gcc 1.0-27 33.98 NOTE
r-devel-windows-ix86+x86_64 1.0-27 13.00 51.00 64.00 OK
r-patched-linux-x86_64 1.0-27 2.90 25.86 28.76 NOTE
r-patched-solaris-x86 1.0-27 51.30 OK
r-release-linux-x86_64 1.0-27 3.03 25.77 28.80 NOTE
r-release-windows-ix86+x86_64 1.0-27 9.00 46.00 55.00 OK
r-release-osx-x86_64 1.0-27 OK
r-oldrel-windows-ix86+x86_64 1.0-27 6.00 46.00 52.00 OK
r-oldrel-osx-x86_64 1.0-27 OK

Check Details

Version: 1.0-27
Check: compiled code
Result: NOTE
    File ‘sgeostat/libs/sgeostat.so’:
     Found no calls to: ‘R_registerRoutines’, ‘R_useDynamicSymbols’
    
    It is good practice to register native routines and to disable symbol
    search.
    
    See ‘Writing portable packages’ in the ‘Writing R Extensions’ manual.
Flavors: r-devel-linux-x86_64-debian-clang, r-devel-linux-x86_64-debian-gcc, r-devel-linux-x86_64-fedora-clang, r-devel-linux-x86_64-fedora-gcc, r-patched-linux-x86_64, r-release-linux-x86_64