CRAN Package Check Results for Package sgeostat

Last updated on 2014-07-25 14:47:43.

Flavor Version Tinstall Tcheck Ttotal Status Flags
r-devel-linux-x86_64-debian-clang 1.0-25 0.98 16.89 17.87 NOTE
r-devel-linux-x86_64-debian-gcc 1.0-25 0.94 16.54 17.48 NOTE
r-devel-linux-x86_64-fedora-clang 1.0-25 35.33 NOTE
r-devel-linux-x86_64-fedora-gcc 1.0-25 33.37 NOTE
r-devel-osx-x86_64-clang 1.0-25 34.11 NOTE
r-devel-windows-ix86+x86_64 1.0-25 4.00 38.00 42.00 NOTE
r-patched-linux-x86_64 1.0-25 0.99 15.95 16.94 NOTE
r-patched-solaris-sparc 1.0-25 192.90 NOTE
r-patched-solaris-x86 1.0-25 45.60 NOTE
r-release-linux-ix86 1.0-25 1.46 23.00 24.47 NOTE
r-release-linux-x86_64 1.0-25 1.00 16.54 17.54 NOTE
r-release-osx-x86_64-mavericks 1.0-25 NOTE
r-release-windows-ix86+x86_64 1.0-25 6.00 44.00 50.00 NOTE
r-oldrel-windows-ix86+x86_64 1.0-25 5.00 31.00 36.00 NOTE

Check Details

Version: 1.0-25
Check: top-level files
Result: NOTE
    File
     LICENSE
    is not mentioned in the DESCRIPTION file.
Flavors: r-devel-linux-x86_64-debian-clang, r-devel-linux-x86_64-debian-gcc, r-devel-osx-x86_64-clang, r-devel-windows-ix86+x86_64, r-patched-linux-x86_64, r-patched-solaris-sparc, r-patched-solaris-x86, r-release-linux-ix86, r-release-linux-x86_64, r-release-osx-x86_64-mavericks, r-release-windows-ix86+x86_64, r-oldrel-windows-ix86+x86_64

Version: 1.0-25
Check: top-level files
Result: NOTE
    File
     LICENSE
    is not mentioned in the DESCRIPTION file.
    Non-standard files/directories found at top level:
     ‘digi.R’ ‘maas.dig’ ‘makefile’ ‘www-SGeoStat’ ‘zn_map.eps’
     ‘zn_map.gif’ ‘zn_map.ps’
Flavors: r-devel-linux-x86_64-fedora-clang, r-devel-linux-x86_64-fedora-gcc

Version: 1.0-25
Check: Rd line widths
Result: NOTE
    Rd file 'fit.variogram.Rd':
     \examples lines wider than 100 characters:
     maas.vmod.fixed<-fit.variogram("gaussian",maas.v,nugget=60000,sill=110000,range=800,plot.it=TRUE,iterations=0)
    
    These lines will be truncated in the PDF manual.
Flavors: r-devel-linux-x86_64-fedora-clang, r-devel-linux-x86_64-fedora-gcc