CRAN Package Check Results for Package sgeostat

Last updated on 2017-07-24 10:47:10.

Flavor Version Tinstall Tcheck Ttotal Status Flags
r-devel-linux-x86_64-debian-clang 1.0-27 1.27 25.25 26.52 NOTE
r-devel-linux-x86_64-debian-gcc 1.0-27 1.14 24.43 25.57 NOTE
r-devel-linux-x86_64-fedora-clang 1.0-27 32.47 NOTE
r-devel-linux-x86_64-fedora-gcc 1.0-27 30.75 NOTE
r-devel-windows-ix86+x86_64 1.0-27 10.00 51.00 61.00 OK
r-patched-linux-x86_64 1.0-27 1.01 25.42 26.43 NOTE
r-patched-solaris-x86 1.0-27 42.70 OK
r-release-linux-x86_64 1.0-27 0.99 24.54 25.52 NOTE
r-release-windows-ix86+x86_64 1.0-27 7.00 41.00 48.00 OK
r-release-osx-x86_64 1.0-27 OK
r-oldrel-windows-ix86+x86_64 1.0-27 6.00 43.00 49.00 OK
r-oldrel-osx-x86_64 1.0-27 OK

Check Details

Version: 1.0-27
Check: compiled code
Result: NOTE
    File ‘sgeostat/libs/sgeostat.so’:
     Found no calls to: ‘R_registerRoutines’, ‘R_useDynamicSymbols’
    
    It is good practice to register native routines and to disable symbol
    search.
    
    See ‘Writing portable packages’ in the ‘Writing R Extensions’ manual.
Flavors: r-devel-linux-x86_64-debian-clang, r-devel-linux-x86_64-debian-gcc, r-devel-linux-x86_64-fedora-clang, r-devel-linux-x86_64-fedora-gcc, r-patched-linux-x86_64, r-release-linux-x86_64