CRAN Package Check Results for Package sgeostat

Last updated on 2022-06-28 20:52:26 CEST.

Flavor Version Tinstall Tcheck Ttotal Status Flags
r-devel-linux-x86_64-debian-clang 1.0-27 5.24 34.67 39.91 OK
r-devel-linux-x86_64-debian-gcc 1.0-27 3.69 26.82 30.51 OK
r-devel-linux-x86_64-fedora-clang 1.0-27 58.41 NOTE
r-devel-linux-x86_64-fedora-gcc 1.0-27 58.13 NOTE
r-devel-windows-x86_64 1.0-27 34.00 64.00 98.00 OK
r-patched-linux-x86_64 1.0-27 4.88 33.42 38.30 OK
r-release-linux-x86_64 1.0-27 3.69 32.96 36.65 OK
r-release-macos-arm64 1.0-27 20.00 OK
r-release-macos-x86_64 1.0-27 28.00 OK
r-release-windows-x86_64 1.0-27 11.00 63.00 74.00 OK
r-oldrel-macos-arm64 1.0-27 26.00 OK
r-oldrel-macos-x86_64 1.0-27 43.00 NOTE
r-oldrel-windows-ix86+x86_64 1.0-27 9.00 50.00 59.00 OK

Check Details

Version: 1.0-27
Check: Rd cross-references
Result: NOTE
    Undeclared package ‘tripack’ in Rd xrefs
Flavor: r-devel-linux-x86_64-fedora-clang

Version: 1.0-27
Check: compiled code
Result: NOTE
    File ‘sgeostat/libs/sgeostat.so’:
     Found no calls to: ‘R_registerRoutines’, ‘R_useDynamicSymbols’
    
    It is good practice to register native routines and to disable symbol
    search.
    
    See ‘Writing portable packages’ in the ‘Writing R Extensions’ manual.
Flavors: r-devel-linux-x86_64-fedora-clang, r-devel-linux-x86_64-fedora-gcc

Version: 1.0-27
Check: Rd cross-references
Result: NOTE
    Package unavailable to check Rd xrefs: ‘tripack’
Flavor: r-oldrel-macos-x86_64