CRAN Package Check Results for Package sgeostat

Last updated on 2017-04-24 08:48:18.

Flavor Version Tinstall Tcheck Ttotal Status Flags
r-devel-linux-x86_64-debian-clang 1.0-27 1.05 17.83 18.88 NOTE
r-devel-linux-x86_64-debian-gcc 1.0-27 1.02 17.41 18.43 NOTE
r-devel-linux-x86_64-fedora-clang 1.0-27 35.26 NOTE --no-stop-on-test-error
r-devel-linux-x86_64-fedora-gcc 1.0-27 30.50 NOTE --no-stop-on-test-error
r-devel-windows-ix86+x86_64 1.0-27 7.00 48.00 55.00 OK
r-patched-linux-x86_64 1.0-27 1.00 17.56 18.55 NOTE
r-patched-solaris-sparc 1.0-27 194.80 OK
r-patched-solaris-x86 1.0-27 40.80 OK
r-release-linux-x86_64 1.0-27 1.06 17.69 18.75 NOTE
r-release-windows-ix86+x86_64 1.0-27 7.00 41.00 48.00 OK
r-release-osx-x86_64 1.0-27 OK
r-oldrel-windows-ix86+x86_64 1.0-27 6.00 43.00 49.00 OK
r-oldrel-osx-x86_64 1.0-27 OK

Check Details

Version: 1.0-27
Check: compiled code
Result: NOTE
    File ‘sgeostat/libs/sgeostat.so’:
     Found no calls to: ‘R_registerRoutines’, ‘R_useDynamicSymbols’
    
    It is good practice to register native routines and to disable symbol
    search.
    
    See ‘Writing portable packages’ in the ‘Writing R Extensions’ manual.
Flavors: r-devel-linux-x86_64-debian-clang, r-devel-linux-x86_64-debian-gcc, r-patched-linux-x86_64, r-release-linux-x86_64

Version: 1.0-27
Flags: --no-stop-on-test-error
Check: compiled code
Result: NOTE
    File ‘sgeostat/libs/sgeostat.so’:
     Found no calls to: ‘R_registerRoutines’, ‘R_useDynamicSymbols’
    
    It is good practice to register native routines and to disable symbol
    search.
    
    See ‘Writing portable packages’ in the ‘Writing R Extensions’ manual.
Flavors: r-devel-linux-x86_64-fedora-clang, r-devel-linux-x86_64-fedora-gcc