CRAN Package Check Results for Package sgeostat

Last updated on 2014-04-16 11:47:27.

Flavor Version Tinstall Tcheck Ttotal Status Flags
r-devel-linux-x86_64-debian-clang 1.0-25 1.06 17.46 18.52 NOTE
r-devel-linux-x86_64-debian-gcc 1.0-25 1.06 17.50 18.56 NOTE
r-devel-linux-x86_64-fedora-clang 1.0-25 35.41 NOTE
r-devel-linux-x86_64-fedora-gcc 1.0-25 32.57 NOTE
r-devel-macosx-x86_64-clang 1.0-25 35.13 NOTE
r-devel-macosx-x86_64-gcc 1.0-25 NOTE
r-devel-windows-ix86+x86_64 1.0-25 4.00 31.00 35.00 NOTE
r-patched-linux-x86_64 1.0-25 1.11 17.24 18.35 NOTE
r-patched-solaris-sparc 1.0-25 192.90 NOTE
r-patched-solaris-x86 1.0-25 45.80 NOTE
r-release-linux-ix86 1.0-25 3.00 32.00 35.00 NOTE
r-release-linux-x86_64 1.0-25 1.01 17.00 18.01 NOTE
r-release-windows-ix86+x86_64 1.0-25 10.00 33.00 43.00 NOTE
r-oldrel-windows-ix86+x86_64 1.0-25 5.00 31.00 36.00 NOTE

Check Details

Version: 1.0-25
Check: top-level files
Result: NOTE
    File
     LICENSE
    is not mentioned in the DESCRIPTION file.
Flavors: r-devel-linux-x86_64-debian-clang, r-devel-linux-x86_64-debian-gcc, r-devel-macosx-x86_64-clang, r-devel-macosx-x86_64-gcc, r-devel-windows-ix86+x86_64, r-patched-linux-x86_64, r-patched-solaris-sparc, r-patched-solaris-x86, r-release-linux-ix86, r-release-linux-x86_64, r-release-windows-ix86+x86_64, r-oldrel-windows-ix86+x86_64

Version: 1.0-25
Check: top-level files
Result: NOTE
    File
     LICENSE
    is not mentioned in the DESCRIPTION file.
    Non-standard files/directories found at top level:
     ‘digi.R’ ‘maas.dig’ ‘makefile’ ‘www-SGeoStat’ ‘zn_map.eps’
     ‘zn_map.gif’ ‘zn_map.ps’
Flavors: r-devel-linux-x86_64-fedora-clang, r-devel-linux-x86_64-fedora-gcc

Version: 1.0-25
Check: Rd line widths
Result: NOTE
    Rd file 'fit.variogram.Rd':
     \examples lines wider than 100 characters:
     maas.vmod.fixed<-fit.variogram("gaussian",maas.v,nugget=60000,sill=110000,range=800,plot.it=TRUE,iterations=0)
    
    These lines will be truncated in the PDF manual.
Flavors: r-devel-linux-x86_64-fedora-clang, r-devel-linux-x86_64-fedora-gcc