CRAN Package Check Results for Package sgeostat

Last updated on 2014-09-21 23:47:30.

Flavor Version Tinstall Tcheck Ttotal Status Flags
r-devel-linux-x86_64-debian-clang 1.0-25 1.01 16.31 17.32 NOTE
r-devel-linux-x86_64-debian-gcc 1.0-25 0.94 15.63 16.56 NOTE
r-devel-linux-x86_64-fedora-clang 1.0-25 34.30 NOTE
r-devel-linux-x86_64-fedora-gcc 1.0-25 31.51 NOTE
r-devel-osx-x86_64-clang 1.0-25 35.14 NOTE
r-devel-windows-ix86+x86_64 1.0-25 5.00 31.00 36.00 NOTE
r-patched-linux-x86_64 1.0-25 0.98 16.50 17.48 NOTE
r-patched-solaris-sparc 1.0-25 205.00 NOTE
r-patched-solaris-x86 1.0-25 45.90 NOTE
r-release-linux-ix86 1.0-25 1.54 23.34 24.88 NOTE
r-release-linux-x86_64 1.0-25 1.04 16.56 17.60 NOTE
r-release-osx-x86_64-mavericks 1.0-25 NOTE
r-release-windows-ix86+x86_64 1.0-25 6.00 44.00 50.00 NOTE
r-oldrel-windows-ix86+x86_64 1.0-25 5.00 31.00 36.00 NOTE

Check Details

Version: 1.0-25
Check: top-level files
Result: NOTE
    File
     LICENSE
    is not mentioned in the DESCRIPTION file.
    Non-standard files/directories found at top level:
     ‘digi.R’ ‘maas.dig’ ‘makefile’ ‘www-SGeoStat’ ‘zn_map.eps’
     ‘zn_map.gif’ ‘zn_map.ps’
Flavors: r-devel-linux-x86_64-debian-clang, r-devel-linux-x86_64-debian-gcc, r-devel-linux-x86_64-fedora-clang, r-devel-linux-x86_64-fedora-gcc, r-patched-linux-x86_64, r-release-linux-x86_64

Version: 1.0-25
Check: Rd line widths
Result: NOTE
    Rd file 'fit.variogram.Rd':
     \examples lines wider than 100 characters:
     maas.vmod.fixed<-fit.variogram("gaussian",maas.v,nugget=60000,sill=110000,range=800,plot.it=TRUE,iterations=0)
    
    These lines will be truncated in the PDF manual.
Flavors: r-devel-linux-x86_64-debian-clang, r-devel-linux-x86_64-debian-gcc, r-devel-linux-x86_64-fedora-clang, r-devel-linux-x86_64-fedora-gcc, r-patched-linux-x86_64, r-release-linux-x86_64

Version: 1.0-25
Check: top-level files
Result: NOTE
    File
     LICENSE
    is not mentioned in the DESCRIPTION file.
Flavors: r-devel-osx-x86_64-clang, r-devel-windows-ix86+x86_64, r-patched-solaris-sparc, r-patched-solaris-x86, r-release-linux-ix86, r-release-osx-x86_64-mavericks, r-release-windows-ix86+x86_64, r-oldrel-windows-ix86+x86_64