CRAN Package Check Results for Package sgeostat

Last updated on 2017-02-22 03:47:50.

Flavor Version Tinstall Tcheck Ttotal Status Flags
r-devel-linux-x86_64-debian-clang 1.0-27 0.99 18.05 19.04 NOTE
r-devel-linux-x86_64-debian-gcc 1.0-27 0.95 17.49 18.44 NOTE
r-devel-linux-x86_64-fedora-clang 1.0-27 30.66 NOTE --no-stop-on-test-error
r-devel-linux-x86_64-fedora-gcc 1.0-27 31.67 NOTE --no-stop-on-test-error
r-devel-macos-x86_64-clang 1.0-27 27.69 NOTE --no-stop-on-test-error
r-devel-windows-ix86+x86_64 1.0-27 7.00 46.00 53.00 OK
r-patched-linux-x86_64 1.0-27 0.90 15.36 16.26 OK
r-patched-solaris-sparc 1.0-27 178.30 OK
r-patched-solaris-x86 1.0-27 38.30 OK
r-release-linux-x86_64 1.0-27 0.96 15.60 16.56 OK
r-release-osx-x86_64-mavericks 1.0-27 OK
r-release-windows-ix86+x86_64 1.0-27 6.00 43.00 49.00 OK
r-oldrel-windows-ix86+x86_64 1.0-27 7.00 44.00 51.00 OK

Check Details

Version: 1.0-27
Check: compiled code
Result: NOTE
    File ‘sgeostat/libs/sgeostat.so’:
     Found no calls to: ‘R_registerRoutines’, ‘R_useDynamicSymbols’
    
    It is good practice to register native routines and to disable symbol
    search.
    
    See ‘Writing portable packages’ in the ‘Writing R Extensions’ manual.
Flavors: r-devel-linux-x86_64-debian-clang, r-devel-linux-x86_64-debian-gcc

Version: 1.0-27
Flags: --no-stop-on-test-error
Check: compiled code
Result: NOTE
    File ‘sgeostat/libs/sgeostat.so’:
     Found no calls to: ‘R_registerRoutines’, ‘R_useDynamicSymbols’
    
    It is good practice to register native routines and to disable symbol
    search.
    
    See ‘Writing portable packages’ in the ‘Writing R Extensions’ manual.
Flavors: r-devel-linux-x86_64-fedora-clang, r-devel-linux-x86_64-fedora-gcc, r-devel-macos-x86_64-clang