CRAN Package Check Results for Package sgeostat

Last updated on 2014-11-22 03:49:40.

Flavor Version Tinstall Tcheck Ttotal Status Flags
r-devel-linux-x86_64-debian-clang 1.0-25 1.01 16.84 17.85 NOTE
r-devel-linux-x86_64-debian-gcc 1.0-25 0.95 15.90 16.85 NOTE
r-devel-linux-x86_64-fedora-clang 1.0-25 38.04 NOTE
r-devel-linux-x86_64-fedora-gcc 1.0-25 34.02 NOTE
r-devel-osx-x86_64-clang 1.0-25 35.40 NOTE
r-devel-windows-ix86+x86_64 1.0-25 5.00 30.00 35.00 NOTE
r-patched-linux-x86_64 1.0-25 1.07 16.61 17.68 NOTE
r-patched-solaris-sparc 1.0-25 205.00 NOTE
r-patched-solaris-x86 1.0-25 47.70 NOTE
r-release-linux-ix86 1.0-25 1.41 22.68 24.10 NOTE
r-release-linux-x86_64 1.0-25 1.04 16.62 17.66 NOTE
r-release-osx-x86_64-mavericks 1.0-25 NOTE
r-release-windows-ix86+x86_64 1.0-25 5.00 44.00 49.00 NOTE
r-oldrel-windows-ix86+x86_64 1.0-25 5.00 31.00 36.00 NOTE

Check Details

Version: 1.0-25
Check: top-level files
Result: NOTE
    File
     LICENSE
    is not mentioned in the DESCRIPTION file.
    Non-standard files/directories found at top level:
     ‘digi.R’ ‘maas.dig’ ‘makefile’ ‘www-SGeoStat’ ‘zn_map.eps’
     ‘zn_map.gif’ ‘zn_map.ps’
Flavors: r-devel-linux-x86_64-debian-clang, r-devel-linux-x86_64-debian-gcc, r-devel-linux-x86_64-fedora-clang, r-devel-linux-x86_64-fedora-gcc, r-patched-linux-x86_64, r-release-linux-x86_64

Version: 1.0-25
Check: Rd line widths
Result: NOTE
    Rd file 'fit.variogram.Rd':
     \examples lines wider than 100 characters:
     maas.vmod.fixed<-fit.variogram("gaussian",maas.v,nugget=60000,sill=110000,range=800,plot.it=TRUE,iterations=0)
    
    These lines will be truncated in the PDF manual.
Flavors: r-devel-linux-x86_64-debian-clang, r-devel-linux-x86_64-debian-gcc, r-devel-linux-x86_64-fedora-clang, r-devel-linux-x86_64-fedora-gcc, r-patched-linux-x86_64, r-release-linux-x86_64

Version: 1.0-25
Check: top-level files
Result: NOTE
    File
     LICENSE
    is not mentioned in the DESCRIPTION file.
Flavors: r-devel-osx-x86_64-clang, r-devel-windows-ix86+x86_64, r-patched-solaris-sparc, r-patched-solaris-x86, r-release-linux-ix86, r-release-osx-x86_64-mavericks, r-release-windows-ix86+x86_64, r-oldrel-windows-ix86+x86_64