CRAN Package Check Results for Package sgeostat

Last updated on 2024-04-25 08:00:07 CEST.

Flavor Version Tinstall Tcheck Ttotal Status Flags
r-devel-linux-x86_64-debian-clang 1.0-27 5.49 36.47 41.96 OK
r-devel-linux-x86_64-debian-gcc 1.0-27 3.75 27.59 31.34 OK
r-devel-linux-x86_64-fedora-clang 1.0-27 51.79 NOTE
r-devel-linux-x86_64-fedora-gcc 1.0-27 49.33 NOTE
r-devel-windows-x86_64 1.0-27 6.00 51.00 57.00 OK
r-patched-linux-x86_64 1.0-27 4.94 35.26 40.20 OK
r-release-linux-x86_64 1.0-27 4.24 33.70 37.94 OK
r-release-macos-arm64 1.0-27 19.00 OK
r-release-windows-x86_64 1.0-27 6.00 52.00 58.00 OK
r-oldrel-macos-arm64 1.0-27 21.00 OK
r-oldrel-macos-x86_64 1.0-27 32.00 NOTE
r-oldrel-windows-x86_64 1.0-27 10.00 57.00 67.00 OK

Check Details

Version: 1.0-27
Check: Rd cross-references
Result: NOTE Undeclared package ‘tripack’ in Rd xrefs Flavor: r-devel-linux-x86_64-fedora-clang

Version: 1.0-27
Check: compiled code
Result: NOTE File ‘sgeostat/libs/sgeostat.so’: Found no calls to: ‘R_registerRoutines’, ‘R_useDynamicSymbols’ It is good practice to register native routines and to disable symbol search. See ‘Writing portable packages’ in the ‘Writing R Extensions’ manual. Flavors: r-devel-linux-x86_64-fedora-clang, r-devel-linux-x86_64-fedora-gcc

Version: 1.0-27
Check: Rd cross-references
Result: NOTE Package unavailable to check Rd xrefs: ‘tripack’ Flavor: r-oldrel-macos-x86_64