CRAN Package Check Results for Package sgeostat

Last updated on 2017-03-27 13:55:59.

Flavor Version Tinstall Tcheck Ttotal Status Flags
r-devel-linux-x86_64-debian-clang 1.0-27 1.07 18.30 19.37 NOTE
r-devel-linux-x86_64-debian-gcc 1.0-27 1.02 17.37 18.39 NOTE
r-devel-linux-x86_64-fedora-clang 1.0-27 32.83 NOTE --no-stop-on-test-error
r-devel-linux-x86_64-fedora-gcc 1.0-27 30.22 NOTE --no-stop-on-test-error
r-devel-macos-x86_64-clang 1.0-27 26.98 NOTE --no-stop-on-test-error
r-devel-windows-ix86+x86_64 1.0-27 7.00 55.00 62.00 OK
r-patched-linux-x86_64 1.0-27 0.97 17.69 18.66 NOTE
r-patched-solaris-sparc 1.0-27 194.80 OK
r-patched-solaris-x86 1.0-27 42.20 OK
r-release-linux-x86_64 1.0-27 0.89 16.26 17.15 OK
r-release-osx-x86_64-mavericks 1.0-27 OK
r-release-windows-ix86+x86_64 1.0-27 6.00 43.00 49.00 OK
r-oldrel-windows-ix86+x86_64 1.0-27 7.00 44.00 51.00 OK

Check Details

Version: 1.0-27
Check: compiled code
Result: NOTE
    File ‘sgeostat/libs/sgeostat.so’:
     Found no calls to: ‘R_registerRoutines’, ‘R_useDynamicSymbols’
    
    It is good practice to register native routines and to disable symbol
    search.
    
    See ‘Writing portable packages’ in the ‘Writing R Extensions’ manual.
Flavors: r-devel-linux-x86_64-debian-clang, r-devel-linux-x86_64-debian-gcc, r-patched-linux-x86_64

Version: 1.0-27
Flags: --no-stop-on-test-error
Check: compiled code
Result: NOTE
    File ‘sgeostat/libs/sgeostat.so’:
     Found no calls to: ‘R_registerRoutines’, ‘R_useDynamicSymbols’
    
    It is good practice to register native routines and to disable symbol
    search.
    
    See ‘Writing portable packages’ in the ‘Writing R Extensions’ manual.
Flavors: r-devel-linux-x86_64-fedora-clang, r-devel-linux-x86_64-fedora-gcc, r-devel-macos-x86_64-clang