CRAN Package Check Results for Package sglr

Last updated on 2016-08-24 20:54:36.

Flavor Version Tinstall Tcheck Ttotal Status Flags
r-devel-linux-x86_64-debian-clang 0.7 1.19 23.94 25.13 NOTE
r-devel-linux-x86_64-debian-gcc 0.7 1.09 22.70 23.79 NOTE
r-devel-linux-x86_64-fedora-clang 0.7 45.31 NOTE
r-devel-linux-x86_64-fedora-gcc 0.7 42.49 NOTE
r-devel-osx-x86_64-clang 0.7 38.50 NOTE
r-devel-windows-ix86+x86_64 0.7 6.00 75.00 81.00 NOTE
r-patched-linux-x86_64 0.7 1.16 22.63 23.78 NOTE
r-patched-solaris-sparc 0.7 305.50 NOTE
r-patched-solaris-x86 0.7 59.40 NOTE
r-release-linux-x86_64 0.7 1.16 23.03 24.20 NOTE
r-release-osx-x86_64-mavericks 0.7 NOTE
r-release-windows-ix86+x86_64 0.7 4.00 51.00 55.00 NOTE
r-oldrel-windows-ix86+x86_64 0.7 4.00 46.00 50.00 NOTE

Check Details

Version: 0.7
Check: DESCRIPTION meta-information
Result: NOTE
    Malformed Description field: should contain one or more complete sentences.
Flavors: r-devel-linux-x86_64-debian-clang, r-devel-linux-x86_64-debian-gcc, r-devel-linux-x86_64-fedora-clang, r-devel-linux-x86_64-fedora-gcc, r-devel-osx-x86_64-clang, r-devel-windows-ix86+x86_64, r-patched-linux-x86_64, r-patched-solaris-sparc, r-patched-solaris-x86, r-release-linux-x86_64, r-release-osx-x86_64-mavericks, r-release-windows-ix86+x86_64, r-oldrel-windows-ix86+x86_64

Version: 0.7
Check: R code for possible problems
Result: NOTE
    .computePStar: no visible global function definition for ‘uniroot’
    plotBoundary: no visible global function definition for
     ‘scale_y_continuous’
    Undefined global functions or variables:
     scale_y_continuous uniroot
    Consider adding
     importFrom("stats", "uniroot")
    to your NAMESPACE file.
Flavors: r-devel-linux-x86_64-debian-clang, r-devel-linux-x86_64-debian-gcc, r-devel-linux-x86_64-fedora-clang, r-devel-linux-x86_64-fedora-gcc, r-devel-osx-x86_64-clang, r-devel-windows-ix86+x86_64, r-patched-linux-x86_64, r-patched-solaris-sparc, r-patched-solaris-x86, r-release-linux-x86_64, r-release-osx-x86_64-mavericks, r-release-windows-ix86+x86_64

Version: 0.7
Check: R code for possible problems
Result: NOTE
    plotBoundary: no visible global function definition for
     'scale_y_continuous'
Flavor: r-oldrel-windows-ix86+x86_64