CRAN Package Check Results for Package sglr

Last updated on 2017-01-18 12:55:01.

Flavor Version Tinstall Tcheck Ttotal Status Flags
r-devel-linux-x86_64-debian-clang 0.7 1.46 27.20 28.66 NOTE
r-devel-linux-x86_64-debian-gcc 0.7 1.41 27.11 28.52 NOTE
r-devel-linux-x86_64-fedora-clang 0.7 53.43 NOTE --no-stop-on-test-error
r-devel-linux-x86_64-fedora-gcc 0.7 52.14 NOTE --no-stop-on-test-error
r-devel-macos-x86_64-clang 0.7 43.20 NOTE --no-stop-on-test-error
r-devel-windows-ix86+x86_64 0.7 7.00 59.00 66.00 NOTE
r-patched-linux-x86_64 0.7 1.17 23.83 25.00 NOTE
r-patched-solaris-sparc 0.7 312.70 NOTE
r-patched-solaris-x86 0.7 62.70 NOTE
r-release-linux-x86_64 0.7 1.20 23.79 24.99 NOTE
r-release-osx-x86_64-mavericks 0.7 NOTE
r-release-windows-ix86+x86_64 0.7 4.00 54.00 58.00 NOTE
r-oldrel-windows-ix86+x86_64 0.7 5.00 74.00 79.00 NOTE

Check Details

Version: 0.7
Check: DESCRIPTION meta-information
Result: NOTE
    Malformed Description field: should contain one or more complete sentences.
Flavors: r-devel-linux-x86_64-debian-clang, r-devel-linux-x86_64-debian-gcc, r-devel-windows-ix86+x86_64, r-patched-linux-x86_64, r-patched-solaris-sparc, r-patched-solaris-x86, r-release-linux-x86_64, r-release-osx-x86_64-mavericks, r-release-windows-ix86+x86_64, r-oldrel-windows-ix86+x86_64

Version: 0.7
Check: R code for possible problems
Result: NOTE
    .computePStar: no visible global function definition for ‘uniroot’
    plotBoundary: no visible global function definition for
     ‘scale_y_continuous’
    Undefined global functions or variables:
     scale_y_continuous uniroot
    Consider adding
     importFrom("stats", "uniroot")
    to your NAMESPACE file.
Flavors: r-devel-linux-x86_64-debian-clang, r-devel-linux-x86_64-debian-gcc, r-devel-windows-ix86+x86_64, r-patched-linux-x86_64, r-patched-solaris-sparc, r-patched-solaris-x86, r-release-linux-x86_64, r-release-osx-x86_64-mavericks, r-release-windows-ix86+x86_64

Version: 0.7
Flags: --no-stop-on-test-error
Check: DESCRIPTION meta-information
Result: NOTE
    Malformed Description field: should contain one or more complete sentences.
Flavors: r-devel-linux-x86_64-fedora-clang, r-devel-linux-x86_64-fedora-gcc, r-devel-macos-x86_64-clang

Version: 0.7
Flags: --no-stop-on-test-error
Check: R code for possible problems
Result: NOTE
    .computePStar: no visible global function definition for ‘uniroot’
    plotBoundary: no visible global function definition for
     ‘scale_y_continuous’
    Undefined global functions or variables:
     scale_y_continuous uniroot
    Consider adding
     importFrom("stats", "uniroot")
    to your NAMESPACE file.
Flavors: r-devel-linux-x86_64-fedora-clang, r-devel-linux-x86_64-fedora-gcc, r-devel-macos-x86_64-clang

Version: 0.7
Check: R code for possible problems
Result: NOTE
    plotBoundary: no visible global function definition for
     'scale_y_continuous'
Flavor: r-oldrel-windows-ix86+x86_64