CRAN Package Check Results for Package sglr

Last updated on 2015-07-02 23:47:37.

Flavor Version Tinstall Tcheck Ttotal Status Flags
r-devel-linux-x86_64-debian-clang 0.7 1.62 23.04 24.66 NOTE
r-devel-linux-x86_64-debian-gcc 0.7 1.13 23.22 24.35 NOTE
r-devel-linux-x86_64-fedora-clang 0.7 52.56 NOTE
r-devel-linux-x86_64-fedora-gcc 0.7 49.16 NOTE
r-devel-osx-x86_64-clang 0.7 42.92 NOTE
r-devel-windows-ix86+x86_64 0.7 4.00 41.00 45.00 NOTE
r-patched-linux-x86_64 0.7 1.13 24.15 25.28 NOTE
r-patched-solaris-sparc 0.7 351.40 NOTE
r-patched-solaris-x86 0.7 70.40 NOTE
r-release-linux-x86_64 0.7 1.30 24.20 25.50 NOTE
r-release-osx-x86_64-mavericks 0.7 NOTE
r-release-windows-ix86+x86_64 0.7 4.00 42.00 46.00 NOTE
r-oldrel-windows-ix86+x86_64 0.7 11.00 69.00 80.00 NOTE

Check Details

Version: 0.7
Check: DESCRIPTION meta-information
Result: NOTE
    Malformed Description field: should contain one or more complete sentences.
Flavors: r-devel-linux-x86_64-debian-clang, r-devel-linux-x86_64-debian-gcc, r-devel-linux-x86_64-fedora-clang, r-devel-linux-x86_64-fedora-gcc, r-devel-osx-x86_64-clang, r-devel-windows-ix86+x86_64, r-patched-linux-x86_64, r-patched-solaris-sparc, r-patched-solaris-x86, r-release-linux-x86_64, r-release-osx-x86_64-mavericks, r-release-windows-ix86+x86_64

Version: 0.7
Check: R code for possible problems
Result: NOTE
    .computePStar: no visible global function definition for ‘uniroot’
    plotBoundary: no visible global function definition for
     ‘scale_y_continuous’
    Undefined global functions or variables:
     scale_y_continuous uniroot
Flavors: r-devel-linux-x86_64-debian-clang, r-devel-linux-x86_64-fedora-clang, r-devel-linux-x86_64-fedora-gcc, r-devel-windows-ix86+x86_64

Version: 0.7
Check: R code for possible problems
Result: NOTE
    .computePStar: no visible global function definition for ‘uniroot’
    plotBoundary: no visible global function definition for
     ‘scale_y_continuous’
Flavor: r-devel-linux-x86_64-debian-gcc

Version: 0.7
Check: R code for possible problems
Result: NOTE
    plotBoundary: no visible global function definition for
     ‘scale_y_continuous’
    Undefined global functions or variables:
     scale_y_continuous
Flavor: r-devel-osx-x86_64-clang

Version: 0.7
Check: R code for possible problems
Result: NOTE
    plotBoundary: no visible global function definition for
     ‘scale_y_continuous’
Flavors: r-patched-linux-x86_64, r-patched-solaris-sparc, r-patched-solaris-x86, r-release-linux-x86_64, r-release-osx-x86_64-mavericks, r-release-windows-ix86+x86_64, r-oldrel-windows-ix86+x86_64