CRAN Package Check Results for Package sglr

Last updated on 2014-12-21 11:46:44.

Flavor Version Tinstall Tcheck Ttotal Status Flags
r-devel-linux-x86_64-debian-clang 0.7 1.76 33.84 35.60 NOTE
r-devel-linux-x86_64-debian-gcc 0.7 1.62 30.54 32.17 NOTE
r-devel-linux-x86_64-fedora-clang 0.7 75.91 NOTE
r-devel-linux-x86_64-fedora-gcc 0.7 68.19 NOTE
r-devel-osx-x86_64-clang 0.7 68.57 NOTE
r-devel-windows-ix86+x86_64 0.7 9.00 54.00 63.00 NOTE
r-patched-linux-x86_64 0.7 1.74 32.28 34.02 NOTE
r-patched-solaris-sparc 0.7 412.40 NOTE
r-patched-solaris-x86 0.7 90.10 NOTE
r-release-linux-ix86 0.7 2.04 39.86 41.90 NOTE
r-release-linux-x86_64 0.7 1.74 32.69 34.43 NOTE
r-release-osx-x86_64-mavericks 0.7 OK
r-release-osx-x86_64-snowleopard 0.7 OK
r-release-windows-ix86+x86_64 0.7 8.00 57.00 65.00 NOTE
r-oldrel-windows-ix86+x86_64 0.7 8.00 68.00 76.00 OK

Check Details

Version: 0.7
Check: R code for possible problems
Result: NOTE
    plotBoundary: no visible global function definition for
     ‘scale_y_continuous’
Flavors: r-devel-linux-x86_64-debian-clang, r-devel-linux-x86_64-debian-gcc, r-devel-linux-x86_64-fedora-clang, r-devel-linux-x86_64-fedora-gcc, r-devel-osx-x86_64-clang, r-devel-windows-ix86+x86_64, r-patched-linux-x86_64, r-patched-solaris-sparc, r-patched-solaris-x86, r-release-linux-ix86, r-release-linux-x86_64, r-release-windows-ix86+x86_64