CRAN Package Check Results for Package sglr

Last updated on 2016-05-04 09:48:40.

Flavor Version Tinstall Tcheck Ttotal Status Flags
r-devel-linux-x86_64-debian-gcc 0.7 1.04 22.52 23.57 NOTE
r-devel-linux-x86_64-fedora-clang 0.7 45.84 NOTE
r-devel-linux-x86_64-fedora-gcc 0.7 42.05 NOTE
r-devel-osx-x86_64-clang 0.7 51.63 NOTE
r-devel-windows-ix86+x86_64 0.7 4.00 48.00 52.00 NOTE
r-patched-linux-x86_64 0.7 1.24 22.42 23.66 NOTE
r-patched-solaris-sparc 0.7 298.30 NOTE
r-patched-solaris-x86 0.7 58.90 NOTE
r-release-linux-x86_64 0.7 1.28 24.27 25.56 NOTE
r-release-osx-x86_64-mavericks 0.7 NOTE
r-release-windows-ix86+x86_64 0.7 4.00 46.00 50.00 NOTE
r-oldrel-windows-ix86+x86_64 0.7 10.00 67.00 77.00 NOTE

Check Details

Version: 0.7
Check: DESCRIPTION meta-information
Result: NOTE
    Malformed Description field: should contain one or more complete sentences.
Flavors: r-devel-linux-x86_64-debian-gcc, r-devel-linux-x86_64-fedora-clang, r-devel-linux-x86_64-fedora-gcc, r-devel-osx-x86_64-clang, r-devel-windows-ix86+x86_64, r-patched-linux-x86_64, r-patched-solaris-sparc, r-patched-solaris-x86, r-release-linux-x86_64, r-release-osx-x86_64-mavericks, r-release-windows-ix86+x86_64

Version: 0.7
Check: R code for possible problems
Result: NOTE
    .computePStar: no visible global function definition for ‘uniroot’
    plotBoundary: no visible global function definition for
     ‘scale_y_continuous’
    Undefined global functions or variables:
     scale_y_continuous uniroot
    Consider adding
     importFrom("stats", "uniroot")
    to your NAMESPACE file.
Flavors: r-devel-linux-x86_64-debian-gcc, r-devel-linux-x86_64-fedora-clang, r-devel-linux-x86_64-fedora-gcc, r-devel-osx-x86_64-clang, r-devel-windows-ix86+x86_64, r-patched-linux-x86_64, r-patched-solaris-sparc, r-patched-solaris-x86

Version: 0.7
Check: R code for possible problems
Result: NOTE
    plotBoundary: no visible global function definition for
     ‘scale_y_continuous’
Flavors: r-release-linux-x86_64, r-release-osx-x86_64-mavericks, r-release-windows-ix86+x86_64, r-oldrel-windows-ix86+x86_64