CRAN Package Check Results for Package sglr

Last updated on 2014-09-21 13:46:53.

Flavor Version Tinstall Tcheck Ttotal Status Flags
r-devel-linux-x86_64-debian-clang 0.7 1.74 31.94 33.68 NOTE
r-devel-linux-x86_64-debian-gcc 0.7 1.67 31.44 33.11 NOTE
r-devel-linux-x86_64-fedora-clang 0.7 75.34 NOTE
r-devel-linux-x86_64-fedora-gcc 0.7 68.91 NOTE
r-devel-osx-x86_64-clang 0.7 67.98 NOTE
r-devel-windows-ix86+x86_64 0.7 8.00 51.00 59.00 NOTE
r-patched-linux-x86_64 0.7 1.74 33.48 35.21 OK
r-patched-solaris-sparc 0.7 447.40 OK
r-patched-solaris-x86 0.7 90.50 OK
r-release-linux-ix86 0.7 2.33 43.24 45.56 OK
r-release-linux-x86_64 0.7 1.86 33.74 35.61 OK
r-release-osx-x86_64-mavericks 0.7 OK
r-release-osx-x86_64-snowleopard 0.7 OK
r-release-windows-ix86+x86_64 0.7 9.00 56.00 65.00 OK
r-oldrel-windows-ix86+x86_64 0.7 10.00 61.00 71.00 OK

Check Details

Version: 0.7
Check: R code for possible problems
Result: NOTE
    plotBoundary: no visible global function definition for
     ‘scale_y_continuous’
Flavors: r-devel-linux-x86_64-debian-clang, r-devel-linux-x86_64-debian-gcc, r-devel-linux-x86_64-fedora-clang, r-devel-linux-x86_64-fedora-gcc, r-devel-osx-x86_64-clang, r-devel-windows-ix86+x86_64