Last updated on 2022-07-01 09:52:35 CEST.
Flavor | Version | Tinstall | Tcheck | Ttotal | Status | Flags |
---|---|---|---|---|---|---|
r-devel-linux-x86_64-debian-clang | 0.8 | 7.40 | 72.89 | 80.29 | OK | |
r-devel-linux-x86_64-debian-gcc | 0.8 | 4.94 | 54.30 | 59.24 | OK | |
r-devel-linux-x86_64-fedora-clang | 0.8 | 104.38 | NOTE | |||
r-devel-linux-x86_64-fedora-gcc | 0.8 | 102.38 | NOTE | |||
r-devel-windows-x86_64 | 0.8 | 14.00 | 91.00 | 105.00 | OK | |
r-patched-linux-x86_64 | 0.8 | 6.47 | 68.50 | 74.97 | OK | |
r-release-linux-x86_64 | 0.8 | 5.31 | 69.57 | 74.88 | OK | |
r-release-macos-arm64 | 0.8 | 32.00 | NOTE | |||
r-release-macos-x86_64 | 0.8 | 42.00 | NOTE | |||
r-release-windows-x86_64 | 0.8 | 12.00 | 91.00 | 103.00 | OK | |
r-oldrel-macos-arm64 | 0.8 | 24.00 | NOTE | |||
r-oldrel-macos-x86_64 | 0.8 | 44.00 | NOTE | |||
r-oldrel-windows-ix86+x86_64 | 0.8 | 17.00 | 91.00 | 108.00 | OK |
Version: 0.8
Check: dependencies in R code
Result: NOTE
Namespace in Imports field not imported from: ‘rlang’
All declared Imports should be used.
Flavors: r-devel-linux-x86_64-fedora-clang, r-devel-linux-x86_64-fedora-gcc, r-release-macos-arm64, r-release-macos-x86_64, r-oldrel-macos-arm64, r-oldrel-macos-x86_64