CRAN Package Check Results for Package sglr

Last updated on 2014-11-26 19:49:44.

Flavor Version Tinstall Tcheck Ttotal Status Flags
r-devel-linux-x86_64-debian-clang 0.7 1.64 31.57 33.21 NOTE
r-devel-linux-x86_64-debian-gcc 0.7 1.63 31.52 33.16 NOTE
r-devel-linux-x86_64-fedora-clang 0.7 74.16 NOTE
r-devel-linux-x86_64-fedora-gcc 0.7 69.83 NOTE
r-devel-osx-x86_64-clang 0.7 68.66 NOTE
r-devel-windows-ix86+x86_64 0.7 8.00 51.00 59.00 NOTE
r-patched-linux-x86_64 0.7 1.69 32.04 33.73 NOTE
r-patched-solaris-sparc 0.7 412.40 NOTE
r-patched-solaris-x86 0.7 87.90 NOTE
r-release-linux-ix86 0.7 2.07 39.79 41.86 NOTE
r-release-linux-x86_64 0.7 1.93 32.47 34.40 NOTE
r-release-osx-x86_64-mavericks 0.7 OK
r-release-osx-x86_64-snowleopard 0.7 OK
r-release-windows-ix86+x86_64 0.7 8.00 57.00 65.00 NOTE
r-oldrel-windows-ix86+x86_64 0.7 8.00 67.00 75.00 OK

Check Details

Version: 0.7
Check: R code for possible problems
Result: NOTE
    plotBoundary: no visible global function definition for
     ‘scale_y_continuous’
Flavors: r-devel-linux-x86_64-debian-clang, r-devel-linux-x86_64-debian-gcc, r-devel-linux-x86_64-fedora-clang, r-devel-linux-x86_64-fedora-gcc, r-devel-osx-x86_64-clang, r-devel-windows-ix86+x86_64, r-patched-linux-x86_64, r-patched-solaris-sparc, r-patched-solaris-x86, r-release-linux-ix86, r-release-linux-x86_64, r-release-windows-ix86+x86_64