CRAN Package Check Results for Package sglr

Last updated on 2015-01-27 01:48:14.

Flavor Version Tinstall Tcheck Ttotal Status Flags
r-devel-linux-x86_64-debian-clang 0.7 1.52 25.10 26.62 NOTE
r-devel-linux-x86_64-debian-gcc 0.7 1.42 24.48 25.90 NOTE
r-devel-linux-x86_64-fedora-clang 0.7 76.67 NOTE
r-devel-linux-x86_64-fedora-gcc 0.7 71.59 NOTE
r-devel-osx-x86_64-clang 0.7 68.35 NOTE
r-devel-windows-ix86+x86_64 0.7 5.00 41.00 46.00 NOTE
r-patched-linux-x86_64 0.7 1.86 32.38 34.24 NOTE
r-patched-solaris-sparc 0.7 414.20 NOTE
r-patched-solaris-x86 0.7 90.10 NOTE
r-release-linux-ix86 0.7 2.08 39.99 42.06 NOTE
r-release-linux-x86_64 0.7 1.72 32.97 34.69 NOTE
r-release-osx-x86_64-mavericks 0.7 NOTE
r-release-osx-x86_64-snowleopard 0.7 OK
r-release-windows-ix86+x86_64 0.7 14.00 59.00 73.00 NOTE
r-oldrel-windows-ix86+x86_64 0.7 13.00 68.00 81.00 OK

Check Details

Version: 0.7
Check: R code for possible problems
Result: NOTE
    plotBoundary: no visible global function definition for
     ‘scale_y_continuous’
Flavors: r-devel-linux-x86_64-debian-clang, r-devel-linux-x86_64-debian-gcc, r-devel-linux-x86_64-fedora-clang, r-devel-linux-x86_64-fedora-gcc, r-devel-osx-x86_64-clang, r-devel-windows-ix86+x86_64, r-patched-linux-x86_64, r-patched-solaris-sparc, r-patched-solaris-x86, r-release-linux-ix86, r-release-linux-x86_64, r-release-osx-x86_64-mavericks, r-release-windows-ix86+x86_64