CRAN Package Check Results for Package sglr

Last updated on 2016-12-05 16:47:41.

Flavor Version Tinstall Tcheck Ttotal Status Flags
r-devel-linux-x86_64-debian-clang 0.7 1.24 27.79 29.03 NOTE
r-devel-linux-x86_64-debian-gcc 0.7 1.51 27.27 28.78 NOTE
r-devel-linux-x86_64-fedora-clang 0.7 55.96 NOTE --no-stop-on-test-error
r-devel-linux-x86_64-fedora-gcc 0.7 54.06 NOTE --no-stop-on-test-error
r-devel-macos-x86_64-clang 0.7 44.67 NOTE
r-devel-windows-ix86+x86_64 0.7 5.00 83.00 88.00 NOTE
r-patched-linux-x86_64 0.7 1.25 24.25 25.50 NOTE
r-patched-solaris-sparc 0.7 320.10 NOTE
r-patched-solaris-x86 0.7 61.60 NOTE
r-release-linux-x86_64 0.7 1.45 23.62 25.07 NOTE
r-release-osx-x86_64-mavericks 0.7 NOTE
r-release-windows-ix86+x86_64 0.7 7.00 49.00 56.00 NOTE
r-oldrel-windows-ix86+x86_64 0.7 6.00 70.00 76.00 NOTE

Check Details

Version: 0.7
Check: DESCRIPTION meta-information
Result: NOTE
    Malformed Description field: should contain one or more complete sentences.
Flavors: r-devel-linux-x86_64-debian-clang, r-devel-linux-x86_64-debian-gcc, r-devel-macos-x86_64-clang, r-devel-windows-ix86+x86_64, r-patched-linux-x86_64, r-patched-solaris-sparc, r-patched-solaris-x86, r-release-linux-x86_64, r-release-osx-x86_64-mavericks, r-release-windows-ix86+x86_64, r-oldrel-windows-ix86+x86_64

Version: 0.7
Check: R code for possible problems
Result: NOTE
    .computePStar: no visible global function definition for ‘uniroot’
    plotBoundary: no visible global function definition for
     ‘scale_y_continuous’
    Undefined global functions or variables:
     scale_y_continuous uniroot
    Consider adding
     importFrom("stats", "uniroot")
    to your NAMESPACE file.
Flavors: r-devel-linux-x86_64-debian-clang, r-devel-linux-x86_64-debian-gcc, r-devel-macos-x86_64-clang, r-devel-windows-ix86+x86_64, r-patched-linux-x86_64, r-patched-solaris-sparc, r-patched-solaris-x86, r-release-linux-x86_64, r-release-osx-x86_64-mavericks, r-release-windows-ix86+x86_64

Version: 0.7
Flags: --no-stop-on-test-error
Check: DESCRIPTION meta-information
Result: NOTE
    Malformed Description field: should contain one or more complete sentences.
Flavors: r-devel-linux-x86_64-fedora-clang, r-devel-linux-x86_64-fedora-gcc

Version: 0.7
Flags: --no-stop-on-test-error
Check: R code for possible problems
Result: NOTE
    .computePStar: no visible global function definition for ‘uniroot’
    plotBoundary: no visible global function definition for
     ‘scale_y_continuous’
    Undefined global functions or variables:
     scale_y_continuous uniroot
    Consider adding
     importFrom("stats", "uniroot")
    to your NAMESPACE file.
Flavors: r-devel-linux-x86_64-fedora-clang, r-devel-linux-x86_64-fedora-gcc

Version: 0.7
Check: R code for possible problems
Result: NOTE
    plotBoundary: no visible global function definition for
     'scale_y_continuous'
Flavor: r-oldrel-windows-ix86+x86_64