CRAN Package Check Results for Package sglr

Last updated on 2016-02-10 02:49:21.

Flavor Version Tinstall Tcheck Ttotal Status Flags
r-devel-linux-x86_64-debian-gcc 0.7 1.11 21.66 22.76 NOTE
r-devel-linux-x86_64-fedora-clang 0.7 45.86 NOTE
r-devel-linux-x86_64-fedora-gcc 0.7 42.75 NOTE
r-devel-osx-x86_64-clang 0.7 51.11 NOTE
r-devel-windows-ix86+x86_64 0.7 6.00 44.00 50.00 NOTE
r-patched-linux-x86_64 0.7 1.14 22.71 23.85 NOTE
r-patched-solaris-sparc 0.7 309.70 NOTE
r-patched-solaris-x86 0.7 60.10 NOTE
r-release-linux-x86_64 0.7 1.35 23.25 24.60 NOTE
r-release-osx-x86_64-mavericks 0.7 NOTE
r-release-windows-ix86+x86_64 0.7 5.00 42.00 47.00 NOTE
r-oldrel-windows-ix86+x86_64 0.7 12.00 84.00 96.00 NOTE

Check Details

Version: 0.7
Check: DESCRIPTION meta-information
Result: NOTE
    Malformed Description field: should contain one or more complete sentences.
Flavors: r-devel-linux-x86_64-debian-gcc, r-devel-linux-x86_64-fedora-clang, r-devel-linux-x86_64-fedora-gcc, r-devel-osx-x86_64-clang, r-devel-windows-ix86+x86_64, r-patched-linux-x86_64, r-patched-solaris-sparc, r-patched-solaris-x86, r-release-linux-x86_64, r-release-osx-x86_64-mavericks, r-release-windows-ix86+x86_64

Version: 0.7
Check: R code for possible problems
Result: NOTE
    .computePStar: no visible global function definition for ‘uniroot’
    plotBoundary: no visible global function definition for
     ‘scale_y_continuous’
    Undefined global functions or variables:
     scale_y_continuous uniroot
    Consider adding
     importFrom("stats", "uniroot")
    to your NAMESPACE file.
Flavors: r-devel-linux-x86_64-debian-gcc, r-devel-linux-x86_64-fedora-clang, r-devel-linux-x86_64-fedora-gcc, r-devel-osx-x86_64-clang, r-devel-windows-ix86+x86_64

Version: 0.7
Check: R code for possible problems
Result: NOTE
    plotBoundary: no visible global function definition for
     ‘scale_y_continuous’
Flavors: r-patched-linux-x86_64, r-patched-solaris-sparc, r-patched-solaris-x86, r-release-linux-x86_64, r-release-osx-x86_64-mavericks, r-release-windows-ix86+x86_64, r-oldrel-windows-ix86+x86_64