CRAN Package Check Results for Package sglr

Last updated on 2015-04-28 08:50:34.

Flavor Version Tinstall Tcheck Ttotal Status Flags
r-devel-linux-x86_64-debian-clang 0.7 1.19 24.48 25.66 NOTE
r-devel-linux-x86_64-debian-gcc 0.7 1.17 24.25 25.42 NOTE
r-devel-linux-x86_64-fedora-clang 0.7 54.15 NOTE
r-devel-linux-x86_64-fedora-gcc 0.7 49.92 NOTE
r-devel-osx-x86_64-clang 0.7 50.77 NOTE
r-devel-windows-ix86+x86_64 0.7 5.00 37.00 42.00 NOTE
r-patched-linux-x86_64 0.7 1.15 23.85 25.00 NOTE
r-patched-solaris-sparc 0.7 330.70 NOTE
r-patched-solaris-x86 0.7 67.30 NOTE
r-release-linux-x86_64 0.7 1.18 24.81 25.99 NOTE
r-release-osx-x86_64-mavericks 0.7 NOTE
r-release-osx-x86_64-snowleopard 0.7 ERROR
r-release-windows-ix86+x86_64 0.7 5.00 37.00 42.00 NOTE
r-oldrel-windows-ix86+x86_64 0.7 7.00 56.00 63.00 NOTE

Check Details

Version: 0.7
Check: DESCRIPTION meta-information
Result: NOTE
    Malformed Description field: should contain one or more complete sentences.
Flavors: r-devel-linux-x86_64-debian-clang, r-devel-linux-x86_64-debian-gcc, r-devel-linux-x86_64-fedora-clang, r-devel-linux-x86_64-fedora-gcc, r-devel-osx-x86_64-clang, r-devel-windows-ix86+x86_64, r-patched-solaris-sparc, r-patched-solaris-x86, r-release-linux-x86_64, r-release-osx-x86_64-mavericks, r-release-windows-ix86+x86_64

Version: 0.7
Check: R code for possible problems
Result: NOTE
    plotBoundary: no visible global function definition for
     ‘scale_y_continuous’
Flavors: r-devel-linux-x86_64-debian-clang, r-devel-linux-x86_64-debian-gcc, r-devel-linux-x86_64-fedora-clang, r-devel-linux-x86_64-fedora-gcc, r-devel-osx-x86_64-clang, r-devel-windows-ix86+x86_64, r-patched-solaris-sparc, r-patched-solaris-x86, r-release-linux-x86_64, r-release-osx-x86_64-mavericks, r-release-windows-ix86+x86_64, r-oldrel-windows-ix86+x86_64

Version: 0.7
Check: package dependencies
Result: ERROR
    Package required but not available: ‘ggplot2’
    
    See section ‘The DESCRIPTION file’ in the ‘Writing R Extensions’
    manual.
Flavor: r-release-osx-x86_64-snowleopard