CRAN Package Check Results for Package sglr

Last updated on 2014-10-25 08:49:09.

Flavor Version Tinstall Tcheck Ttotal Status Flags
r-devel-linux-x86_64-debian-clang 0.7 1.67 31.42 33.09 NOTE
r-devel-linux-x86_64-debian-gcc 0.7 1.70 31.78 33.48 NOTE
r-devel-linux-x86_64-fedora-clang 0.7 73.64 NOTE
r-devel-linux-x86_64-fedora-gcc 0.7 68.79 NOTE
r-devel-osx-x86_64-clang 0.7 67.98 NOTE
r-devel-windows-ix86+x86_64 0.7 8.00 50.00 58.00 NOTE
r-patched-linux-x86_64 0.7 1.79 32.86 34.65 NOTE
r-patched-solaris-sparc 0.7 412.40 NOTE
r-patched-solaris-x86 0.7 88.80 NOTE
r-release-linux-ix86 0.7 2.22 41.55 43.77 OK
r-release-linux-x86_64 0.7 1.89 32.92 34.81 OK
r-release-osx-x86_64-mavericks 0.7 OK
r-release-osx-x86_64-snowleopard 0.7 OK
r-release-windows-ix86+x86_64 0.7 8.00 61.00 69.00 OK
r-oldrel-windows-ix86+x86_64 0.7 9.00 68.00 77.00 OK

Check Details

Version: 0.7
Check: R code for possible problems
Result: NOTE
    plotBoundary: no visible global function definition for
     ‘scale_y_continuous’
Flavors: r-devel-linux-x86_64-debian-clang, r-devel-linux-x86_64-debian-gcc, r-devel-linux-x86_64-fedora-clang, r-devel-linux-x86_64-fedora-gcc, r-devel-osx-x86_64-clang, r-devel-windows-ix86+x86_64, r-patched-linux-x86_64, r-patched-solaris-sparc, r-patched-solaris-x86