CRAN Package Check Results for Package sglr

Last updated on 2017-08-21 11:48:09.

Flavor Version Tinstall Tcheck Ttotal Status Flags
r-devel-linux-x86_64-debian-clang 0.7 1.21 26.46 27.67 NOTE
r-devel-linux-x86_64-debian-gcc 0.7 1.20 27.40 28.60 NOTE
r-devel-linux-x86_64-fedora-clang 0.7 48.15 NOTE
r-devel-linux-x86_64-fedora-gcc 0.7 48.15 NOTE
r-devel-windows-ix86+x86_64 0.7 5.00 50.00 55.00 NOTE
r-patched-linux-x86_64 0.7 1.23 26.39 27.62 NOTE
r-patched-solaris-x86 0.7 70.90 NOTE
r-release-linux-x86_64 0.7 1.37 26.97 28.34 NOTE
r-release-windows-ix86+x86_64 0.7 10.00 73.00 83.00 NOTE
r-release-osx-x86_64 0.7 NOTE
r-oldrel-windows-ix86+x86_64 0.7 5.00 51.00 56.00 NOTE
r-oldrel-osx-x86_64 0.7 NOTE

Check Details

Version: 0.7
Check: DESCRIPTION meta-information
Result: NOTE
    Malformed Description field: should contain one or more complete sentences.
Flavors: r-devel-linux-x86_64-debian-clang, r-devel-linux-x86_64-debian-gcc, r-devel-linux-x86_64-fedora-clang, r-devel-linux-x86_64-fedora-gcc, r-devel-windows-ix86+x86_64, r-patched-linux-x86_64, r-patched-solaris-x86, r-release-linux-x86_64, r-release-windows-ix86+x86_64, r-release-osx-x86_64, r-oldrel-windows-ix86+x86_64, r-oldrel-osx-x86_64

Version: 0.7
Check: R code for possible problems
Result: NOTE
    .computePStar: no visible global function definition for ‘uniroot’
    plotBoundary: no visible global function definition for
     ‘scale_y_continuous’
    Undefined global functions or variables:
     scale_y_continuous uniroot
    Consider adding
     importFrom("stats", "uniroot")
    to your NAMESPACE file.
Flavors: r-devel-linux-x86_64-debian-clang, r-devel-linux-x86_64-debian-gcc, r-devel-linux-x86_64-fedora-clang, r-devel-linux-x86_64-fedora-gcc, r-devel-windows-ix86+x86_64, r-patched-linux-x86_64, r-patched-solaris-x86, r-release-linux-x86_64, r-release-windows-ix86+x86_64, r-release-osx-x86_64, r-oldrel-windows-ix86+x86_64, r-oldrel-osx-x86_64