CRAN Package Check Results for Package sglr

Last updated on 2017-03-29 11:49:55.

Flavor Version Tinstall Tcheck Ttotal Status Flags
r-devel-linux-x86_64-debian-clang 0.7 1.18 27.20 28.38 NOTE
r-devel-linux-x86_64-debian-gcc 0.7 1.43 27.53 28.96 NOTE
r-devel-linux-x86_64-fedora-clang 0.7 56.04 NOTE --no-stop-on-test-error
r-devel-linux-x86_64-fedora-gcc 0.7 52.99 NOTE --no-stop-on-test-error
r-devel-macos-x86_64-clang 0.7 43.47 NOTE --no-stop-on-test-error
r-devel-windows-ix86+x86_64 0.7 5.00 73.00 78.00 NOTE
r-patched-linux-x86_64 0.7 1.44 27.28 28.72 NOTE
r-patched-solaris-sparc 0.7 340.60 NOTE
r-patched-solaris-x86 0.7 72.10 NOTE
r-release-linux-x86_64 0.7 1.28 23.84 25.12 NOTE
r-release-osx-x86_64-mavericks 0.7 NOTE
r-release-windows-ix86+x86_64 0.7 6.00 85.00 91.00 NOTE
r-oldrel-windows-ix86+x86_64 0.7 5.00 74.00 79.00 NOTE

Check Details

Version: 0.7
Check: DESCRIPTION meta-information
Result: NOTE
    Malformed Description field: should contain one or more complete sentences.
Flavors: r-devel-linux-x86_64-debian-clang, r-devel-linux-x86_64-debian-gcc, r-devel-windows-ix86+x86_64, r-patched-linux-x86_64, r-patched-solaris-sparc, r-patched-solaris-x86, r-release-linux-x86_64, r-release-osx-x86_64-mavericks, r-release-windows-ix86+x86_64, r-oldrel-windows-ix86+x86_64

Version: 0.7
Check: R code for possible problems
Result: NOTE
    .computePStar: no visible global function definition for ‘uniroot’
    plotBoundary: no visible global function definition for
     ‘scale_y_continuous’
    Undefined global functions or variables:
     scale_y_continuous uniroot
    Consider adding
     importFrom("stats", "uniroot")
    to your NAMESPACE file.
Flavors: r-devel-linux-x86_64-debian-clang, r-devel-linux-x86_64-debian-gcc, r-devel-windows-ix86+x86_64, r-patched-linux-x86_64, r-patched-solaris-sparc, r-patched-solaris-x86, r-release-linux-x86_64, r-release-osx-x86_64-mavericks, r-release-windows-ix86+x86_64

Version: 0.7
Flags: --no-stop-on-test-error
Check: DESCRIPTION meta-information
Result: NOTE
    Malformed Description field: should contain one or more complete sentences.
Flavors: r-devel-linux-x86_64-fedora-clang, r-devel-linux-x86_64-fedora-gcc, r-devel-macos-x86_64-clang

Version: 0.7
Flags: --no-stop-on-test-error
Check: R code for possible problems
Result: NOTE
    .computePStar: no visible global function definition for ‘uniroot’
    plotBoundary: no visible global function definition for
     ‘scale_y_continuous’
    Undefined global functions or variables:
     scale_y_continuous uniroot
    Consider adding
     importFrom("stats", "uniroot")
    to your NAMESPACE file.
Flavors: r-devel-linux-x86_64-fedora-clang, r-devel-linux-x86_64-fedora-gcc, r-devel-macos-x86_64-clang

Version: 0.7
Check: R code for possible problems
Result: NOTE
    plotBoundary: no visible global function definition for
     'scale_y_continuous'
Flavor: r-oldrel-windows-ix86+x86_64