CRAN Package Check Results for Package sglr

Last updated on 2014-08-23 20:47:04.

Flavor Version Tinstall Tcheck Ttotal Status Flags
r-devel-linux-x86_64-debian-clang 0.7 1.70 32.44 34.14 NOTE
r-devel-linux-x86_64-debian-gcc 0.7 1.79 32.17 33.96 NOTE
r-devel-linux-x86_64-fedora-clang 0.7 75.23 NOTE
r-devel-linux-x86_64-fedora-gcc 0.7 72.03 NOTE
r-devel-osx-x86_64-clang 0.7 65.86 NOTE
r-devel-windows-ix86+x86_64 0.7 7.00 52.00 59.00 OK
r-patched-linux-x86_64 0.7 1.90 33.26 35.16 OK
r-patched-solaris-sparc 0.7 447.40 OK
r-patched-solaris-x86 0.7 91.10 OK
r-release-linux-ix86 0.7 2.28 47.47 49.75 OK
r-release-linux-x86_64 0.7 1.92 33.48 35.40 OK
r-release-osx-x86_64-mavericks 0.7 OK
r-release-osx-x86_64-snowleopard 0.7 OK
r-release-windows-ix86+x86_64 0.7 8.00 54.00 62.00 OK
r-oldrel-windows-ix86+x86_64 0.7 9.00 66.00 75.00 OK

Check Details

Version: 0.7
Check: R code for possible problems
Result: NOTE
    plotBoundary: no visible global function definition for
     ‘scale_y_continuous’
Flavors: r-devel-linux-x86_64-debian-clang, r-devel-linux-x86_64-debian-gcc, r-devel-linux-x86_64-fedora-clang, r-devel-linux-x86_64-fedora-gcc, r-devel-osx-x86_64-clang