CRAN Package Check Results for Package sglr

Last updated on 2017-06-29 17:50:32.

Flavor Version Tinstall Tcheck Ttotal Status Flags
r-devel-linux-x86_64-debian-clang 0.7 1.19 27.62 28.81 NOTE
r-devel-linux-x86_64-debian-gcc 0.7 1.22 25.99 27.21 NOTE
r-devel-linux-x86_64-fedora-clang 0.7 51.25 NOTE
r-devel-linux-x86_64-fedora-gcc 0.7 47.90 NOTE
r-devel-windows-ix86+x86_64 0.7 9.00 54.00 63.00 NOTE
r-patched-linux-x86_64 0.7 1.34 27.33 28.66 NOTE
r-patched-solaris-sparc 0.7 340.60 NOTE
r-patched-solaris-x86 0.7 64.80 NOTE
r-release-linux-x86_64 0.7 1.28 28.98 30.25 NOTE
r-release-windows-ix86+x86_64 0.7 5.00 53.00 58.00 NOTE
r-release-osx-x86_64 0.7 NOTE
r-oldrel-windows-ix86+x86_64 0.7 7.00 69.00 76.00 NOTE
r-oldrel-osx-x86_64 0.7 NOTE

Check Details

Version: 0.7
Check: DESCRIPTION meta-information
Result: NOTE
    Malformed Description field: should contain one or more complete sentences.
Flavors: r-devel-linux-x86_64-debian-clang, r-devel-linux-x86_64-debian-gcc, r-devel-linux-x86_64-fedora-clang, r-devel-linux-x86_64-fedora-gcc, r-devel-windows-ix86+x86_64, r-patched-linux-x86_64, r-patched-solaris-sparc, r-patched-solaris-x86, r-release-linux-x86_64, r-release-windows-ix86+x86_64, r-release-osx-x86_64, r-oldrel-windows-ix86+x86_64, r-oldrel-osx-x86_64

Version: 0.7
Check: R code for possible problems
Result: NOTE
    .computePStar: no visible global function definition for ‘uniroot’
    plotBoundary: no visible global function definition for
     ‘scale_y_continuous’
    Undefined global functions or variables:
     scale_y_continuous uniroot
    Consider adding
     importFrom("stats", "uniroot")
    to your NAMESPACE file.
Flavors: r-devel-linux-x86_64-debian-clang, r-devel-linux-x86_64-debian-gcc, r-devel-linux-x86_64-fedora-clang, r-devel-linux-x86_64-fedora-gcc, r-devel-windows-ix86+x86_64, r-patched-linux-x86_64, r-patched-solaris-sparc, r-patched-solaris-x86, r-release-linux-x86_64, r-release-windows-ix86+x86_64, r-release-osx-x86_64, r-oldrel-windows-ix86+x86_64, r-oldrel-osx-x86_64