CRAN Package Check Results for Package sglr

Last updated on 2016-07-28 00:48:12.

Flavor Version Tinstall Tcheck Ttotal Status Flags
r-devel-linux-x86_64-debian-clang 0.7 1.18 26.25 27.43 NOTE
r-devel-linux-x86_64-debian-gcc 0.7 1.49 26.72 28.21 NOTE
r-devel-linux-x86_64-fedora-clang 0.7 46.64 NOTE
r-devel-linux-x86_64-fedora-gcc 0.7 43.17 NOTE
r-devel-osx-x86_64-clang 0.7 38.00 NOTE
r-devel-windows-ix86+x86_64 0.7 6.00 48.00 54.00 NOTE
r-patched-linux-x86_64 0.7 1.22 27.24 28.46 NOTE
r-patched-solaris-sparc 0.7 305.50 NOTE
r-patched-solaris-x86 0.7 58.40 NOTE
r-release-linux-x86_64 0.7 1.37 26.82 28.20 NOTE
r-release-osx-x86_64-mavericks 0.7 NOTE
r-release-windows-ix86+x86_64 0.7 6.00 54.00 60.00 NOTE
r-oldrel-windows-ix86+x86_64 0.7 6.00 49.00 55.00 NOTE

Check Details

Version: 0.7
Check: DESCRIPTION meta-information
Result: NOTE
    Malformed Description field: should contain one or more complete sentences.
Flavors: r-devel-linux-x86_64-debian-clang, r-devel-linux-x86_64-debian-gcc, r-devel-linux-x86_64-fedora-clang, r-devel-linux-x86_64-fedora-gcc, r-devel-osx-x86_64-clang, r-devel-windows-ix86+x86_64, r-patched-linux-x86_64, r-patched-solaris-sparc, r-patched-solaris-x86, r-release-linux-x86_64, r-release-osx-x86_64-mavericks, r-release-windows-ix86+x86_64, r-oldrel-windows-ix86+x86_64

Version: 0.7
Check: R code for possible problems
Result: NOTE
    .computePStar: no visible global function definition for ‘uniroot’
    plotBoundary: no visible global function definition for
     ‘scale_y_continuous’
    Undefined global functions or variables:
     scale_y_continuous uniroot
    Consider adding
     importFrom("stats", "uniroot")
    to your NAMESPACE file.
Flavors: r-devel-linux-x86_64-debian-clang, r-devel-linux-x86_64-debian-gcc, r-devel-linux-x86_64-fedora-clang, r-devel-linux-x86_64-fedora-gcc, r-devel-osx-x86_64-clang, r-devel-windows-ix86+x86_64, r-patched-linux-x86_64, r-patched-solaris-sparc, r-patched-solaris-x86, r-release-linux-x86_64, r-release-osx-x86_64-mavericks, r-release-windows-ix86+x86_64

Version: 0.7
Check: R code for possible problems
Result: NOTE
    plotBoundary: no visible global function definition for
     'scale_y_continuous'
Flavor: r-oldrel-windows-ix86+x86_64