CRAN Package Check Results for Package sglr

Last updated on 2015-03-02 05:47:52.

Flavor Version Tinstall Tcheck Ttotal Status Flags
r-devel-linux-x86_64-debian-clang 0.7 1.17 24.89 26.06 NOTE
r-devel-linux-x86_64-debian-gcc 0.7 1.30 23.84 25.15 NOTE
r-devel-linux-x86_64-fedora-clang 0.7 52.10 NOTE
r-devel-linux-x86_64-fedora-gcc 0.7 49.80 NOTE
r-devel-osx-x86_64-clang 0.7 52.47 NOTE
r-devel-windows-ix86+x86_64 0.7 10.00 54.00 64.00 NOTE
r-patched-linux-x86_64 0.7 2.30 37.07 39.37 NOTE
r-patched-solaris-sparc 0.7 414.20 NOTE
r-patched-solaris-x86 0.7 90.70 NOTE
r-release-linux-ix86 0.7 2.10 40.95 43.06 NOTE
r-release-linux-x86_64 0.7 2.30 34.29 36.59 NOTE
r-release-osx-x86_64-mavericks 0.7 NOTE
r-release-osx-x86_64-snowleopard 0.7 OK
r-release-windows-ix86+x86_64 0.7 14.00 81.00 95.00 NOTE
r-oldrel-windows-ix86+x86_64 0.7 9.00 68.00 77.00 OK

Check Details

Version: 0.7
Check: DESCRIPTION meta-information
Result: NOTE
    Malformed Description field: should contain one or more complete sentences.
Flavors: r-devel-linux-x86_64-debian-clang, r-devel-linux-x86_64-debian-gcc, r-devel-linux-x86_64-fedora-clang, r-devel-linux-x86_64-fedora-gcc, r-devel-osx-x86_64-clang, r-devel-windows-ix86+x86_64

Version: 0.7
Check: R code for possible problems
Result: NOTE
    plotBoundary: no visible global function definition for
     ‘scale_y_continuous’
Flavors: r-devel-linux-x86_64-debian-clang, r-devel-linux-x86_64-debian-gcc, r-devel-linux-x86_64-fedora-clang, r-devel-linux-x86_64-fedora-gcc, r-devel-osx-x86_64-clang, r-devel-windows-ix86+x86_64, r-patched-linux-x86_64, r-patched-solaris-sparc, r-patched-solaris-x86, r-release-linux-ix86, r-release-linux-x86_64, r-release-osx-x86_64-mavericks, r-release-windows-ix86+x86_64