CRAN Package Check Results for Package sglr

Last updated on 2015-08-01 06:48:11.

Flavor Version Tinstall Tcheck Ttotal Status Flags
r-devel-linux-x86_64-debian-clang 0.7 1.18 24.93 26.12 NOTE
r-devel-linux-x86_64-debian-gcc 0.7 1.17 24.05 25.22 NOTE
r-devel-linux-x86_64-fedora-clang 0.7 53.32 NOTE
r-devel-linux-x86_64-fedora-gcc 0.7 50.88 NOTE
r-devel-osx-x86_64-clang 0.7 47.13 NOTE
r-devel-windows-ix86+x86_64 0.7 7.00 47.00 54.00 NOTE
r-patched-linux-x86_64 0.7 1.20 25.51 26.72 NOTE
r-patched-solaris-sparc 0.7 358.60 NOTE
r-patched-solaris-x86 0.7 71.40 NOTE
r-release-linux-x86_64 0.7 1.39 24.01 25.40 NOTE
r-release-osx-x86_64-mavericks 0.7 NOTE
r-release-windows-ix86+x86_64 0.7 6.00 46.00 52.00 NOTE
r-oldrel-windows-ix86+x86_64 0.7 10.00 71.00 81.00 NOTE

Check Details

Version: 0.7
Check: DESCRIPTION meta-information
Result: NOTE
    Malformed Description field: should contain one or more complete sentences.
Flavors: r-devel-linux-x86_64-debian-clang, r-devel-linux-x86_64-debian-gcc, r-devel-linux-x86_64-fedora-clang, r-devel-linux-x86_64-fedora-gcc, r-devel-osx-x86_64-clang, r-devel-windows-ix86+x86_64, r-patched-linux-x86_64, r-patched-solaris-sparc, r-patched-solaris-x86, r-release-linux-x86_64, r-release-osx-x86_64-mavericks, r-release-windows-ix86+x86_64

Version: 0.7
Check: R code for possible problems
Result: NOTE
    .computePStar: no visible global function definition for ‘uniroot’
    plotBoundary: no visible global function definition for
     ‘scale_y_continuous’
    Undefined global functions or variables:
     scale_y_continuous uniroot
    Consider adding
     importFrom("stats", "uniroot")
    to your NAMESPACE.
Flavors: r-devel-linux-x86_64-debian-clang, r-devel-linux-x86_64-debian-gcc, r-devel-linux-x86_64-fedora-clang, r-devel-linux-x86_64-fedora-gcc, r-devel-windows-ix86+x86_64

Version: 0.7
Check: R code for possible problems
Result: NOTE
    plotBoundary: no visible global function definition for
     ‘scale_y_continuous’
    Undefined global functions or variables:
     scale_y_continuous
Flavor: r-devel-osx-x86_64-clang

Version: 0.7
Check: R code for possible problems
Result: NOTE
    plotBoundary: no visible global function definition for
     ‘scale_y_continuous’
Flavors: r-patched-linux-x86_64, r-patched-solaris-sparc, r-patched-solaris-x86, r-release-linux-x86_64, r-release-osx-x86_64-mavericks, r-release-windows-ix86+x86_64, r-oldrel-windows-ix86+x86_64