CRAN Package Check Results for Package sglr

Last updated on 2018-01-18 06:47:20 CET.

Flavor Version Tinstall Tcheck Ttotal Status Flags
r-devel-linux-x86_64-debian-clang 0.7 1.81 38.78 40.59 NOTE
r-devel-linux-x86_64-debian-gcc 0.7 1.21 32.13 33.34 NOTE
r-devel-linux-x86_64-fedora-clang 0.7 48.32 NOTE
r-devel-linux-x86_64-fedora-gcc 0.7 47.83 NOTE
r-devel-windows-ix86+x86_64 0.7 5.00 54.00 59.00 NOTE
r-patched-linux-x86_64 0.7 1.63 41.42 43.05 NOTE
r-patched-solaris-x86 0.7 73.10 NOTE
r-release-linux-x86_64 0.7 1.60 41.52 43.12 NOTE
r-release-windows-ix86+x86_64 0.7 4.00 50.00 54.00 NOTE
r-release-osx-x86_64 0.7 NOTE
r-oldrel-windows-ix86+x86_64 0.7 6.00 54.00 60.00 NOTE
r-oldrel-osx-x86_64 0.7 NOTE

Check Details

Version: 0.7
Check: DESCRIPTION meta-information
Result: NOTE
    Malformed Description field: should contain one or more complete sentences.
Flavors: r-devel-linux-x86_64-debian-clang, r-devel-linux-x86_64-debian-gcc, r-devel-linux-x86_64-fedora-clang, r-devel-linux-x86_64-fedora-gcc, r-devel-windows-ix86+x86_64, r-patched-linux-x86_64, r-patched-solaris-x86, r-release-linux-x86_64, r-release-windows-ix86+x86_64, r-release-osx-x86_64, r-oldrel-windows-ix86+x86_64, r-oldrel-osx-x86_64

Version: 0.7
Check: R code for possible problems
Result: NOTE
    .computePStar: no visible global function definition for ‘uniroot’
    plotBoundary: no visible global function definition for
     ‘scale_y_continuous’
    Undefined global functions or variables:
     scale_y_continuous uniroot
    Consider adding
     importFrom("stats", "uniroot")
    to your NAMESPACE file.
Flavors: r-devel-linux-x86_64-debian-clang, r-devel-linux-x86_64-debian-gcc, r-devel-linux-x86_64-fedora-clang, r-devel-linux-x86_64-fedora-gcc, r-devel-windows-ix86+x86_64, r-patched-linux-x86_64, r-patched-solaris-x86, r-release-linux-x86_64, r-release-windows-ix86+x86_64, r-release-osx-x86_64, r-oldrel-windows-ix86+x86_64, r-oldrel-osx-x86_64