CRAN Package Check Results for Package sglr

Last updated on 2016-06-25 11:49:24.

Flavor Version Tinstall Tcheck Ttotal Status Flags
r-devel-linux-x86_64-debian-gcc 0.7 1.22 23.60 24.81 NOTE
r-devel-linux-x86_64-fedora-clang 0.7 46.61 NOTE
r-devel-linux-x86_64-fedora-gcc 0.7 41.66 NOTE
r-devel-osx-x86_64-clang 0.7 37.75 NOTE
r-devel-windows-ix86+x86_64 0.7 5.00 78.00 83.00 NOTE
r-patched-linux-x86_64 0.7 1.20 23.63 24.83 NOTE
r-patched-solaris-sparc 0.7 305.50 NOTE
r-patched-solaris-x86 0.7 61.40 NOTE
r-release-linux-x86_64 0.7 1.49 23.15 24.64 NOTE
r-release-osx-x86_64-mavericks 0.7 NOTE
r-release-windows-ix86+x86_64 0.7 5.00 53.00 58.00 NOTE
r-oldrel-windows-ix86+x86_64 0.7 7.00 79.00 86.00 NOTE

Check Details

Version: 0.7
Check: DESCRIPTION meta-information
Result: NOTE
    Malformed Description field: should contain one or more complete sentences.
Flavors: r-devel-linux-x86_64-debian-gcc, r-devel-linux-x86_64-fedora-clang, r-devel-linux-x86_64-fedora-gcc, r-devel-osx-x86_64-clang, r-devel-windows-ix86+x86_64, r-patched-linux-x86_64, r-patched-solaris-sparc, r-patched-solaris-x86, r-release-linux-x86_64, r-release-osx-x86_64-mavericks, r-release-windows-ix86+x86_64, r-oldrel-windows-ix86+x86_64

Version: 0.7
Check: R code for possible problems
Result: NOTE
    .computePStar: no visible global function definition for ‘uniroot’
    plotBoundary: no visible global function definition for
     ‘scale_y_continuous’
    Undefined global functions or variables:
     scale_y_continuous uniroot
    Consider adding
     importFrom("stats", "uniroot")
    to your NAMESPACE file.
Flavors: r-devel-linux-x86_64-debian-gcc, r-devel-linux-x86_64-fedora-clang, r-devel-linux-x86_64-fedora-gcc, r-devel-osx-x86_64-clang, r-devel-windows-ix86+x86_64, r-patched-linux-x86_64, r-patched-solaris-sparc, r-patched-solaris-x86, r-release-linux-x86_64, r-release-osx-x86_64-mavericks, r-release-windows-ix86+x86_64

Version: 0.7
Check: R code for possible problems
Result: NOTE
    plotBoundary: no visible global function definition for
     'scale_y_continuous'
Flavor: r-oldrel-windows-ix86+x86_64