CRAN Package Check Results for Package sgmodel

Last updated on 2023-01-30 04:52:34 CET.

Flavor Version Tinstall Tcheck Ttotal Status Flags
r-devel-linux-x86_64-debian-clang 0.1.1 5.55 60.32 65.87 NOTE
r-devel-linux-x86_64-debian-gcc 0.1.1 4.08 45.75 49.83 NOTE
r-devel-linux-x86_64-fedora-clang 0.1.1 81.55 NOTE
r-devel-linux-x86_64-fedora-gcc 0.1.1 90.67 NOTE
r-devel-windows-x86_64 0.1.1 20.00 94.00 114.00 NOTE
r-patched-linux-x86_64 0.1.1 4.99 59.31 64.30 NOTE
r-release-linux-x86_64 0.1.1 3.92 60.64 64.56 NOTE
r-release-macos-arm64 0.1.1 28.00 NOTE
r-release-macos-x86_64 0.1.1 51.00 NOTE
r-release-windows-x86_64 0.1.1 10.00 100.00 110.00 NOTE
r-oldrel-macos-arm64 0.1.1 36.00 NOTE
r-oldrel-macos-x86_64 0.1.1 45.00 NOTE
r-oldrel-windows-ix86+x86_64 0.1.1 16.00 97.00 113.00 NOTE

Check Details

Version: 0.1.1
Check: LazyData
Result: NOTE
     'LazyData' is specified without a 'data' directory
Flavors: r-devel-linux-x86_64-debian-clang, r-devel-linux-x86_64-debian-gcc, r-devel-linux-x86_64-fedora-clang, r-devel-linux-x86_64-fedora-gcc, r-devel-windows-x86_64, r-patched-linux-x86_64, r-release-linux-x86_64, r-release-macos-arm64, r-release-macos-x86_64, r-release-windows-x86_64, r-oldrel-macos-arm64, r-oldrel-macos-x86_64, r-oldrel-windows-ix86+x86_64