Last updated on 2023-12-08 02:51:43 CET.
Flavor | Version | Tinstall | Tcheck | Ttotal | Status | Flags |
---|---|---|---|---|---|---|
r-devel-linux-x86_64-debian-clang | 0.1.1 | 46.16 | 393.25 | 439.41 | NOTE | |
r-devel-linux-x86_64-debian-gcc | 0.1.1 | 34.06 | 276.62 | 310.68 | NOTE | |
r-devel-linux-x86_64-fedora-clang | 0.1.1 | 545.57 | OK | |||
r-devel-linux-x86_64-fedora-gcc | 0.1.1 | 533.04 | OK | |||
r-devel-windows-x86_64 | 0.1.1 | 37.00 | 295.00 | 332.00 | OK | |
r-patched-linux-x86_64 | 0.1.1 | 38.22 | 387.04 | 425.26 | OK | |
r-release-linux-x86_64 | 0.1.1 | 29.68 | 377.40 | 407.08 | OK | |
r-release-macos-arm64 | 0.1.1 | 141.00 | OK | |||
r-release-macos-x86_64 | 0.1.1 | 184.00 | OK | |||
r-release-windows-x86_64 | 0.1.1 | 49.00 | 356.00 | 405.00 | OK | |
r-oldrel-macos-arm64 | 0.1.1 | 132.00 | OK | |||
r-oldrel-macos-x86_64 | 0.1.1 | 926.00 | ERROR | |||
r-oldrel-windows-x86_64 | 0.1.1 | 47.00 | 380.00 | 427.00 | OK |
Version: 0.1.1
Check: Rd files
Result: NOTE
checkRd: (-1) generate_toy_data.Rd:35: Lost braces
35 | \item{groups}{If item{grouped=TRUE}, the grouping structure is required. Each input variable should have a group id.}
| ^
checkRd: (-1) generate_toy_data.Rd:58: Lost braces
58 | \item{true_grp_id}{Indices of which groups are non-zero in item{true_beta}.}
| ^
checkRd: (-1) predict.sgs.Rd:18: Lost braces
18 | item{response}{The predicted response. In the logistic case, this represents the predicted class probabilities.}
| ^
checkRd: (-1) predict.sgs.Rd:18: Lost braces
18 | item{response}{The predicted response. In the logistic case, this represents the predicted class probabilities.}
| ^
checkRd: (-1) predict.sgs.Rd:19: Lost braces
19 | item{class}{The predicted class assignments. Only returned if type = "logistic" in the \code{"sgs"} object.}
| ^
checkRd: (-1) predict.sgs.Rd:19: Lost braces
19 | item{class}{The predicted class assignments. Only returned if type = "logistic" in the \code{"sgs"} object.}
| ^
Flavors: r-devel-linux-x86_64-debian-clang, r-devel-linux-x86_64-debian-gcc
Version: 0.1.1
Check: PDF version of manual
Result: WARN
LaTeX errors when creating PDF version.
This typically indicates Rd problems.
LaTeX errors found:
! Undefined control sequence.
<argument> ...m _{i=1}^{n}\left \{y_i b^\intercal
x_i - \log (1+\exp (b^\int...
l.396 }{}
! Undefined control sequence.
<argument> ...cal x_i - \log (1+\exp (b^\intercal
x_i)) \right \}.
l.396 }{}
! Undefined control sequence.
<argument> \lambda _\text
{min} = min_frac \cdot \lambda _\text {max}
l.510 ...n} = min_frac \cdot \lambda_\text{max}}{}
.
! Undefined control sequence.
<argument> ...in} = min_frac \cdot \lambda _\text
{max}
l.510 ...n} = min_frac \cdot \lambda_\text{max}}{}
.
! Undefined control sequence.
<argument> \lambda _\text
{max}
l.533 ...nal parameter, \eqn{\lambda_\text{max}}{}
, which is used to fit the...
Flavor: r-oldrel-macos-x86_64
Version: 0.1.1
Check: PDF version of manual without index
Result: ERROR
Flavor: r-oldrel-macos-x86_64