CRAN Package Check Results for Package sgsR

Last updated on 2022-09-30 23:55:43 CEST.

Flavor Version Tinstall Tcheck Ttotal Status Flags
r-devel-linux-x86_64-debian-clang 1.2.0 9.79 403.31 413.10 OK
r-devel-linux-x86_64-debian-gcc 1.2.0 6.83 310.73 317.56 OK
r-devel-linux-x86_64-fedora-clang 1.2.0 556.10 OK
r-devel-linux-x86_64-fedora-gcc 1.2.0 514.59 OK
r-devel-windows-x86_64 1.2.0 30.00 472.00 502.00 OK
r-patched-linux-x86_64 1.2.0 6.55 398.40 404.95 OK
r-release-linux-x86_64 1.2.0 6.14 398.10 404.24 OK
r-release-macos-arm64 1.2.0 162.00 OK
r-release-macos-x86_64 1.2.0 217.00 OK
r-release-windows-x86_64 1.2.0 21.00 498.00 519.00 OK
r-oldrel-macos-arm64 1.2.0 197.00 WARN
r-oldrel-macos-x86_64 1.2.0 225.00 WARN
r-oldrel-windows-ix86+x86_64 1.2.0 21.00 534.00 555.00 OK

Check Details

Version: 1.2.0
Check: for executable files
Result: WARN
    Found the following executable files:
     inst/extdata/existing.dbf
     inst/extdata/existingna.dbf
    Source packages should not contain undeclared executable files.
    See section ‘Package structure’ in the ‘Writing R Extensions’ manual.
Flavors: r-oldrel-macos-arm64, r-oldrel-macos-x86_64