CRAN Package Check Results for Package shape

Last updated on 2015-09-05 17:48:15.

Flavor Version Tinstall Tcheck Ttotal Status Flags
r-devel-linux-x86_64-debian-clang 1.4.2 0.73 21.80 22.53 NOTE
r-devel-linux-x86_64-debian-gcc 1.4.2 0.92 21.93 22.85 NOTE
r-devel-linux-x86_64-fedora-clang 1.4.2 43.82 NOTE
r-devel-linux-x86_64-fedora-gcc 1.4.2 41.67 NOTE
r-devel-osx-x86_64-clang 1.4.2 36.67 OK
r-devel-windows-ix86+x86_64 1.4.2 3.00 43.00 46.00 NOTE
r-patched-linux-x86_64 1.4.2 1.08 22.34 23.41 OK
r-patched-solaris-sparc 1.4.2 265.10 OK
r-patched-solaris-x86 1.4.2 55.60 OK
r-release-linux-x86_64 1.4.2 0.86 23.76 24.62 OK
r-release-osx-x86_64-mavericks 1.4.2 OK
r-release-windows-ix86+x86_64 1.4.2 4.00 42.00 46.00 OK
r-oldrel-windows-ix86+x86_64 1.4.2 5.00 37.00 42.00 OK

Check Details

Version: 1.4.2
Check: R code for possible problems
Result: NOTE
    A4: no visible global function definition for ‘dev.new’
    Arrowhead: no visible global function definition for ‘par’
    Arrowhead: no visible global function definition for ‘polygon’
    Arrows: no visible global function definition for ‘arrows’
    Arrows: no visible global function definition for ‘segments’
    Arrows: no visible global function definition for ‘par’
    colorlegend: no visible global function definition for ‘par’
    colorlegend: no visible global function definition for ‘rect’
    colorlegend: no visible global function definition for ‘segments’
    colorlegend: no visible global function definition for ‘text’
    cylindersegment: no visible global function definition for ‘polygon’
    emptyplot: no visible global function definition for ‘plot’
    emptyplot: no visible global function definition for ‘rect’
    filledcircle: no visible global function definition for ‘par’
    filledcylinder: no visible global function definition for ‘lines’
    filledrectangle: no visible global function definition for ‘polygon’
    filledshape : expand: no visible global function definition for
     ‘approx’
    filledshape: no visible global function definition for ‘polygon’
    filledshape: no visible global function definition for ‘lines’
    intpalette: no visible global function definition for ‘col2rgb’
    intpalette: no visible global function definition for ‘approx’
    intpalette: no visible global function definition for ‘rgb’
    plotcircle: no visible global function definition for ‘par’
    plotellipse: no visible global function definition for ‘polygon’
    plotellipse: no visible global function definition for ‘lines’
    rotatexy: no visible global function definition for ‘par’
    textflag: no visible global function definition for ‘polygon’
    textflag: no visible global function definition for ‘lines’
    textflag: no visible global function definition for ‘text’
    writelabel: no visible global function definition for ‘par’
    writelabel: no visible global function definition for ‘mtext’
    Undefined global functions or variables:
     approx arrows col2rgb dev.new lines mtext par plot polygon rect rgb
     segments text
    Consider adding
     importFrom("grDevices", "col2rgb", "dev.new", "rgb")
     importFrom("graphics", "arrows", "lines", "mtext", "par", "plot",
     "polygon", "rect", "segments", "text")
     importFrom("stats", "approx")
    to your NAMESPACE.
Flavors: r-devel-linux-x86_64-debian-clang, r-devel-linux-x86_64-debian-gcc, r-devel-linux-x86_64-fedora-clang, r-devel-linux-x86_64-fedora-gcc, r-devel-windows-ix86+x86_64