CRAN Package Check Results for Package shape

Last updated on 2015-07-02 11:48:42.

Flavor Version Tinstall Tcheck Ttotal Status Flags
r-devel-linux-x86_64-debian-clang 1.4.2 1.10 21.99 23.09 NOTE
r-devel-linux-x86_64-debian-gcc 1.4.2 0.81 21.40 22.21 NOTE
r-devel-linux-x86_64-fedora-clang 1.4.2 43.26 NOTE
r-devel-linux-x86_64-fedora-gcc 1.4.2 41.89 NOTE
r-devel-osx-x86_64-clang 1.4.2 35.66 OK
r-devel-windows-ix86+x86_64 1.4.2 5.00 39.00 44.00 OK
r-patched-linux-x86_64 1.4.2 0.76 22.20 22.96 OK
r-patched-solaris-sparc 1.4.2 257.60 OK
r-patched-solaris-x86 1.4.2 55.50 OK
r-release-linux-x86_64 1.4.2 0.76 22.30 23.07 OK
r-release-osx-x86_64-mavericks 1.4.2 OK
r-release-windows-ix86+x86_64 1.4.2 3.00 37.00 40.00 OK
r-oldrel-windows-ix86+x86_64 1.4.2 5.00 37.00 42.00 OK

Check Details

Version: 1.4.2
Check: R code for possible problems
Result: NOTE
    A4: no visible global function definition for ‘dev.new’
    Arrowhead: no visible global function definition for ‘par’
    Arrowhead: no visible global function definition for ‘polygon’
    Arrows: no visible global function definition for ‘arrows’
    Arrows: no visible global function definition for ‘segments’
    Arrows: no visible global function definition for ‘par’
    colorlegend: no visible global function definition for ‘par’
    colorlegend: no visible global function definition for ‘rect’
    colorlegend: no visible global function definition for ‘segments’
    colorlegend: no visible global function definition for ‘text’
    cylindersegment: no visible global function definition for ‘polygon’
    emptyplot: no visible global function definition for ‘plot’
    emptyplot: no visible global function definition for ‘rect’
    filledcircle: no visible global function definition for ‘par’
    filledcylinder: no visible global function definition for ‘lines’
    filledrectangle: no visible global function definition for ‘polygon’
    filledshape : expand: no visible global function definition for
     ‘approx’
    filledshape: no visible global function definition for ‘polygon’
    filledshape: no visible global function definition for ‘lines’
    intpalette: no visible global function definition for ‘col2rgb’
    intpalette: no visible global function definition for ‘approx’
    intpalette: no visible global function definition for ‘rgb’
    plotcircle: no visible global function definition for ‘par’
    plotellipse: no visible global function definition for ‘polygon’
    plotellipse: no visible global function definition for ‘lines’
    rotatexy: no visible global function definition for ‘par’
    textflag: no visible global function definition for ‘polygon’
    textflag: no visible global function definition for ‘lines’
    textflag: no visible global function definition for ‘text’
    writelabel: no visible global function definition for ‘par’
    writelabel: no visible global function definition for ‘mtext’
Flavors: r-devel-linux-x86_64-debian-clang, r-devel-linux-x86_64-debian-gcc, r-devel-linux-x86_64-fedora-gcc

Version: 1.4.2
Check: R code for possible problems
Result: NOTE
    A4: no visible global function definition for ‘dev.new’
    Arrowhead: no visible global function definition for ‘par’
    Arrowhead: no visible global function definition for ‘polygon’
    Arrows: no visible global function definition for ‘arrows’
    Arrows: no visible global function definition for ‘segments’
    Arrows: no visible global function definition for ‘par’
    colorlegend: no visible global function definition for ‘par’
    colorlegend: no visible global function definition for ‘rect’
    colorlegend: no visible global function definition for ‘segments’
    colorlegend: no visible global function definition for ‘text’
    cylindersegment: no visible global function definition for ‘polygon’
    emptyplot: no visible global function definition for ‘plot’
    emptyplot: no visible global function definition for ‘rect’
    filledcircle: no visible global function definition for ‘par’
    filledcylinder: no visible global function definition for ‘lines’
    filledrectangle: no visible global function definition for ‘polygon’
    filledshape : expand: no visible global function definition for
     ‘approx’
    filledshape: no visible global function definition for ‘polygon’
    filledshape: no visible global function definition for ‘lines’
    intpalette: no visible global function definition for ‘col2rgb’
    intpalette: no visible global function definition for ‘approx’
    intpalette: no visible global function definition for ‘rgb’
    plotcircle: no visible global function definition for ‘par’
    plotellipse: no visible global function definition for ‘polygon’
    plotellipse: no visible global function definition for ‘lines’
    rotatexy: no visible global function definition for ‘par’
    textflag: no visible global function definition for ‘polygon’
    textflag: no visible global function definition for ‘lines’
    textflag: no visible global function definition for ‘text’
    writelabel: no visible global function definition for ‘par’
    writelabel: no visible global function definition for ‘mtext’
    Undefined global functions or variables:
     approx arrows col2rgb dev.new lines mtext par plot polygon rect rgb
     segments text
Flavor: r-devel-linux-x86_64-fedora-clang