CRAN Package Check Results for Package shapefiles

Last updated on 2015-02-27 22:49:31.

Flavor Version Tinstall Tcheck Ttotal Status Flags
r-devel-linux-x86_64-debian-clang 0.7 0.56 9.98 10.54 NOTE
r-devel-linux-x86_64-debian-gcc 0.7 0.52 9.86 10.39 NOTE
r-devel-linux-x86_64-fedora-clang 0.7 19.49 NOTE
r-devel-linux-x86_64-fedora-gcc 0.7 18.65 NOTE
r-devel-osx-x86_64-clang 0.7 23.36 NOTE
r-devel-windows-ix86+x86_64 0.7 3.00 17.00 20.00 NOTE
r-patched-linux-x86_64 0.7 0.56 11.12 11.68 NOTE
r-patched-solaris-sparc 0.7 133.60 NOTE
r-release-linux-ix86 0.7 1.18 16.90 18.08 NOTE
r-release-linux-x86_64 0.7 0.72 11.12 11.85 NOTE
r-release-osx-x86_64-mavericks 0.7 NOTE
r-release-windows-ix86+x86_64 0.7 3.00 19.00 22.00 NOTE
r-oldrel-windows-ix86+x86_64 0.7 3.00 19.00 22.00 NOTE

Check Details

Version: 0.7
Check: DESCRIPTION meta-information
Result: NOTE
    Malformed Description field: should contain one or more complete sentences.
Flavors: r-devel-linux-x86_64-debian-clang, r-devel-linux-x86_64-debian-gcc, r-devel-linux-x86_64-fedora-clang, r-devel-linux-x86_64-fedora-gcc, r-devel-osx-x86_64-clang, r-devel-windows-ix86+x86_64

Version: 0.7
Check: dependencies in R code
Result: NOTE
    'library' or 'require' call to ‘foreign’ which was already attached by Depends.
     Please remove these calls from your code.
Flavors: r-devel-linux-x86_64-debian-clang, r-devel-linux-x86_64-debian-gcc, r-devel-linux-x86_64-fedora-clang, r-devel-linux-x86_64-fedora-gcc, r-devel-osx-x86_64-clang, r-devel-windows-ix86+x86_64, r-patched-linux-x86_64

Version: 0.7
Check: dependencies in R code
Result: NOTE
    'library' or 'require' call to ‘foreign’ which was already attached by Depends.
     Please remove these calls from your code.
    See the information on DESCRIPTION files in the chapter ‘Creating R
    packages’ of the ‘Writing R Extensions’ manual.
Flavors: r-patched-solaris-sparc, r-release-linux-ix86, r-release-linux-x86_64, r-release-osx-x86_64-mavericks, r-release-windows-ix86+x86_64, r-oldrel-windows-ix86+x86_64