CRAN Package Check Results for Package shapefiles

Last updated on 2014-04-24 03:47:54.

Flavor Version Tinstall Tcheck Ttotal Status Flags
r-devel-linux-x86_64-debian-clang 0.7 0.54 11.00 11.54 NOTE
r-devel-linux-x86_64-debian-gcc 0.7 0.54 11.06 11.60 NOTE
r-devel-linux-x86_64-fedora-clang 0.7 21.84 NOTE
r-devel-linux-x86_64-fedora-gcc 0.7 21.45 NOTE
r-devel-osx-x86_64-clang 0.7 24.54 NOTE
r-devel-osx-x86_64-gcc 0.7 NOTE
r-devel-windows-ix86+x86_64 0.7 3.00 16.00 19.00 NOTE
r-patched-linux-x86_64 0.7 0.56 10.70 11.26 NOTE
r-patched-solaris-sparc 0.7 123.60 NOTE
r-patched-solaris-x86 0.7 31.60 NOTE
r-release-linux-ix86 0.7 1.00 24.00 25.00 NOTE
r-release-linux-x86_64 0.7 0.55 10.75 11.30 NOTE
r-release-osx-x86_64-mavericks 0.7 WARN
r-release-windows-ix86+x86_64 0.7 4.00 20.00 24.00 NOTE
r-oldrel-windows-ix86+x86_64 0.7 2.00 20.00 22.00 NOTE

Check Details

Version: 0.7
Check: dependencies in R code
Result: NOTE
    'library' or 'require' call to ‘foreign’ which was already attached by Depends.
     Please remove these calls from your code.
    See the information on DESCRIPTION files in the chapter ‘Creating R
    packages’ of the ‘Writing R Extensions’ manual.
Flavors: r-devel-linux-x86_64-debian-clang, r-devel-linux-x86_64-debian-gcc, r-devel-linux-x86_64-fedora-clang, r-devel-linux-x86_64-fedora-gcc, r-devel-osx-x86_64-clang, r-devel-osx-x86_64-gcc, r-devel-windows-ix86+x86_64, r-patched-linux-x86_64, r-patched-solaris-sparc, r-patched-solaris-x86, r-release-linux-ix86, r-release-linux-x86_64, r-release-osx-x86_64-mavericks, r-release-windows-ix86+x86_64, r-oldrel-windows-ix86+x86_64

Version: 0.7
Check: PDF version of manual
Result: WARNING
    LaTeX errors when creating PDF version.
    This typically indicates Rd problems.
    LaTeX errors found:
    ! LaTeX Error: File `upquote.sty' not found.
    
    Type X to quit or <RETURN> to proceed,
    or enter new name. (Default extension: sty)
    
    0ed3b3c/Rd2.tex:8: ==> Fatal error occurred, no output PDF file produced!
Flavor: r-release-osx-x86_64-mavericks