CRAN Package Check Results for Package shapefiles

Last updated on 2018-06-19 03:52:26 CEST.

Flavor Version Tinstall Tcheck Ttotal Status Flags
r-devel-linux-x86_64-debian-clang 0.7 1.36 17.42 18.78 NOTE
r-devel-linux-x86_64-debian-gcc 0.7 1.28 15.19 16.47 NOTE
r-devel-linux-x86_64-fedora-clang 0.7 24.83 NOTE
r-devel-linux-x86_64-fedora-gcc 0.7 22.98 NOTE
r-devel-windows-ix86+x86_64 0.7 4.00 30.00 34.00 NOTE
r-patched-linux-x86_64 0.7 1.68 18.17 19.85 NOTE
r-patched-solaris-x86 0.7 35.30 NOTE
r-release-linux-x86_64 0.7 1.47 18.34 19.81 NOTE
r-release-windows-ix86+x86_64 0.7 5.00 30.00 35.00 NOTE
r-release-osx-x86_64 0.7 NOTE
r-oldrel-windows-ix86+x86_64 0.7 2.00 42.00 44.00 NOTE
r-oldrel-osx-x86_64 0.7 NOTE

Check Details

Version: 0.7
Check: DESCRIPTION meta-information
Result: NOTE
    Malformed Description field: should contain one or more complete sentences.
Flavors: r-devel-linux-x86_64-debian-clang, r-devel-linux-x86_64-debian-gcc, r-devel-linux-x86_64-fedora-clang, r-devel-linux-x86_64-fedora-gcc, r-devel-windows-ix86+x86_64, r-patched-linux-x86_64, r-patched-solaris-x86, r-release-linux-x86_64, r-release-windows-ix86+x86_64, r-release-osx-x86_64, r-oldrel-windows-ix86+x86_64, r-oldrel-osx-x86_64

Version: 0.7
Check: dependencies in R code
Result: NOTE
    'library' or 'require' call to ‘foreign’ which was already attached by Depends.
     Please remove these calls from your code.
Flavors: r-devel-linux-x86_64-debian-clang, r-devel-linux-x86_64-debian-gcc, r-devel-linux-x86_64-fedora-clang, r-devel-linux-x86_64-fedora-gcc, r-devel-windows-ix86+x86_64, r-patched-linux-x86_64, r-patched-solaris-x86, r-release-linux-x86_64, r-release-windows-ix86+x86_64, r-release-osx-x86_64, r-oldrel-windows-ix86+x86_64, r-oldrel-osx-x86_64