CRAN Package Check Results for Package shapefiles

Last updated on 2016-09-25 23:47:05.

Flavor Version Tinstall Tcheck Ttotal Status Flags
r-devel-linux-x86_64-debian-clang 0.7 0.54 10.14 10.67 NOTE
r-devel-linux-x86_64-debian-gcc 0.7 0.57 9.99 10.55 NOTE
r-devel-linux-x86_64-fedora-clang 0.7 17.28 NOTE
r-devel-linux-x86_64-fedora-gcc 0.7 16.91 NOTE
r-devel-macos-x86_64-clang 0.7 15.97 NOTE
r-devel-windows-ix86+x86_64 0.7 4.00 65.00 69.00 NOTE
r-patched-linux-x86_64 0.7 0.58 9.87 10.45 NOTE
r-patched-solaris-sparc 0.7 104.80 NOTE
r-patched-solaris-x86 0.7 23.40 NOTE
r-release-linux-x86_64 0.7 0.54 10.05 10.59 NOTE
r-release-osx-x86_64-mavericks 0.7 NOTE
r-release-windows-ix86+x86_64 0.7 2.00 27.00 29.00 NOTE
r-oldrel-windows-ix86+x86_64 0.7 2.00 22.00 24.00 NOTE

Check Details

Version: 0.7
Check: DESCRIPTION meta-information
Result: NOTE
    Malformed Description field: should contain one or more complete sentences.
Flavors: r-devel-linux-x86_64-debian-clang, r-devel-linux-x86_64-debian-gcc, r-devel-linux-x86_64-fedora-clang, r-devel-linux-x86_64-fedora-gcc, r-devel-macos-x86_64-clang, r-devel-windows-ix86+x86_64, r-patched-linux-x86_64, r-patched-solaris-sparc, r-patched-solaris-x86, r-release-linux-x86_64, r-release-osx-x86_64-mavericks, r-release-windows-ix86+x86_64, r-oldrel-windows-ix86+x86_64

Version: 0.7
Check: dependencies in R code
Result: NOTE
    'library' or 'require' call to ‘foreign’ which was already attached by Depends.
     Please remove these calls from your code.
Flavors: r-devel-linux-x86_64-debian-clang, r-devel-linux-x86_64-debian-gcc, r-devel-linux-x86_64-fedora-clang, r-devel-linux-x86_64-fedora-gcc, r-devel-macos-x86_64-clang, r-devel-windows-ix86+x86_64, r-patched-linux-x86_64, r-patched-solaris-sparc, r-patched-solaris-x86, r-release-linux-x86_64, r-release-osx-x86_64-mavericks, r-release-windows-ix86+x86_64, r-oldrel-windows-ix86+x86_64