CRAN Package Check Results for Package shapefiles

Last updated on 2015-05-23 14:47:10.

Flavor Version Tinstall Tcheck Ttotal Status Flags
r-devel-linux-x86_64-debian-clang 0.7 0.62 10.01 10.62 NOTE
r-devel-linux-x86_64-debian-gcc 0.7 0.55 9.92 10.47 NOTE
r-devel-linux-x86_64-fedora-clang 0.7 20.08 NOTE
r-devel-linux-x86_64-fedora-gcc 0.7 18.95 NOTE
r-devel-osx-x86_64-clang 0.7 23.27 NOTE
r-devel-windows-ix86+x86_64 0.7 3.00 18.00 21.00 NOTE
r-patched-linux-x86_64 0.7 0.57 9.97 10.54 NOTE
r-patched-solaris-sparc 0.7 137.30 NOTE
r-patched-solaris-x86 0.7 28.80 NOTE
r-release-linux-x86_64 0.7 0.52 10.49 11.02 NOTE
r-release-osx-x86_64-mavericks 0.7 NOTE
r-release-osx-x86_64-snowleopard 0.7 NOTE
r-release-windows-ix86+x86_64 0.7 1.00 19.00 20.00 NOTE
r-oldrel-windows-ix86+x86_64 0.7 4.00 21.00 25.00 NOTE

Check Details

Version: 0.7
Check: DESCRIPTION meta-information
Result: NOTE
    Malformed Description field: should contain one or more complete sentences.
Flavors: r-devel-linux-x86_64-debian-clang, r-devel-linux-x86_64-debian-gcc, r-devel-linux-x86_64-fedora-clang, r-devel-linux-x86_64-fedora-gcc, r-devel-osx-x86_64-clang, r-devel-windows-ix86+x86_64, r-patched-linux-x86_64, r-patched-solaris-sparc, r-patched-solaris-x86, r-release-linux-x86_64, r-release-osx-x86_64-mavericks, r-release-osx-x86_64-snowleopard, r-release-windows-ix86+x86_64

Version: 0.7
Check: dependencies in R code
Result: NOTE
    'library' or 'require' call to ‘foreign’ which was already attached by Depends.
     Please remove these calls from your code.
Flavors: r-devel-linux-x86_64-debian-clang, r-devel-linux-x86_64-debian-gcc, r-devel-linux-x86_64-fedora-clang, r-devel-linux-x86_64-fedora-gcc, r-devel-osx-x86_64-clang, r-devel-windows-ix86+x86_64, r-patched-linux-x86_64, r-patched-solaris-sparc, r-patched-solaris-x86, r-release-linux-x86_64, r-release-osx-x86_64-mavericks, r-release-osx-x86_64-snowleopard, r-release-windows-ix86+x86_64, r-oldrel-windows-ix86+x86_64