CRAN Package Check Results for Package shapefiles

Last updated on 2015-01-30 11:49:23.

Flavor Version Tinstall Tcheck Ttotal Status Flags
r-devel-linux-x86_64-debian-clang 0.7 0.56 10.69 11.25 NOTE
r-devel-linux-x86_64-debian-gcc 0.7 0.54 10.02 10.55 NOTE
r-devel-linux-x86_64-fedora-clang 0.7 22.28 NOTE
r-devel-linux-x86_64-fedora-gcc 0.7 22.08 NOTE
r-devel-osx-x86_64-clang 0.7 25.57 NOTE
r-devel-windows-ix86+x86_64 0.7 4.00 18.00 22.00 NOTE
r-patched-linux-x86_64 0.7 0.58 10.91 11.48 NOTE
r-patched-solaris-sparc 0.7 133.60 NOTE
r-patched-solaris-x86 0.7 32.80 NOTE
r-release-linux-ix86 0.7 0.85 16.54 17.38 NOTE
r-release-linux-x86_64 0.7 0.71 11.00 11.71 NOTE
r-release-osx-x86_64-mavericks 0.7 NOTE
r-release-windows-ix86+x86_64 0.7 4.00 20.00 24.00 NOTE
r-oldrel-windows-ix86+x86_64 0.7 4.00 20.00 24.00 NOTE

Check Details

Version: 0.7
Check: dependencies in R code
Result: NOTE
    'library' or 'require' call to ‘foreign’ which was already attached by Depends.
     Please remove these calls from your code.
Flavors: r-devel-linux-x86_64-debian-clang, r-devel-linux-x86_64-debian-gcc, r-devel-linux-x86_64-fedora-clang, r-devel-linux-x86_64-fedora-gcc, r-devel-osx-x86_64-clang, r-devel-windows-ix86+x86_64

Version: 0.7
Check: dependencies in R code
Result: NOTE
    'library' or 'require' call to ‘foreign’ which was already attached by Depends.
     Please remove these calls from your code.
    See the information on DESCRIPTION files in the chapter ‘Creating R
    packages’ of the ‘Writing R Extensions’ manual.
Flavors: r-patched-linux-x86_64, r-patched-solaris-sparc, r-patched-solaris-x86, r-release-linux-ix86, r-release-linux-x86_64, r-release-osx-x86_64-mavericks, r-release-windows-ix86+x86_64, r-oldrel-windows-ix86+x86_64