CRAN Package Check Results for Package shapefiles

Last updated on 2018-02-21 01:47:53 CET.

Flavor Version Tinstall Tcheck Ttotal Status Flags
r-devel-linux-x86_64-debian-clang 0.7 1.88 17.92 19.80 NOTE
r-devel-linux-x86_64-debian-gcc 0.7 1.02 14.27 15.29 NOTE
r-devel-linux-x86_64-fedora-clang 0.7 24.27 NOTE
r-devel-linux-x86_64-fedora-gcc 0.7 22.41 NOTE
r-devel-windows-ix86+x86_64 0.7 5.00 28.00 33.00 NOTE
r-patched-linux-x86_64 0.7 0.55 17.15 17.70 NOTE
r-patched-solaris-x86 0.7 30.60 NOTE
r-release-linux-x86_64 0.7 0.85 17.16 18.01 NOTE
r-release-windows-ix86+x86_64 0.7 2.00 29.00 31.00 NOTE
r-release-osx-x86_64 0.7 NOTE
r-oldrel-windows-ix86+x86_64 0.7 4.00 50.00 54.00 NOTE
r-oldrel-osx-x86_64 0.7 NOTE

Check Details

Version: 0.7
Check: DESCRIPTION meta-information
Result: NOTE
    Malformed Description field: should contain one or more complete sentences.
Flavors: r-devel-linux-x86_64-debian-clang, r-devel-linux-x86_64-debian-gcc, r-devel-linux-x86_64-fedora-clang, r-devel-linux-x86_64-fedora-gcc, r-devel-windows-ix86+x86_64, r-patched-linux-x86_64, r-patched-solaris-x86, r-release-linux-x86_64, r-release-windows-ix86+x86_64, r-release-osx-x86_64, r-oldrel-windows-ix86+x86_64, r-oldrel-osx-x86_64

Version: 0.7
Check: dependencies in R code
Result: NOTE
    'library' or 'require' call to ‘foreign’ which was already attached by Depends.
     Please remove these calls from your code.
Flavors: r-devel-linux-x86_64-debian-clang, r-devel-linux-x86_64-debian-gcc, r-devel-linux-x86_64-fedora-clang, r-devel-linux-x86_64-fedora-gcc, r-devel-windows-ix86+x86_64, r-patched-linux-x86_64, r-patched-solaris-x86, r-release-linux-x86_64, r-release-windows-ix86+x86_64, r-release-osx-x86_64, r-oldrel-windows-ix86+x86_64, r-oldrel-osx-x86_64