CRAN Package Check Results for Package shapefiles

Last updated on 2014-07-22 11:51:25.

Flavor Version Tinstall Tcheck Ttotal Status Flags
r-devel-linux-x86_64-debian-clang 0.7 0.48 10.69 11.17 NOTE
r-devel-linux-x86_64-debian-gcc 0.7 0.49 10.17 10.66 NOTE
r-devel-linux-x86_64-fedora-clang 0.7 22.85 NOTE
r-devel-linux-x86_64-fedora-gcc 0.7 20.66 NOTE
r-devel-osx-x86_64-clang 0.7 24.54 NOTE
r-devel-windows-ix86+x86_64 0.7 2.00 18.00 20.00 NOTE
r-patched-linux-x86_64 0.7 0.52 10.53 11.05 NOTE
r-patched-solaris-sparc 0.7 123.60 NOTE
r-patched-solaris-x86 0.7 31.20 NOTE
r-release-linux-ix86 0.7 0.81 16.54 17.35 NOTE
r-release-linux-x86_64 0.7 0.53 10.68 11.21 NOTE
r-release-osx-x86_64-mavericks 0.7 NOTE
r-release-windows-ix86+x86_64 0.7 3.00 25.00 28.00 NOTE
r-oldrel-windows-ix86+x86_64 0.7 2.00 20.00 22.00 NOTE

Check Details

Version: 0.7
Check: dependencies in R code
Result: NOTE
    'library' or 'require' call to ‘foreign’ which was already attached by Depends.
     Please remove these calls from your code.
    See the information on DESCRIPTION files in the chapter ‘Creating R
    packages’ of the ‘Writing R Extensions’ manual.
Flavors: r-devel-linux-x86_64-debian-clang, r-devel-linux-x86_64-debian-gcc, r-devel-linux-x86_64-fedora-clang, r-devel-linux-x86_64-fedora-gcc, r-devel-osx-x86_64-clang, r-devel-windows-ix86+x86_64, r-patched-linux-x86_64, r-patched-solaris-sparc, r-patched-solaris-x86, r-release-linux-ix86, r-release-linux-x86_64, r-release-osx-x86_64-mavericks, r-release-windows-ix86+x86_64, r-oldrel-windows-ix86+x86_64