CRAN Package Check Results for Package shapefiles

Last updated on 2015-03-29 08:49:21.

Flavor Version Tinstall Tcheck Ttotal Status Flags
r-devel-linux-x86_64-debian-clang 0.7 0.53 10.12 10.66 NOTE
r-devel-linux-x86_64-debian-gcc 0.7 0.56 10.16 10.72 NOTE
r-devel-linux-x86_64-fedora-clang 0.7 20.26 NOTE
r-devel-linux-x86_64-fedora-gcc 0.7 19.26 NOTE
r-devel-osx-x86_64-clang 0.7 26.14 NOTE
r-prerel-windows-ix86+x86_64 0.7 4.00 19.00 23.00 NOTE
r-prerel-linux-x86_64 0.7 0.54 10.02 10.56 NOTE
r-prerel-solaris-sparc 0.7 131.00 NOTE
r-prerel-solaris-x86 0.7 28.60 NOTE
r-release-linux-x86_64 0.7 0.60 11.23 11.83 NOTE
r-release-osx-x86_64-mavericks 0.7 NOTE
r-release-windows-ix86+x86_64 0.7 4.00 21.00 25.00 NOTE
r-oldrel-windows-ix86+x86_64 0.7 3.00 19.00 22.00 NOTE

Check Details

Version: 0.7
Check: DESCRIPTION meta-information
Result: NOTE
    Malformed Description field: should contain one or more complete sentences.
Flavors: r-devel-linux-x86_64-debian-clang, r-devel-linux-x86_64-debian-gcc, r-devel-linux-x86_64-fedora-clang, r-devel-linux-x86_64-fedora-gcc, r-devel-osx-x86_64-clang, r-prerel-windows-ix86+x86_64, r-prerel-linux-x86_64, r-prerel-solaris-sparc, r-prerel-solaris-x86

Version: 0.7
Check: dependencies in R code
Result: NOTE
    'library' or 'require' call to ‘foreign’ which was already attached by Depends.
     Please remove these calls from your code.
Flavors: r-devel-linux-x86_64-debian-clang, r-devel-linux-x86_64-debian-gcc, r-devel-linux-x86_64-fedora-clang, r-devel-linux-x86_64-fedora-gcc, r-devel-osx-x86_64-clang, r-prerel-windows-ix86+x86_64, r-prerel-linux-x86_64, r-prerel-solaris-sparc, r-prerel-solaris-x86, r-release-linux-x86_64, r-release-windows-ix86+x86_64

Version: 0.7
Check: dependencies in R code
Result: NOTE
    'library' or 'require' call to ‘foreign’ which was already attached by Depends.
     Please remove these calls from your code.
    See the information on DESCRIPTION files in the chapter ‘Creating R
    packages’ of the ‘Writing R Extensions’ manual.
Flavors: r-release-osx-x86_64-mavericks, r-oldrel-windows-ix86+x86_64