CRAN Package Check Results for Package shapefiles

Last updated on 2017-04-27 10:48:47.

Flavor Version Tinstall Tcheck Ttotal Status Flags
r-devel-linux-x86_64-debian-clang 0.7 0.60 11.76 12.36 NOTE
r-devel-linux-x86_64-debian-gcc 0.7 0.60 11.61 12.21 NOTE
r-devel-linux-x86_64-fedora-clang 0.7 22.51 NOTE --no-stop-on-test-error
r-devel-linux-x86_64-fedora-gcc 0.7 19.38 NOTE --no-stop-on-test-error
r-devel-windows-ix86+x86_64 0.7 3.00 28.00 31.00 NOTE
r-patched-linux-x86_64 0.7 0.60 12.08 12.68 NOTE
r-patched-solaris-sparc 0.7 121.10 NOTE
r-patched-solaris-x86 0.7 28.60 NOTE
r-release-linux-x86_64 0.7 0.62 11.77 12.39 NOTE
r-release-windows-ix86+x86_64 0.7 3.00 25.00 28.00 NOTE
r-release-osx-x86_64 0.7 NOTE
r-oldrel-windows-ix86+x86_64 0.7 2.00 27.00 29.00 NOTE
r-oldrel-osx-x86_64 0.7 NOTE

Check Details

Version: 0.7
Check: DESCRIPTION meta-information
Result: NOTE
    Malformed Description field: should contain one or more complete sentences.
Flavors: r-devel-linux-x86_64-debian-clang, r-devel-linux-x86_64-debian-gcc, r-devel-windows-ix86+x86_64, r-patched-linux-x86_64, r-patched-solaris-sparc, r-patched-solaris-x86, r-release-linux-x86_64, r-release-windows-ix86+x86_64, r-release-osx-x86_64, r-oldrel-windows-ix86+x86_64, r-oldrel-osx-x86_64

Version: 0.7
Check: dependencies in R code
Result: NOTE
    'library' or 'require' call to ‘foreign’ which was already attached by Depends.
     Please remove these calls from your code.
Flavors: r-devel-linux-x86_64-debian-clang, r-devel-linux-x86_64-debian-gcc, r-devel-windows-ix86+x86_64, r-patched-linux-x86_64, r-patched-solaris-sparc, r-patched-solaris-x86, r-release-linux-x86_64, r-release-windows-ix86+x86_64, r-release-osx-x86_64, r-oldrel-windows-ix86+x86_64, r-oldrel-osx-x86_64

Version: 0.7
Flags: --no-stop-on-test-error
Check: DESCRIPTION meta-information
Result: NOTE
    Malformed Description field: should contain one or more complete sentences.
Flavors: r-devel-linux-x86_64-fedora-clang, r-devel-linux-x86_64-fedora-gcc

Version: 0.7
Flags: --no-stop-on-test-error
Check: dependencies in R code
Result: NOTE
    'library' or 'require' call to ‘foreign’ which was already attached by Depends.
     Please remove these calls from your code.
Flavors: r-devel-linux-x86_64-fedora-clang, r-devel-linux-x86_64-fedora-gcc