CRAN Package Check Results for Package shapefiles

Last updated on 2017-12-13 20:48:59 CET.

Flavor Version Tinstall Tcheck Ttotal Status Flags
r-devel-linux-x86_64-debian-clang 0.7 0.76 16.66 17.42 NOTE
r-devel-linux-x86_64-debian-gcc 0.7 0.43 15.08 15.51 NOTE
r-devel-linux-x86_64-fedora-clang 0.7 19.28 NOTE
r-devel-linux-x86_64-fedora-gcc 0.7 20.68 NOTE
r-devel-windows-ix86+x86_64 0.7 5.00 27.00 32.00 NOTE
r-patched-linux-x86_64 0.7 0.66 17.21 17.87 NOTE
r-patched-solaris-x86 0.7 30.30 NOTE
r-release-linux-x86_64 0.7 0.76 16.38 17.14 NOTE
r-release-windows-ix86+x86_64 0.7 2.00 29.00 31.00 NOTE
r-release-osx-x86_64 0.7 NOTE
r-oldrel-windows-ix86+x86_64 0.7 4.00 50.00 54.00 NOTE
r-oldrel-osx-x86_64 0.7 NOTE

Check Details

Version: 0.7
Check: DESCRIPTION meta-information
Result: NOTE
    Malformed Description field: should contain one or more complete sentences.
Flavors: r-devel-linux-x86_64-debian-clang, r-devel-linux-x86_64-debian-gcc, r-devel-linux-x86_64-fedora-clang, r-devel-linux-x86_64-fedora-gcc, r-devel-windows-ix86+x86_64, r-patched-linux-x86_64, r-patched-solaris-x86, r-release-linux-x86_64, r-release-windows-ix86+x86_64, r-release-osx-x86_64, r-oldrel-windows-ix86+x86_64, r-oldrel-osx-x86_64

Version: 0.7
Check: dependencies in R code
Result: NOTE
    'library' or 'require' call to ‘foreign’ which was already attached by Depends.
     Please remove these calls from your code.
Flavors: r-devel-linux-x86_64-debian-clang, r-devel-linux-x86_64-debian-gcc, r-devel-linux-x86_64-fedora-clang, r-devel-linux-x86_64-fedora-gcc, r-devel-windows-ix86+x86_64, r-patched-linux-x86_64, r-patched-solaris-x86, r-release-linux-x86_64, r-release-windows-ix86+x86_64, r-release-osx-x86_64, r-oldrel-windows-ix86+x86_64, r-oldrel-osx-x86_64