CRAN Package Check Results for Package shapefiles

Last updated on 2016-05-31 13:47:36.

Flavor Version Tinstall Tcheck Ttotal Status Flags
r-devel-linux-x86_64-debian-gcc 0.7 0.51 9.71 10.22 NOTE
r-devel-linux-x86_64-fedora-clang 0.7 17.52 NOTE
r-devel-linux-x86_64-fedora-gcc 0.7 16.01 NOTE
r-devel-osx-x86_64-clang 0.7 20.48 NOTE
r-devel-windows-ix86+x86_64 0.7 3.00 25.00 28.00 NOTE
r-patched-linux-x86_64 0.7 0.67 10.73 11.40 NOTE
r-patched-solaris-sparc 0.7 103.60 NOTE
r-patched-solaris-x86 0.7 23.70 NOTE
r-release-linux-x86_64 0.7 0.60 9.95 10.55 NOTE
r-release-osx-x86_64-mavericks 0.7 NOTE
r-release-windows-ix86+x86_64 0.7 5.00 34.00 39.00 NOTE
r-oldrel-windows-ix86+x86_64 0.7 2.00 32.00 34.00 NOTE

Check Details

Version: 0.7
Check: DESCRIPTION meta-information
Result: NOTE
    Malformed Description field: should contain one or more complete sentences.
Flavors: r-devel-linux-x86_64-debian-gcc, r-devel-linux-x86_64-fedora-clang, r-devel-linux-x86_64-fedora-gcc, r-devel-osx-x86_64-clang, r-devel-windows-ix86+x86_64, r-patched-linux-x86_64, r-patched-solaris-sparc, r-patched-solaris-x86, r-release-linux-x86_64, r-release-osx-x86_64-mavericks, r-release-windows-ix86+x86_64, r-oldrel-windows-ix86+x86_64

Version: 0.7
Check: dependencies in R code
Result: NOTE
    'library' or 'require' call to ‘foreign’ which was already attached by Depends.
     Please remove these calls from your code.
Flavors: r-devel-linux-x86_64-debian-gcc, r-devel-linux-x86_64-fedora-clang, r-devel-linux-x86_64-fedora-gcc, r-devel-osx-x86_64-clang, r-devel-windows-ix86+x86_64, r-patched-linux-x86_64, r-patched-solaris-sparc, r-patched-solaris-x86, r-release-linux-x86_64, r-release-osx-x86_64-mavericks, r-release-windows-ix86+x86_64, r-oldrel-windows-ix86+x86_64