CRAN Package Check Results for Package shapefiles

Last updated on 2018-09-26 08:48:31 CEST.

Flavor Version Tinstall Tcheck Ttotal Status Flags
r-devel-linux-x86_64-debian-clang 0.7 1.60 19.51 21.11 NOTE
r-devel-linux-x86_64-debian-gcc 0.7 1.32 15.79 17.11 NOTE
r-devel-linux-x86_64-fedora-clang 0.7 25.12 NOTE
r-devel-linux-x86_64-fedora-gcc 0.7 24.18 NOTE
r-devel-windows-ix86+x86_64 0.7 5.00 31.00 36.00 NOTE
r-patched-linux-x86_64 0.7 1.29 18.02 19.31 NOTE
r-patched-solaris-x86 0.7 34.90 NOTE
r-release-linux-x86_64 0.7 1.16 18.34 19.50 NOTE
r-release-windows-ix86+x86_64 0.7 4.00 27.00 31.00 NOTE
r-release-osx-x86_64 0.7 NOTE
r-oldrel-windows-ix86+x86_64 0.7 5.00 29.00 34.00 NOTE
r-oldrel-osx-x86_64 0.7 NOTE

Check Details

Version: 0.7
Check: DESCRIPTION meta-information
Result: NOTE
    Malformed Description field: should contain one or more complete sentences.
Flavors: r-devel-linux-x86_64-debian-clang, r-devel-linux-x86_64-debian-gcc, r-devel-linux-x86_64-fedora-clang, r-devel-linux-x86_64-fedora-gcc, r-devel-windows-ix86+x86_64, r-patched-linux-x86_64, r-patched-solaris-x86, r-release-linux-x86_64, r-release-windows-ix86+x86_64, r-release-osx-x86_64, r-oldrel-windows-ix86+x86_64, r-oldrel-osx-x86_64

Version: 0.7
Check: dependencies in R code
Result: NOTE
    'library' or 'require' call to ‘foreign’ which was already attached by Depends.
     Please remove these calls from your code.
Flavors: r-devel-linux-x86_64-debian-clang, r-devel-linux-x86_64-debian-gcc, r-devel-linux-x86_64-fedora-clang, r-devel-linux-x86_64-fedora-gcc, r-devel-windows-ix86+x86_64, r-patched-linux-x86_64, r-patched-solaris-x86, r-release-linux-x86_64, r-release-windows-ix86+x86_64, r-release-osx-x86_64, r-oldrel-windows-ix86+x86_64, r-oldrel-osx-x86_64