CRAN Package Check Results for Package shapefiles

Last updated on 2016-12-07 16:47:26.

Flavor Version Tinstall Tcheck Ttotal Status Flags
r-devel-linux-x86_64-debian-clang 0.7 0.58 11.71 12.29 NOTE
r-devel-linux-x86_64-debian-gcc 0.7 0.67 11.46 12.13 NOTE
r-devel-linux-x86_64-fedora-clang 0.7 20.72 NOTE --no-stop-on-test-error
r-devel-linux-x86_64-fedora-gcc 0.7 19.48 NOTE --no-stop-on-test-error
r-devel-macos-x86_64-clang 0.7 18.41 NOTE
r-devel-windows-ix86+x86_64 0.7 6.00 28.00 34.00 NOTE
r-patched-linux-x86_64 0.7 0.59 9.90 10.49 NOTE
r-patched-solaris-sparc 0.7 104.80 NOTE
r-patched-solaris-x86 0.7 22.90 NOTE
r-release-linux-x86_64 0.7 0.56 10.12 10.68 NOTE
r-release-osx-x86_64-mavericks 0.7 NOTE
r-release-windows-ix86+x86_64 0.7 2.00 27.00 29.00 NOTE
r-oldrel-windows-ix86+x86_64 0.7 2.00 25.00 27.00 NOTE

Check Details

Version: 0.7
Check: DESCRIPTION meta-information
Result: NOTE
    Malformed Description field: should contain one or more complete sentences.
Flavors: r-devel-linux-x86_64-debian-clang, r-devel-linux-x86_64-debian-gcc, r-devel-macos-x86_64-clang, r-devel-windows-ix86+x86_64, r-patched-linux-x86_64, r-patched-solaris-sparc, r-patched-solaris-x86, r-release-linux-x86_64, r-release-osx-x86_64-mavericks, r-release-windows-ix86+x86_64, r-oldrel-windows-ix86+x86_64

Version: 0.7
Check: dependencies in R code
Result: NOTE
    'library' or 'require' call to ‘foreign’ which was already attached by Depends.
     Please remove these calls from your code.
Flavors: r-devel-linux-x86_64-debian-clang, r-devel-linux-x86_64-debian-gcc, r-devel-macos-x86_64-clang, r-devel-windows-ix86+x86_64, r-patched-linux-x86_64, r-patched-solaris-sparc, r-patched-solaris-x86, r-release-linux-x86_64, r-release-osx-x86_64-mavericks, r-release-windows-ix86+x86_64, r-oldrel-windows-ix86+x86_64

Version: 0.7
Flags: --no-stop-on-test-error
Check: DESCRIPTION meta-information
Result: NOTE
    Malformed Description field: should contain one or more complete sentences.
Flavors: r-devel-linux-x86_64-fedora-clang, r-devel-linux-x86_64-fedora-gcc

Version: 0.7
Flags: --no-stop-on-test-error
Check: dependencies in R code
Result: NOTE
    'library' or 'require' call to ‘foreign’ which was already attached by Depends.
     Please remove these calls from your code.
Flavors: r-devel-linux-x86_64-fedora-clang, r-devel-linux-x86_64-fedora-gcc