CRAN Package Check Results for Package shapefiles

Last updated on 2014-10-01 11:47:58.

Flavor Version Tinstall Tcheck Ttotal Status Flags
r-devel-linux-x86_64-debian-clang 0.7 0.56 10.88 11.45 NOTE
r-devel-linux-x86_64-debian-gcc 0.7 0.56 10.79 11.35 NOTE
r-devel-linux-x86_64-fedora-clang 0.7 21.76 NOTE
r-devel-linux-x86_64-fedora-gcc 0.7 20.87 NOTE
r-devel-osx-x86_64-clang 0.7 23.90 NOTE
r-devel-windows-ix86+x86_64 0.7 3.00 18.00 21.00 NOTE
r-patched-linux-x86_64 0.7 0.60 11.39 11.99 NOTE
r-patched-solaris-sparc 0.7 131.10 NOTE
r-patched-solaris-x86 0.7 32.70 NOTE
r-release-linux-ix86 0.7 0.84 16.50 17.35 NOTE
r-release-linux-x86_64 0.7 0.53 11.22 11.75 NOTE
r-release-osx-x86_64-mavericks 0.7 NOTE
r-release-windows-ix86+x86_64 0.7 3.00 25.00 28.00 NOTE
r-oldrel-windows-ix86+x86_64 0.7 2.00 20.00 22.00 NOTE

Check Details

Version: 0.7
Check: dependencies in R code
Result: NOTE
    'library' or 'require' call to ‘foreign’ which was already attached by Depends.
     Please remove these calls from your code.
    See the information on DESCRIPTION files in the chapter ‘Creating R
    packages’ of the ‘Writing R Extensions’ manual.
Flavors: r-devel-linux-x86_64-debian-clang, r-devel-linux-x86_64-debian-gcc, r-devel-linux-x86_64-fedora-clang, r-devel-linux-x86_64-fedora-gcc, r-devel-osx-x86_64-clang, r-devel-windows-ix86+x86_64, r-patched-linux-x86_64, r-patched-solaris-sparc, r-patched-solaris-x86, r-release-linux-ix86, r-release-linux-x86_64, r-release-osx-x86_64-mavericks, r-release-windows-ix86+x86_64, r-oldrel-windows-ix86+x86_64