CRAN Package Check Results for Package shapefiles

Last updated on 2017-06-29 06:53:22.

Flavor Version Tinstall Tcheck Ttotal Status Flags
r-devel-linux-x86_64-debian-clang 0.7 0.64 14.14 14.77 NOTE
r-devel-linux-x86_64-debian-gcc 0.7 0.58 11.88 12.46 NOTE
r-devel-linux-x86_64-fedora-clang 0.7 20.62 NOTE
r-devel-linux-x86_64-fedora-gcc 0.7 19.02 NOTE
r-devel-windows-ix86+x86_64 0.7 4.00 29.00 33.00 NOTE
r-patched-linux-x86_64 0.7 0.60 13.53 14.13 NOTE
r-patched-solaris-sparc 0.7 121.10 NOTE
r-patched-solaris-x86 0.7 27.90 NOTE
r-release-linux-x86_64 0.7 0.66 13.43 14.09 NOTE
r-release-windows-ix86+x86_64 0.7 3.00 33.00 36.00 NOTE
r-release-osx-x86_64 0.7 NOTE
r-oldrel-windows-ix86+x86_64 0.7 4.00 50.00 54.00 NOTE
r-oldrel-osx-x86_64 0.7 NOTE

Check Details

Version: 0.7
Check: DESCRIPTION meta-information
Result: NOTE
    Malformed Description field: should contain one or more complete sentences.
Flavors: r-devel-linux-x86_64-debian-clang, r-devel-linux-x86_64-debian-gcc, r-devel-linux-x86_64-fedora-clang, r-devel-linux-x86_64-fedora-gcc, r-devel-windows-ix86+x86_64, r-patched-linux-x86_64, r-patched-solaris-sparc, r-patched-solaris-x86, r-release-linux-x86_64, r-release-windows-ix86+x86_64, r-release-osx-x86_64, r-oldrel-windows-ix86+x86_64, r-oldrel-osx-x86_64

Version: 0.7
Check: dependencies in R code
Result: NOTE
    'library' or 'require' call to ‘foreign’ which was already attached by Depends.
     Please remove these calls from your code.
Flavors: r-devel-linux-x86_64-debian-clang, r-devel-linux-x86_64-debian-gcc, r-devel-linux-x86_64-fedora-clang, r-devel-linux-x86_64-fedora-gcc, r-devel-windows-ix86+x86_64, r-patched-linux-x86_64, r-patched-solaris-sparc, r-patched-solaris-x86, r-release-linux-x86_64, r-release-windows-ix86+x86_64, r-release-osx-x86_64, r-oldrel-windows-ix86+x86_64, r-oldrel-osx-x86_64