CRAN Package Check Results for Package shapefiles

Last updated on 2014-12-18 00:49:00.

Flavor Version Tinstall Tcheck Ttotal Status Flags
r-devel-linux-x86_64-debian-clang 0.7 0.56 10.84 11.39 NOTE
r-devel-linux-x86_64-debian-gcc 0.7 0.55 10.56 11.11 NOTE
r-devel-linux-x86_64-fedora-clang 0.7 23.69 NOTE
r-devel-linux-x86_64-fedora-gcc 0.7 21.51 NOTE
r-devel-osx-x86_64-clang 0.7 24.80 NOTE
r-devel-windows-ix86+x86_64 0.7 6.00 18.00 24.00 NOTE
r-patched-linux-x86_64 0.7 0.62 10.96 11.58 NOTE
r-patched-solaris-sparc 0.7 131.10 NOTE
r-patched-solaris-x86 0.7 32.50 NOTE
r-release-linux-ix86 0.7 0.82 16.37 17.19 NOTE
r-release-linux-x86_64 0.7 0.57 10.86 11.43 NOTE
r-release-osx-x86_64-mavericks 0.7 NOTE
r-release-windows-ix86+x86_64 0.7 2.00 25.00 27.00 NOTE
r-oldrel-windows-ix86+x86_64 0.7 2.00 20.00 22.00 NOTE

Check Details

Version: 0.7
Check: dependencies in R code
Result: NOTE
    'library' or 'require' call to ‘foreign’ which was already attached by Depends.
     Please remove these calls from your code.
    See the information on DESCRIPTION files in the chapter ‘Creating R
    packages’ of the ‘Writing R Extensions’ manual.
Flavors: r-devel-linux-x86_64-debian-clang, r-devel-linux-x86_64-debian-gcc, r-devel-linux-x86_64-fedora-clang, r-devel-linux-x86_64-fedora-gcc, r-devel-osx-x86_64-clang, r-devel-windows-ix86+x86_64, r-patched-linux-x86_64, r-patched-solaris-sparc, r-patched-solaris-x86, r-release-linux-ix86, r-release-linux-x86_64, r-release-osx-x86_64-mavericks, r-release-windows-ix86+x86_64, r-oldrel-windows-ix86+x86_64