CRAN Package Check Results for Package shapes

Last updated on 2015-04-01 08:50:16.

Flavor Version Tinstall Tcheck Ttotal Status Flags
r-devel-linux-x86_64-debian-clang 1.1-10 1.18 39.52 40.71 OK
r-devel-linux-x86_64-debian-gcc 1.1-10 1.12 37.53 38.65 OK
r-devel-linux-x86_64-fedora-clang 1.1-10 75.62 OK
r-devel-linux-x86_64-fedora-gcc 1.1-10 72.17 OK
r-devel-osx-x86_64-clang 1.1-10 71.87 OK
r-prerel-windows-ix86+x86_64 1.1-10 6.00 55.00 61.00 OK
r-prerel-linux-x86_64 1.1-10 1.10 39.16 40.26 OK
r-prerel-solaris-sparc 1.1-10 443.80 OK
r-prerel-solaris-x86 1.1-10 88.80 OK
r-release-linux-x86_64 1.1-10 1.21 43.45 44.66 OK
r-release-osx-x86_64-mavericks 1.1-10 OK
r-release-osx-x86_64-snowleopard 1.1-10 ERROR
r-release-windows-ix86+x86_64 1.1-10 6.00 62.00 68.00 OK
r-oldrel-windows-ix86+x86_64 1.1-10 6.00 63.00 69.00 OK

Check Details

Version: 1.1-10
Check: examples
Result: ERROR
    Running examples in ‘shapes-Ex.R’ failed
    The error most likely occurred in:
    
    > ### Name: brains
    > ### Title: Brain landmark data
    > ### Aliases: brains
    > ### Keywords: datasets
    >
    > ### ** Examples
    >
    > data(brains)
    > # plot first three brains
    > shapes3d(brains$x[,,1:3])
    Tue Mar 31 02:50:13 hagal.research.att.com R[22219] <Error>: unknown error code: invalid pixel format
    Tue Mar 31 02:50:13 hagal.research.att.com R[22219] <Error>: kCGErrorFailure: Set a breakpoint @ CGErrorBreakpoint() to catch errors as they are logged.
    X Error of failed request: GLXBadContext
     Major opcode of failed request: 0 ()
     Serial number of failed request: 27
     Current serial number in output stream: 27
Flavor: r-release-osx-x86_64-snowleopard