CRAN Package Check Results for Package shapes

Last updated on 2015-05-30 23:47:15.

Flavor Version Tinstall Tcheck Ttotal Status Flags
r-devel-linux-x86_64-debian-clang 1.1-10 1.22 38.13 39.35 OK
r-devel-linux-x86_64-debian-gcc 1.1-10 1.10 37.91 39.02 OK
r-devel-linux-x86_64-fedora-clang 1.1-10 74.39 OK
r-devel-linux-x86_64-fedora-gcc 1.1-10 68.81 OK
r-devel-osx-x86_64-clang 1.1-10 65.64 OK
r-devel-windows-ix86+x86_64 1.1-10 4.00 58.00 62.00 OK
r-patched-linux-x86_64 1.1-10 1.15 39.39 40.54 OK
r-patched-solaris-sparc 1.1-10 465.60 OK
r-patched-solaris-x86 1.1-10 92.10 OK
r-release-linux-x86_64 1.1-10 1.13 38.89 40.02 OK
r-release-osx-x86_64-mavericks 1.1-10 OK
r-release-osx-x86_64-snowleopard 1.1-10 ERROR
r-release-windows-ix86+x86_64 1.1-10 5.00 59.00 64.00 OK
r-oldrel-windows-ix86+x86_64 1.1-10 8.00 65.00 73.00 OK

Check Details

Version: 1.1-10
Check: examples
Result: ERROR
    Running examples in ‘shapes-Ex.R’ failed
    The error most likely occurred in:
    
    > ### Name: brains
    > ### Title: Brain landmark data
    > ### Aliases: brains
    > ### Keywords: datasets
    >
    > ### ** Examples
    >
    > data(brains)
    > # plot first three brains
    > shapes3d(brains$x[,,1:3])
    Wed Apr 29 08:18:56 hagal.research.att.com R[69135] <Error>: unknown error code: invalid pixel format
    Wed Apr 29 08:18:56 hagal.research.att.com R[69135] <Error>: kCGErrorFailure: Set a breakpoint @ CGErrorBreakpoint() to catch errors as they are logged.
    X Error of failed request: GLXBadContext
     Major opcode of failed request: 0 ()
     Serial number of failed request: 27
     Current serial number in output stream: 27
Flavor: r-release-osx-x86_64-snowleopard