CRAN Package Check Results for Package shapes

Last updated on 2015-03-05 22:47:38.

Flavor Version Tinstall Tcheck Ttotal Status Flags
r-devel-linux-x86_64-debian-clang 1.1-10 1.13 38.96 40.09 OK
r-devel-linux-x86_64-debian-gcc 1.1-10 1.09 39.36 40.45 OK
r-devel-linux-x86_64-fedora-clang 1.1-10 73.17 OK
r-devel-linux-x86_64-fedora-gcc 1.1-10 71.15 OK
r-devel-osx-x86_64-clang 1.1-10 72.45 OK
r-devel-windows-ix86+x86_64 1.1-10 5.00 54.00 59.00 OK
r-patched-linux-x86_64 1.1-10 1.19 44.71 45.90 OK
r-patched-solaris-sparc 1.1-10 520.50 OK
r-patched-solaris-x86 1.1-10 103.00 OK
r-release-linux-ix86 1.1-10 1.79 53.52 55.31 OK
r-release-linux-x86_64 1.1-10 1.19 43.99 45.18 OK
r-release-osx-x86_64-mavericks 1.1-10 OK
r-release-osx-x86_64-snowleopard 1.1-10 ERROR
r-release-windows-ix86+x86_64 1.1-10 6.00 69.00 75.00 OK
r-oldrel-windows-ix86+x86_64 1.1-10 7.00 95.00 102.00 OK

Check Details

Version: 1.1-10
Check: examples
Result: ERROR
    Running examples in ‘shapes-Ex.R’ failed
    The error most likely occurred in:
    
    > ### Name: brains
    > ### Title: Brain landmark data
    > ### Aliases: brains
    > ### Keywords: datasets
    >
    > ### ** Examples
    >
    > data(brains)
    > # plot first three brains
    > shapes3d(brains$x[,,1:3])
    Thu Mar 5 09:08:47 hagal.research.att.com R[6500] <Error>: unknown error code: invalid pixel format
    Thu Mar 5 09:08:47 hagal.research.att.com R[6500] <Error>: kCGErrorFailure: Set a breakpoint @ CGErrorBreakpoint() to catch errors as they are logged.
    X Error of failed request: GLXBadContext
     Major opcode of failed request: 0 ()
     Serial number of failed request: 27
     Current serial number in output stream: 27
Flavor: r-release-osx-x86_64-snowleopard