CRAN Package Check Results for Package shapes

Last updated on 2016-08-28 17:48:17.

Flavor Version Tinstall Tcheck Ttotal Status Flags
r-devel-linux-x86_64-debian-clang 1.1-13 1.55 47.76 49.31 OK
r-devel-linux-x86_64-debian-gcc 1.1-13 1.59 46.05 47.64 OK
r-devel-linux-x86_64-fedora-clang 1.1-13 74.78 OK
r-devel-linux-x86_64-fedora-gcc 1.1-13 66.87 OK
r-devel-osx-x86_64-clang 1.1-13 61.94 OK
r-devel-windows-ix86+x86_64 1.1-13 6.00 159.00 165.00 OK
r-patched-linux-x86_64 1.1-13 1.55 45.43 46.98 OK
r-patched-solaris-sparc 1.1-13 425.20 OK
r-patched-solaris-x86 1.1-13 80.70 OK
r-release-linux-x86_64 1.1-13 1.50 44.26 45.77 OK
r-release-osx-x86_64-mavericks 1.1-13 WARN
r-release-windows-ix86+x86_64 1.1-13 10.00 78.00 88.00 OK
r-oldrel-windows-ix86+x86_64 1.1-13 10.00 144.00 154.00 OK

Check Details

Version: 1.1-13
Check: whether package can be installed
Result: WARN
    Found the following significant warnings:
     Warning: 'rgl_init' failed, running with rgl.useNULL = TRUE
Flavor: r-release-osx-x86_64-mavericks

Version: 1.1-13
Check: dependencies in R code
Result: NOTE
    Invalid MIT-MAGIC-COOKIE-1 key
Flavor: r-release-osx-x86_64-mavericks

Version: 1.1-13
Check: S3 generic/method consistency
Result: WARN
    Invalid MIT-MAGIC-COOKIE-1 key
    See section ‘Generic functions and methods’ in the ‘Writing R
    Extensions’ manual.
Flavor: r-release-osx-x86_64-mavericks

Version: 1.1-13
Check: replacement functions
Result: WARN
    Invalid MIT-MAGIC-COOKIE-1 key
    The argument of a replacement function which corresponds to the right
    hand side must be named ‘value’.
Flavor: r-release-osx-x86_64-mavericks

Version: 1.1-13
Check: foreign function calls
Result: NOTE
    Invalid MIT-MAGIC-COOKIE-1 key
    See chapter ‘System and foreign language interfaces’ in the ‘Writing R
    Extensions’ manual.
Flavor: r-release-osx-x86_64-mavericks

Version: 1.1-13
Check: R code for possible problems
Result: NOTE
    Invalid MIT-MAGIC-COOKIE-1 key
Flavor: r-release-osx-x86_64-mavericks

Version: 1.1-13
Check: for missing documentation entries
Result: WARN
    Invalid MIT-MAGIC-COOKIE-1 key
    All user-level objects in a package should have documentation entries.
    See chapter ‘Writing R documentation files’ in the ‘Writing R
    Extensions’ manual.
Flavor: r-release-osx-x86_64-mavericks

Version: 1.1-13
Check: for code/documentation mismatches
Result: WARN
    Invalid MIT-MAGIC-COOKIE-1 key
    Invalid MIT-MAGIC-COOKIE-1 key
    Invalid MIT-MAGIC-COOKIE-1 key
Flavor: r-release-osx-x86_64-mavericks

Version: 1.1-13
Check: Rd \usage sections
Result: NOTE
    Invalid MIT-MAGIC-COOKIE-1 key
    The \usage entries for S3 methods should use the \method markup and not
    their full name.
    See chapter ‘Writing R documentation files’ in the ‘Writing R
    Extensions’ manual.
Flavor: r-release-osx-x86_64-mavericks