CRAN Package Check Results for Package shapes

Last updated on 2016-09-26 11:51:50.

Flavor Version Tinstall Tcheck Ttotal Status Flags
r-devel-linux-x86_64-debian-clang 1.1-13 1.50 46.67 48.17 OK
r-devel-linux-x86_64-debian-gcc 1.1-13 1.75 44.67 46.42 OK
r-devel-linux-x86_64-fedora-clang 1.1-13 84.57 OK
r-devel-linux-x86_64-fedora-gcc 1.1-13 82.30 OK
r-devel-macos-x86_64-clang 1.1-13 66.60 OK
r-devel-windows-ix86+x86_64 1.1-13 10.00 115.00 125.00 OK
r-patched-linux-x86_64 1.1-13 1.69 44.62 46.31 OK
r-patched-solaris-sparc 1.1-13 425.20 OK
r-patched-solaris-x86 1.1-13 95.00 OK
r-release-linux-x86_64 1.1-13 1.62 44.83 46.45 OK
r-release-osx-x86_64-mavericks 1.1-13 WARN
r-release-windows-ix86+x86_64 1.1-13 12.00 110.00 122.00 OK
r-oldrel-windows-ix86+x86_64 1.1-13 12.00 106.00 118.00 OK

Check Details

Version: 1.1-13
Check: whether package can be installed
Result: WARN
    Found the following significant warnings:
     Warning: 'rgl_init' failed, running with rgl.useNULL = TRUE
Flavor: r-release-osx-x86_64-mavericks

Version: 1.1-13
Check: dependencies in R code
Result: NOTE
    Invalid MIT-MAGIC-COOKIE-1 key
Flavor: r-release-osx-x86_64-mavericks

Version: 1.1-13
Check: S3 generic/method consistency
Result: WARN
    Invalid MIT-MAGIC-COOKIE-1 key
    See section ‘Generic functions and methods’ in the ‘Writing R
    Extensions’ manual.
Flavor: r-release-osx-x86_64-mavericks

Version: 1.1-13
Check: replacement functions
Result: WARN
    Invalid MIT-MAGIC-COOKIE-1 key
    The argument of a replacement function which corresponds to the right
    hand side must be named ‘value’.
Flavor: r-release-osx-x86_64-mavericks

Version: 1.1-13
Check: foreign function calls
Result: NOTE
    Invalid MIT-MAGIC-COOKIE-1 key
    See chapter ‘System and foreign language interfaces’ in the ‘Writing R
    Extensions’ manual.
Flavor: r-release-osx-x86_64-mavericks

Version: 1.1-13
Check: R code for possible problems
Result: NOTE
    Invalid MIT-MAGIC-COOKIE-1 key
Flavor: r-release-osx-x86_64-mavericks

Version: 1.1-13
Check: for missing documentation entries
Result: WARN
    Invalid MIT-MAGIC-COOKIE-1 key
    All user-level objects in a package should have documentation entries.
    See chapter ‘Writing R documentation files’ in the ‘Writing R
    Extensions’ manual.
Flavor: r-release-osx-x86_64-mavericks

Version: 1.1-13
Check: for code/documentation mismatches
Result: WARN
    Invalid MIT-MAGIC-COOKIE-1 key
    Invalid MIT-MAGIC-COOKIE-1 key
    Invalid MIT-MAGIC-COOKIE-1 key
Flavor: r-release-osx-x86_64-mavericks

Version: 1.1-13
Check: Rd \usage sections
Result: NOTE
    Invalid MIT-MAGIC-COOKIE-1 key
    The \usage entries for S3 methods should use the \method markup and not
    their full name.
    See chapter ‘Writing R documentation files’ in the ‘Writing R
    Extensions’ manual.
Flavor: r-release-osx-x86_64-mavericks