CRAN Package Check Results for Package shapes

Last updated on 2014-12-20 03:49:42.

Flavor Version Tinstall Tcheck Ttotal Status Flags
r-devel-linux-x86_64-debian-clang 1.1-10 1.23 42.56 43.78 OK
r-devel-linux-x86_64-debian-gcc 1.1-10 1.13 40.35 41.48 OK
r-devel-linux-x86_64-fedora-clang 1.1-10 84.46 OK
r-devel-linux-x86_64-fedora-gcc 1.1-10 72.57 OK
r-devel-osx-x86_64-clang 1.1-10 73.42 OK
r-devel-windows-ix86+x86_64 1.1-10 6.00 58.00 64.00 OK
r-patched-linux-x86_64 1.1-10 1.22 42.68 43.91 OK
r-patched-solaris-sparc 1.1-10 442.90 OK
r-patched-solaris-x86 1.1-10 98.20 OK
r-release-linux-ix86 1.1-10 1.72 52.06 53.79 OK
r-release-linux-x86_64 1.1-10 1.64 44.04 45.68 OK
r-release-osx-x86_64-mavericks 1.1-10 OK
r-release-osx-x86_64-snowleopard 1.1-10 ERROR
r-release-windows-ix86+x86_64 1.1-10 6.00 66.00 72.00 OK
r-oldrel-windows-ix86+x86_64 1.1-10 6.00 70.00 76.00 OK

Check Details

Version: 1.1-10
Check: examples
Result: ERROR
    Running examples in ‘shapes-Ex.R’ failed
    The error most likely occurred in:
    
    > ### Name: brains
    > ### Title: Brain landmark data
    > ### Aliases: brains
    > ### Keywords: datasets
    >
    > ### ** Examples
    >
    > data(brains)
    > # plot first three brains
    > shapes3d(brains$x[,,1:3])
    Fri Dec 19 08:44:30 hagal.research.att.com R[75683] <Error>: unknown error code: invalid pixel format
    Fri Dec 19 08:44:30 hagal.research.att.com R[75683] <Error>: kCGErrorFailure: Set a breakpoint @ CGErrorBreakpoint() to catch errors as they are logged.
    X Error of failed request: GLXBadContext
     Major opcode of failed request: 0 ()
     Serial number of failed request: 27
     Current serial number in output stream: 27
Flavor: r-release-osx-x86_64-snowleopard