CRAN Package Check Results for Package shapes

Last updated on 2015-01-30 03:49:14.

Flavor Version Tinstall Tcheck Ttotal Status Flags
r-devel-linux-x86_64-debian-clang 1.1-10 1.18 40.01 41.20 OK
r-devel-linux-x86_64-debian-gcc 1.1-10 1.41 40.11 41.52 OK
r-devel-linux-x86_64-fedora-clang 1.1-10 79.80 OK
r-devel-linux-x86_64-fedora-gcc 1.1-10 75.43 OK
r-devel-osx-x86_64-clang 1.1-10 73.02 OK
r-devel-windows-ix86+x86_64 1.1-10 6.00 56.00 62.00 OK
r-patched-linux-x86_64 1.1-10 1.32 44.29 45.60 OK
r-patched-solaris-sparc 1.1-10 477.10 OK
r-patched-solaris-x86 1.1-10 102.90 OK
r-release-linux-ix86 1.1-10 1.65 52.29 53.94 OK
r-release-linux-x86_64 1.1-10 1.51 43.16 44.67 OK
r-release-osx-x86_64-mavericks 1.1-10 OK
r-release-osx-x86_64-snowleopard 1.1-10 ERROR
r-release-windows-ix86+x86_64 1.1-10 6.00 66.00 72.00 OK
r-oldrel-windows-ix86+x86_64 1.1-10 6.00 67.00 73.00 OK

Check Details

Version: 1.1-10
Check: examples
Result: ERROR
    Running examples in ‘shapes-Ex.R’ failed
    The error most likely occurred in:
    
    > ### Name: brains
    > ### Title: Brain landmark data
    > ### Aliases: brains
    > ### Keywords: datasets
    >
    > ### ** Examples
    >
    > data(brains)
    > # plot first three brains
    > shapes3d(brains$x[,,1:3])
    Thu Jan 29 09:09:02 hagal.research.att.com R[51723] <Error>: unknown error code: invalid pixel format
    Thu Jan 29 09:09:02 hagal.research.att.com R[51723] <Error>: kCGErrorFailure: Set a breakpoint @ CGErrorBreakpoint() to catch errors as they are logged.
    X Error of failed request: GLXBadContext
     Major opcode of failed request: 0 ()
     Serial number of failed request: 27
     Current serial number in output stream: 27
Flavor: r-release-osx-x86_64-snowleopard