CRAN Package Check Results for Package shapes

Last updated on 2015-08-04 03:48:21.

Flavor Version Tinstall Tcheck Ttotal Status Flags
r-devel-linux-x86_64-debian-clang 1.1-10 1.08 40.44 41.52 NOTE
r-devel-linux-x86_64-debian-gcc 1.1-10 1.13 39.06 40.18 NOTE
r-devel-linux-x86_64-fedora-clang 1.1-10 73.66 NOTE
r-devel-linux-x86_64-fedora-gcc 1.1-10 69.44 NOTE
r-devel-osx-x86_64-clang 1.1-10 62.72 OK
r-devel-windows-ix86+x86_64 1.1-10 11.00 91.00 102.00 NOTE
r-patched-linux-x86_64 1.1-10 1.12 39.11 40.23 OK
r-patched-solaris-sparc 1.1-10 466.20 OK
r-patched-solaris-x86 1.1-10 87.80 OK
r-release-linux-x86_64 1.1-10 1.12 42.98 44.10 OK
r-release-osx-x86_64-mavericks 1.1-10 OK
r-release-windows-ix86+x86_64 1.1-10 7.00 93.00 100.00 OK
r-oldrel-windows-ix86+x86_64 1.1-10 9.00 100.00 109.00 OK

Check Details

Version: 1.1-10
Check: R code for possible problems
Result: NOTE
    BoxM: no visible global function definition for ‘var’
    BoxM: no visible global function definition for ‘pchisq’
    Goodall: no visible global function definition for ‘var’
    Goodall: no visible global function definition for ‘pf’
    Goodall2D: no visible global function definition for ‘pf’
    Goodalltest: no visible global function definition for ‘pf’
    Hotelling: no visible global function definition for ‘var’
    Hotelling: no visible global function definition for ‘pf’
    Hotelling2D: no visible global function definition for ‘var’
    Hotelling2D: no visible global function definition for ‘pf’
    Hotelling2Djames: no visible global function definition for ‘var’
    Hotelling2Djames: no visible global function definition for ‘pf’
    Hotelling2Djames: no visible global function definition for ‘qchisq’
    Hotellingtest: no visible global function definition for ‘var’
    Hotellingtest: no visible global function definition for ‘pf’
    James: no visible global function definition for ‘var’
    James: no visible global function definition for ‘qchisq’
    Lambdamin: no visible global function definition for ‘pchisq’
    TPSgrid: no visible global function definition for ‘par’
    TPSgrid: no visible global function definition for ‘plot’
    TPSgrid: no visible global function definition for ‘lines’
    TPSgrid: no visible global function definition for ‘points’
    TPSgrid: no visible global function definition for ‘arrows’
    banner1: no visible global function definition for ‘par’
    banner1: no visible global function definition for ‘plot’
    banner1: no visible global function definition for ‘title’
    banner4: no visible global function definition for ‘par’
    banner4: no visible global function definition for ‘plot’
    banner4: no visible global function definition for ‘title’
    bendingenergy: no visible global function definition for ‘prcomp’
    bgpa: no visible global function definition for ‘var’
    bgpa: no visible global function definition for ‘cor’
    del: no visible global function definition for ‘plot’
    del: no visible global function definition for ‘text’
    del: no visible global function definition for ‘lines’
    estcov: no visible global function definition for ‘cmdscale’
    estcov: no visible global function definition for ‘plot’
    estcov: no visible global function definition for ‘text’
    frechet: no visible global function definition for ‘nlm’
    goodall2d: no visible global function definition for ‘pf’
    goodalltest: no visible global function definition for ‘pf’
    graf: no visible global function definition for ‘plot’
    graf: no visible global function definition for ‘lines’
    hotelling2d: no visible global function definition for ‘var’
    hotelling2d: no visible global function definition for ‘pf’
    hotellingtest: no visible global function definition for ‘var’
    hotellingtest: no visible global function definition for ‘pf’
    isomle: no visible global function definition for ‘var’
    isomle: no visible global function definition for ‘nlm’
    isotropy.test: no visible global function definition for ‘pchisq’
    movie: no visible global function definition for ‘plot’
    partialwarpgrids: no visible global function definition for ‘par’
    partialwarpgrids: no visible global function definition for ‘plot’
    partialwarpgrids: no visible global function definition for ‘lines’
    partialwarpgrids: no visible global function definition for ‘points’
    partialwarps: no visible global function definition for ‘var’
    plot2rwscores: no visible global function definition for ‘par’
    plot2rwscores: no visible global function definition for ‘plot’
    plot2rwscores: no visible global function definition for ‘points’
    plot3Ddata: no visible global function definition for ‘par’
    plot3Ddata: no visible global function definition for ‘plot’
    plot3Ddata: no visible global function definition for ‘title’
    plot3Ddata.static: no visible global function definition for ‘par’
    plot3Dmean: no visible global function definition for ‘par’
    plot3Dmean: no visible global function definition for ‘plot’
    plot3Dmean: no visible global function definition for ‘text’
    plot3Dmean: no visible global function definition for ‘lines’
    plot3Dmean: no visible global function definition for ‘title’
    plot3Dpca: no visible global function definition for ‘par’
    plotPDM: no visible global function definition for ‘plot’
    plotPDM: no visible global function definition for ‘lines’
    plotPDM: no visible global function definition for ‘title’
    plotPDM: no visible global function definition for ‘par’
    plotPDM2: no visible global function definition for ‘par’
    plotPDM2: no visible global function definition for ‘plot’
    plotPDM2: no visible global function definition for ‘points’
    plotPDM2: no visible global function definition for ‘lines’
    plotPDM3: no visible global function definition for ‘par’
    plotPDM3: no visible global function definition for ‘plot’
    plotPDM3: no visible global function definition for ‘lines’
    plotPDMbook: no visible global function definition for ‘par’
    plotPDMbook: no visible global function definition for ‘plot’
    plotPDMbook: no visible global function definition for ‘lines’
    plotPDMnoaxis: no visible global function definition for ‘plot’
    plotPDMnoaxis: no visible global function definition for ‘lines’
    plotPDMnoaxis3: no visible global function definition for ‘plot’
    plotPDMnoaxis3: no visible global function definition for ‘text’
    plotPDMnoaxis3: no visible global function definition for ‘lines’
    plotpairscores: no visible global function definition for ‘par’
    plotpairscores: no visible global function definition for ‘plot’
    plotpairscores: no visible global function definition for ‘points’
    plotpca: no visible global function definition for ‘par’
    plotpca: no visible global function definition for ‘title’
    plotpca3d: no visible global function definition for ‘par’
    plotpca3d: no visible global function definition for ‘title’
    plotprinwarp: no visible global function definition for ‘par’
    plotprinwarp: no visible global function definition for ‘persp’
    plotproc: no visible global function definition for ‘par’
    plotproc: no visible global function definition for ‘plot’
    plotproc: no visible global function definition for ‘points’
    plotproc: no visible global function definition for ‘lines’
    plotrelwarp: no visible global function definition for ‘par’
    plotshapes: no visible global function definition for ‘par’
    plotshapes: no visible global function definition for ‘plot’
    plotshapes: no visible global function definition for ‘points’
    plotshapes: no visible global function definition for ‘lines’
    plotshapes3d: no visible global function definition for ‘par’
    plotshapestime3d: no visible global function definition for ‘par’
    plotshapestime3d: no visible global function definition for ‘title’
    pointsPDMnoaxis3: no visible global function definition for ‘points’
    pointsPDMnoaxis3: no visible global function definition for ‘text’
    pointsPDMnoaxis3: no visible global function definition for ‘lines’
    prcomp1: no visible global function definition for ‘cov’
    prinwscoregrids: no visible global function definition for ‘par’
    prinwscoregrids: no visible global function definition for ‘plot’
    prinwscoregrids: no visible global function definition for ‘lines’
    prinwscoregrids: no visible global function definition for ‘points’
    procWGPA: no visible global function definition for ‘var’
    procWGPA: no visible global function definition for ‘nlm’
    relwarps: no visible global function definition for ‘var’
    resampletest: no visible global function definition for ‘pchisq’
    rotateaxes: no visible global function definition for ‘var’
    shaperw: no visible global function definition for ‘var’
    shapes.cva: no visible global function definition for ‘predict’
    shapes.cva: no visible global function definition for ‘rnorm’
    shapes.cva: no visible global function definition for ‘text’
    sim1: no visible global function definition for ‘rnorm’
    tpsgrid: no visible global function definition for ‘par’
    tpsgrid: no visible global function definition for ‘plot’
    tpsgrid: no visible global function definition for ‘lines’
    tpsgrid: no visible global function definition for ‘points’
    tpsgrid: no visible global function definition for ‘arrows’
    tpsgrid.old: no visible global function definition for ‘par’
    tpsgrid.old: no visible global function definition for ‘plot’
    tpsgrid.old: no visible global function definition for ‘lines’
    tpsgrid.old: no visible global function definition for ‘points’
    Undefined global functions or variables:
     arrows cmdscale cor cov lines nlm par pchisq persp pf plot points
     prcomp predict qchisq rnorm text title var
    Consider adding
     importFrom("graphics", "arrows", "lines", "par", "persp", "plot",
     "points", "text", "title")
     importFrom("stats", "cmdscale", "cor", "cov", "nlm", "pchisq", "pf",
     "prcomp", "predict", "qchisq", "rnorm", "var")
    to your NAMESPACE.
Flavors: r-devel-linux-x86_64-debian-clang, r-devel-linux-x86_64-debian-gcc, r-devel-linux-x86_64-fedora-clang, r-devel-linux-x86_64-fedora-gcc, r-devel-windows-ix86+x86_64