CRAN Package Check Results for Package shapes

Last updated on 2017-01-19 06:49:04.

Flavor Version Tinstall Tcheck Ttotal Status Flags
r-devel-linux-x86_64-debian-clang 1.1-13 1.96 49.66 51.62 OK
r-devel-linux-x86_64-debian-gcc 1.1-13 1.58 46.45 48.04 OK
r-devel-linux-x86_64-fedora-clang 1.1-13 87.32 OK --no-stop-on-test-error
r-devel-linux-x86_64-fedora-gcc 1.1-13 87.88 OK --no-stop-on-test-error
r-devel-macos-x86_64-clang 1.1-13 69.71 OK --no-stop-on-test-error
r-devel-windows-ix86+x86_64 1.1-13 10.00 86.00 96.00 OK
r-patched-linux-x86_64 1.1-13 1.67 45.67 47.34 OK
r-patched-solaris-sparc 1.1-13 514.90 OK
r-patched-solaris-x86 1.1-13 95.70 OK
r-release-linux-x86_64 1.1-13 1.53 45.12 46.65 OK
r-release-osx-x86_64-mavericks 1.1-13 WARN
r-release-windows-ix86+x86_64 1.1-13 6.00 115.00 121.00 OK
r-oldrel-windows-ix86+x86_64 1.1-13 7.00 111.00 118.00 ERROR

Check Details

Version: 1.1-13
Check: whether package can be installed
Result: WARN
    Found the following significant warnings:
     Warning: 'rgl_init' failed, running with rgl.useNULL = TRUE
Flavor: r-release-osx-x86_64-mavericks

Version: 1.1-13
Check: dependencies in R code
Result: NOTE
    Invalid MIT-MAGIC-COOKIE-1 key
Flavor: r-release-osx-x86_64-mavericks

Version: 1.1-13
Check: S3 generic/method consistency
Result: WARN
    Invalid MIT-MAGIC-COOKIE-1 key
    See section ‘Generic functions and methods’ in the ‘Writing R
    Extensions’ manual.
Flavor: r-release-osx-x86_64-mavericks

Version: 1.1-13
Check: replacement functions
Result: WARN
    Invalid MIT-MAGIC-COOKIE-1 key
    The argument of a replacement function which corresponds to the right
    hand side must be named ‘value’.
Flavor: r-release-osx-x86_64-mavericks

Version: 1.1-13
Check: foreign function calls
Result: NOTE
    Invalid MIT-MAGIC-COOKIE-1 key
    See chapter ‘System and foreign language interfaces’ in the ‘Writing R
    Extensions’ manual.
Flavor: r-release-osx-x86_64-mavericks

Version: 1.1-13
Check: R code for possible problems
Result: NOTE
    Invalid MIT-MAGIC-COOKIE-1 key
Flavor: r-release-osx-x86_64-mavericks

Version: 1.1-13
Check: for missing documentation entries
Result: WARN
    Invalid MIT-MAGIC-COOKIE-1 key
    All user-level objects in a package should have documentation entries.
    See chapter ‘Writing R documentation files’ in the ‘Writing R
    Extensions’ manual.
Flavor: r-release-osx-x86_64-mavericks

Version: 1.1-13
Check: for code/documentation mismatches
Result: WARN
    Invalid MIT-MAGIC-COOKIE-1 key
    Invalid MIT-MAGIC-COOKIE-1 key
    Invalid MIT-MAGIC-COOKIE-1 key
Flavor: r-release-osx-x86_64-mavericks

Version: 1.1-13
Check: Rd \usage sections
Result: NOTE
    Invalid MIT-MAGIC-COOKIE-1 key
    The \usage entries for S3 methods should use the \method markup and not
    their full name.
    See chapter ‘Writing R documentation files’ in the ‘Writing R
    Extensions’ manual.
Flavor: r-release-osx-x86_64-mavericks

Version: 1.1-13
Check: whether package can be installed
Result: ERROR
    Installation failed.
Flavor: r-oldrel-windows-ix86+x86_64