CRAN Package Check Results for Package shapes

Last updated on 2014-10-26 01:48:17.

Flavor Version Tinstall Tcheck Ttotal Status Flags
r-devel-linux-x86_64-debian-clang 1.1-10 1.30 41.93 43.23 OK
r-devel-linux-x86_64-debian-gcc 1.1-10 1.16 40.92 42.08 OK
r-devel-linux-x86_64-fedora-clang 1.1-10 83.98 OK
r-devel-linux-x86_64-fedora-gcc 1.1-10 78.07 OK
r-devel-osx-x86_64-clang 1.1-10 71.81 OK
r-devel-windows-ix86+x86_64 1.1-10 5.00 58.00 63.00 OK
r-patched-linux-x86_64 1.1-10 1.30 44.14 45.44 OK
r-patched-solaris-sparc 1.1-10 442.90 OK
r-patched-solaris-x86 1.1-10 103.10 OK
r-release-linux-ix86 1.1-10 1.80 53.25 55.05 OK
r-release-linux-x86_64 1.1-10 1.26 43.77 45.02 OK
r-release-osx-x86_64-mavericks 1.1-10 OK
r-release-osx-x86_64-snowleopard 1.1-10 ERROR
r-release-windows-ix86+x86_64 1.1-10 5.00 62.00 67.00 OK
r-oldrel-windows-ix86+x86_64 1.1-10 6.00 63.00 69.00 OK

Check Details

Version: 1.1-10
Check: examples
Result: ERROR
    Running examples in ‘shapes-Ex.R’ failed
    The error most likely occurred in:
    
    > ### Name: brains
    > ### Title: Brain landmark data
    > ### Aliases: brains
    > ### Keywords: datasets
    >
    > ### ** Examples
    >
    > data(brains)
    > # plot first three brains
    > shapes3d(brains$x[,,1:3])
    Sat Oct 25 07:14:49 hagal.research.att.com R[15338] <Error>: unknown error code: invalid pixel format
    Sat Oct 25 07:14:49 hagal.research.att.com R[15338] <Error>: kCGErrorFailure: Set a breakpoint @ CGErrorBreakpoint() to catch errors as they are logged.
    X Error of failed request: GLXBadContext
     Major opcode of failed request: 0 ()
     Serial number of failed request: 27
     Current serial number in output stream: 27
Flavor: r-release-osx-x86_64-snowleopard