CRAN Package Check Results for Package shapes

Last updated on 2016-07-24 14:48:16.

Flavor Version Tinstall Tcheck Ttotal Status Flags
r-devel-linux-x86_64-debian-clang 1.1-13 1.39 47.64 49.03 OK
r-devel-linux-x86_64-debian-gcc 1.1-13 1.46 48.03 49.49 OK
r-devel-linux-x86_64-fedora-clang 1.1-13 73.01 OK
r-devel-linux-x86_64-fedora-gcc 1.1-13 66.51 OK
r-devel-osx-x86_64-clang 1.1-13 60.30 OK
r-devel-windows-ix86+x86_64 1.1-13 5.00 73.00 78.00 OK
r-patched-linux-x86_64 1.1-13 1.42 45.48 46.90 OK
r-patched-solaris-sparc 1.1-13 425.20 OK
r-patched-solaris-x86 1.1-13 79.20 OK
r-release-linux-x86_64 1.1-13 1.22 44.97 46.19 OK
r-release-osx-x86_64-mavericks 1.1-13 WARN
r-release-windows-ix86+x86_64 1.1-13 6.00 91.00 97.00 OK
r-oldrel-windows-ix86+x86_64 1.1-13 9.00 65.00 74.00 OK

Check Details

Version: 1.1-13
Check: whether package can be installed
Result: WARN
    Found the following significant warnings:
     Warning: 'rgl_init' failed, running with rgl.useNULL = TRUE
Flavor: r-release-osx-x86_64-mavericks

Version: 1.1-13
Check: dependencies in R code
Result: NOTE
    Invalid MIT-MAGIC-COOKIE-1 key
Flavor: r-release-osx-x86_64-mavericks

Version: 1.1-13
Check: S3 generic/method consistency
Result: WARN
    Invalid MIT-MAGIC-COOKIE-1 key
    See section ‘Generic functions and methods’ in the ‘Writing R
    Extensions’ manual.
Flavor: r-release-osx-x86_64-mavericks

Version: 1.1-13
Check: replacement functions
Result: WARN
    Invalid MIT-MAGIC-COOKIE-1 key
    The argument of a replacement function which corresponds to the right
    hand side must be named ‘value’.
Flavor: r-release-osx-x86_64-mavericks

Version: 1.1-13
Check: foreign function calls
Result: NOTE
    Invalid MIT-MAGIC-COOKIE-1 key
    See chapter ‘System and foreign language interfaces’ in the ‘Writing R
    Extensions’ manual.
Flavor: r-release-osx-x86_64-mavericks

Version: 1.1-13
Check: R code for possible problems
Result: NOTE
    Invalid MIT-MAGIC-COOKIE-1 key
Flavor: r-release-osx-x86_64-mavericks

Version: 1.1-13
Check: for missing documentation entries
Result: WARN
    Invalid MIT-MAGIC-COOKIE-1 key
    All user-level objects in a package should have documentation entries.
    See chapter ‘Writing R documentation files’ in the ‘Writing R
    Extensions’ manual.
Flavor: r-release-osx-x86_64-mavericks

Version: 1.1-13
Check: for code/documentation mismatches
Result: WARN
    Invalid MIT-MAGIC-COOKIE-1 key
    Invalid MIT-MAGIC-COOKIE-1 key
    Invalid MIT-MAGIC-COOKIE-1 key
Flavor: r-release-osx-x86_64-mavericks

Version: 1.1-13
Check: Rd \usage sections
Result: NOTE
    Invalid MIT-MAGIC-COOKIE-1 key
    The \usage entries for S3 methods should use the \method markup and not
    their full name.
    See chapter ‘Writing R documentation files’ in the ‘Writing R
    Extensions’ manual.
Flavor: r-release-osx-x86_64-mavericks