CRAN Package Check Results for Package sharpshootR

Last updated on 2021-11-30 00:51:42 CET.

Flavor Version Tinstall Tcheck Ttotal Status Flags
r-devel-linux-x86_64-debian-clang 1.8.2 33.75 334.10 367.85 NOTE
r-devel-linux-x86_64-debian-gcc 1.8.2 30.38 244.77 275.15 NOTE
r-devel-linux-x86_64-fedora-clang 1.8.2 451.78 NOTE
r-devel-linux-x86_64-fedora-gcc 1.8.2 440.45 NOTE
r-devel-windows-x86_64-new-UL 1.8.2 61.00 375.00 436.00 NOTE
r-devel-windows-x86_64-new-TK 1.8.2 NOTE
r-devel-windows-x86_64-old 1.8.2 55.00 273.00 328.00 NOTE
r-patched-linux-x86_64 1.8.2 40.89 316.41 357.30 NOTE
r-patched-solaris-x86 1.8.2 578.20 NOTE
r-release-linux-x86_64 1.8.2 34.58 313.69 348.27 NOTE
r-release-macos-arm64 1.8.2 NOTE
r-release-macos-x86_64 1.8.2 NOTE
r-release-windows-ix86+x86_64 1.8.2 81.00 274.00 355.00 NOTE
r-oldrel-macos-x86_64 1.8.2 NOTE
r-oldrel-windows-ix86+x86_64 1.8.2 53.00 268.00 321.00 NOTE

Check Details

Version: 1.8.2
Check: package dependencies
Result: NOTE
    Package suggested but not available for checking: 'hydromad'
Flavors: r-devel-linux-x86_64-debian-clang, r-devel-linux-x86_64-debian-gcc, r-devel-linux-x86_64-fedora-clang, r-devel-linux-x86_64-fedora-gcc, r-devel-windows-x86_64-new-UL, r-devel-windows-x86_64-new-TK, r-devel-windows-x86_64-old, r-patched-linux-x86_64, r-patched-solaris-x86, r-release-linux-x86_64, r-release-macos-arm64, r-release-macos-x86_64, r-release-windows-ix86+x86_64, r-oldrel-macos-x86_64, r-oldrel-windows-ix86+x86_64