CRAN Package Check Results for Package shinipsum

Last updated on 2022-12-08 08:53:31 CET.

Flavor Version Tinstall Tcheck Ttotal Status Flags
r-devel-linux-x86_64-debian-clang 0.1.0 6.76 84.78 91.54 OK
r-devel-linux-x86_64-debian-gcc 0.1.0 6.34 61.60 67.94 OK
r-devel-linux-x86_64-fedora-clang 0.1.0 124.23 NOTE
r-devel-linux-x86_64-fedora-gcc 0.1.0 114.94 NOTE
r-devel-windows-x86_64 0.1.0 22.00 110.00 132.00 OK
r-patched-linux-x86_64 0.1.0 6.92 78.34 85.26 OK
r-release-linux-x86_64 0.1.0 7.25 78.18 85.43 OK
r-release-macos-arm64 0.1.0 32.00 NOTE
r-release-macos-x86_64 0.1.0 55.00 NOTE
r-release-windows-x86_64 0.1.0 22.00 116.00 138.00 OK
r-oldrel-macos-arm64 0.1.0 40.00 NOTE
r-oldrel-macos-x86_64 0.1.0 65.00 NOTE
r-oldrel-windows-ix86+x86_64 0.1.0 20.00 112.00 132.00 OK

Check Details

Version: 0.1.0
Check: dependencies in R code
Result: NOTE
    Namespace in Imports field not imported from: ‘utils’
     All declared Imports should be used.
Flavors: r-devel-linux-x86_64-fedora-clang, r-devel-linux-x86_64-fedora-gcc, r-release-macos-arm64, r-release-macos-x86_64, r-oldrel-macos-arm64, r-oldrel-macos-x86_64