CRAN Package Check Results for Package shiny

Last updated on 2017-06-22 15:48:55.

Flavor Version Tinstall Tcheck Ttotal Status Flags
r-devel-linux-x86_64-debian-clang 1.0.3 3.16 61.32 64.48 OK
r-devel-linux-x86_64-debian-gcc 1.0.3 3.91 64.40 68.31 OK
r-devel-linux-x86_64-fedora-clang 1.0.3 94.12 NOTE
r-devel-linux-x86_64-fedora-gcc 1.0.3 90.77 NOTE
r-devel-windows-ix86+x86_64 1.0.3 24.00 111.00 135.00 NOTE
r-patched-linux-x86_64 1.0.3 3.20 60.67 63.87 OK
r-patched-solaris-sparc 1.0.3 552.40 NOTE
r-patched-solaris-x86 1.0.3 111.80 NOTE
r-release-linux-x86_64 1.0.3 3.09 61.50 64.58 OK
r-release-windows-ix86+x86_64 1.0.3 23.00 114.00 137.00 NOTE
r-release-osx-x86_64 1.0.3 NOTE
r-oldrel-windows-ix86+x86_64 1.0.3 21.00 86.00 107.00 NOTE
r-oldrel-osx-x86_64 1.0.3 NOTE

Check Details

Version: 1.0.3
Check: installed package size
Result: NOTE
     installed size is 7.6Mb
     sub-directories of 1Mb or more:
     www 6.4Mb
Flavors: r-devel-linux-x86_64-fedora-clang, r-devel-linux-x86_64-fedora-gcc, r-devel-windows-ix86+x86_64, r-patched-solaris-sparc, r-patched-solaris-x86, r-release-windows-ix86+x86_64, r-release-osx-x86_64, r-oldrel-windows-ix86+x86_64, r-oldrel-osx-x86_64