CRAN Package Check Results for Package shiny

Last updated on 2014-08-31 09:48:30.

Flavor Version Tinstall Tcheck Ttotal Status Flags
r-devel-linux-x86_64-debian-clang 0.10.1 3.98 46.99 50.97 ERROR
r-devel-linux-x86_64-debian-gcc 0.10.1 3.55 47.18 50.73 ERROR
r-devel-linux-x86_64-fedora-clang 0.10.1 49.97 OK
r-devel-linux-x86_64-fedora-gcc 0.10.1 49.57 OK
r-devel-osx-x86_64-clang 0.10.1 74.22 OK
r-devel-windows-ix86+x86_64 0.10.1 13.00 64.00 77.00 ERROR
r-patched-linux-x86_64 0.10.1 4.00 37.82 41.82 OK
r-patched-solaris-sparc 0.10.1 484.50 OK
r-patched-solaris-x86 0.10.1 104.90 OK
r-release-linux-ix86 0.10.1 4.75 48.32 53.07 OK
r-release-linux-x86_64 0.10.1 3.74 39.11 42.85 OK
r-release-osx-x86_64-mavericks 0.10.1 OK
r-release-osx-x86_64-snowleopard 0.10.1 OK
r-release-windows-ix86+x86_64 0.10.1 11.00 62.00 73.00 OK
r-oldrel-windows-ix86+x86_64 0.10.1 17.00 58.00 75.00 OK

Check Details

Version: 0.10.1
Check: tests
Result: ERROR
    Running the tests in ‘tests/test-all.R’ failed.
    Last 13 lines of output:
     text : .....................
     URL : ..
     utils : ............................
    
    
     1. Error: reactive() accepts quoted and unquoted expressions -------------------
     node stack overflow
    
     2. Error: observe() accepts quoted and unquoted expressions --------------------
     node stack overflow
    
     Error: Test failures
     Execution halted
Flavors: r-devel-linux-x86_64-debian-clang, r-devel-linux-x86_64-debian-gcc, r-devel-windows-ix86+x86_64