CRAN Package Check Results for Package shiny

Last updated on 2016-02-13 23:47:18.

Flavor Version Tinstall Tcheck Ttotal Status Flags
r-devel-linux-x86_64-debian-gcc 0.13.0 2.49 34.67 37.16 NOTE
r-devel-linux-x86_64-fedora-clang 0.13.0 67.48 NOTE
r-devel-linux-x86_64-fedora-gcc 0.13.0 63.77 NOTE
r-devel-osx-x86_64-clang 0.13.0 85.08 NOTE
r-devel-windows-ix86+x86_64 0.13.0 16.00 58.00 74.00 NOTE
r-patched-linux-x86_64 0.13.0 2.70 37.97 40.67 NOTE
r-patched-solaris-sparc 0.13.0 412.60 NOTE
r-patched-solaris-x86 0.13.0 89.80 NOTE
r-release-linux-x86_64 0.13.0 2.69 36.95 39.63 NOTE
r-release-osx-x86_64-mavericks 0.13.0 NOTE
r-release-windows-ix86+x86_64 0.13.0 18.00 60.00 78.00 NOTE
r-oldrel-windows-ix86+x86_64 0.13.0 22.00 110.00 132.00 NOTE

Check Details

Version: 0.13.0
Check: installed package size
Result: NOTE
     installed size is 6.4Mb
     sub-directories of 1Mb or more:
     www 5.2Mb
Flavors: r-devel-linux-x86_64-debian-gcc, r-devel-linux-x86_64-fedora-clang, r-devel-linux-x86_64-fedora-gcc, r-devel-osx-x86_64-clang, r-devel-windows-ix86+x86_64, r-patched-linux-x86_64, r-patched-solaris-sparc, r-patched-solaris-x86, r-release-linux-x86_64, r-release-osx-x86_64-mavericks, r-release-windows-ix86+x86_64, r-oldrel-windows-ix86+x86_64