CRAN Package Check Results for Package shiny

Last updated on 2015-07-30 17:47:29.

Flavor Version Tinstall Tcheck Ttotal Status Flags
r-devel-linux-x86_64-debian-clang 0.12.1 2.59 31.64 34.23 NOTE
r-devel-linux-x86_64-debian-gcc 0.12.1 2.78 31.62 34.39 NOTE
r-devel-linux-x86_64-fedora-clang 0.12.1 63.73 NOTE
r-devel-linux-x86_64-fedora-gcc 0.12.1 58.67 NOTE
r-devel-osx-x86_64-clang 0.12.1 53.19 NOTE
r-devel-windows-ix86+x86_64 0.12.1 21.00 49.00 70.00 NOTE
r-patched-linux-x86_64 0.12.1 2.38 31.50 33.89 NOTE
r-patched-solaris-sparc 0.12.1 413.20 NOTE
r-patched-solaris-x86 0.12.1 83.30 NOTE
r-release-linux-x86_64 0.12.1 2.36 31.82 34.18 NOTE
r-release-osx-x86_64-mavericks 0.12.1 NOTE
r-release-windows-ix86+x86_64 0.12.1 17.00 52.00 69.00 NOTE
r-oldrel-windows-ix86+x86_64 0.12.1 16.00 62.00 78.00 OK

Check Details

Version: 0.12.1
Check: installed package size
Result: NOTE
     installed size is 5.3Mb
     sub-directories of 1Mb or more:
     www 4.2Mb
Flavors: r-devel-linux-x86_64-debian-clang, r-devel-linux-x86_64-debian-gcc, r-devel-linux-x86_64-fedora-clang, r-devel-linux-x86_64-fedora-gcc, r-devel-osx-x86_64-clang, r-devel-windows-ix86+x86_64, r-patched-linux-x86_64, r-patched-solaris-sparc, r-patched-solaris-x86, r-release-linux-x86_64, r-release-osx-x86_64-mavericks, r-release-windows-ix86+x86_64

Version: 0.12.1
Check: R code for possible problems
Result: NOTE
    .graphValueChange: no visible global function definition for
     ‘capture.output’
    .graphValueChange: no visible global function definition for ‘str’
    DT10Names: no visible global function definition for ‘read.table’
    checkDT9: no visible global function definition for ‘formatUL’
    download: no visible global function definition for ‘download.file’
    getGgplotCoordmap : find_panel_ranges: no visible global function
     definition for ‘dev.cur’
    getPrevPlotCoordmap: no visible global function definition for ‘par’
    getPrevPlotCoordmap: no visible global function definition for
     ‘grconvertX’
    getPrevPlotCoordmap: no visible global function definition for
     ‘grconvertY’
    isTruthy: no visible global function definition for ‘na.omit’
    p_runif: no visible global function definition for ‘runif’
    parseQueryString: no visible global function definition for ‘setNames’
    plotPNG: no visible binding for global variable ‘png’
    plotPNG: no visible global function definition for ‘par’
    plotPNG: no visible global function definition for ‘plot.new’
    plotPNG: no visible global function definition for ‘dev.cur’
    plotPNG: no visible global function definition for ‘dev.off’
    renderDataTable : <anonymous>: no visible global function definition
     for ‘setNames’
    renderPage: no visible global function definition for ‘packageVersion’
    renderPlot : <anonymous> : plotFunc: no visible global function
     definition for ‘capture.output’
    renderPrint : <anonymous>: no visible global function definition for
     ‘capture.output’
    renderTable : <anonymous>: no visible global function definition for
     ‘capture.output’
    renderText : <anonymous>: no visible global function definition for
     ‘capture.output’
    repeatable: no visible global function definition for ‘runif’
    runApp: no visible global function definition for ‘compareVersion’
    runUrl: no visible global function definition for ‘unzip’
    runUrl: no visible global function definition for ‘file_test’
    selectizeJSON: no visible global function definition for ‘head’
    shinyAppDir: no visible global function definition for ‘file_test’
    showReactLog: no visible global function definition for ‘browseURL’
    str.reactivevalues: no visible global function definition for ‘str’
    untar2 : mydir.create: no visible global function definition for
     ‘file_test’
    validate: no visible global function definition for ‘na.omit’
    Undefined global functions or variables:
     browseURL capture.output compareVersion dev.cur dev.off download.file
     file_test formatUL grconvertX grconvertY head na.omit packageVersion
     par plot.new png read.table runif setNames str unzip
    Consider adding
     importFrom("grDevices", "dev.cur", "dev.off", "png")
     importFrom("graphics", "grconvertX", "grconvertY", "par", "plot.new")
     importFrom("stats", "na.omit", "runif", "setNames")
     importFrom("utils", "browseURL", "capture.output", "compareVersion",
     "download.file", "file_test", "formatUL", "head",
     "packageVersion", "read.table", "str", "unzip")
    to your NAMESPACE.
Flavors: r-devel-linux-x86_64-debian-clang, r-devel-linux-x86_64-debian-gcc, r-devel-linux-x86_64-fedora-clang, r-devel-linux-x86_64-fedora-gcc, r-devel-windows-ix86+x86_64