CRAN Package Check Results for Package shiny

Last updated on 2016-08-31 15:48:14.

Flavor Version Tinstall Tcheck Ttotal Status Flags
r-devel-linux-x86_64-debian-clang 0.13.2 2.45 38.70 41.15 NOTE
r-devel-linux-x86_64-debian-gcc 0.13.2 2.44 39.01 41.44 NOTE
r-devel-linux-x86_64-fedora-clang 0.13.2 67.73 NOTE
r-devel-linux-x86_64-fedora-gcc 0.13.2 63.66 NOTE
r-devel-osx-x86_64-clang 0.13.2 63.18 NOTE
r-devel-windows-ix86+x86_64 0.13.2 17.00 90.00 107.00 NOTE
r-patched-linux-x86_64 0.13.2 2.36 37.65 40.01 NOTE
r-patched-solaris-sparc 0.13.2 440.10 NOTE
r-patched-solaris-x86 0.13.2 84.60 NOTE
r-release-linux-x86_64 0.13.2 2.38 38.08 40.46 NOTE
r-release-osx-x86_64-mavericks 0.13.2 NOTE
r-release-windows-ix86+x86_64 0.13.2 18.00 93.00 111.00 NOTE
r-oldrel-windows-ix86+x86_64 0.13.2 25.00 90.00 115.00 NOTE

Check Details

Version: 0.13.2
Check: installed package size
Result: NOTE
     installed size is 6.4Mb
     sub-directories of 1Mb or more:
     www 5.2Mb
Flavors: r-devel-linux-x86_64-debian-clang, r-devel-linux-x86_64-debian-gcc, r-devel-linux-x86_64-fedora-clang, r-devel-linux-x86_64-fedora-gcc, r-devel-osx-x86_64-clang, r-devel-windows-ix86+x86_64, r-patched-linux-x86_64, r-patched-solaris-sparc, r-patched-solaris-x86, r-release-linux-x86_64, r-release-osx-x86_64-mavericks, r-release-windows-ix86+x86_64, r-oldrel-windows-ix86+x86_64