CRAN Package Check Results for Package shiny

Last updated on 2017-10-17 01:48:17.

Flavor Version Tinstall Tcheck Ttotal Status Flags
r-devel-linux-x86_64-debian-clang 1.0.5 3.23 57.38 60.61 OK
r-devel-linux-x86_64-debian-gcc 1.0.5 2.92 60.52 63.43 OK
r-devel-linux-x86_64-fedora-clang 1.0.5 97.72 NOTE
r-devel-linux-x86_64-fedora-gcc 1.0.5 98.68 NOTE
r-devel-windows-ix86+x86_64 1.0.5 14.00 123.00 137.00 NOTE
r-patched-linux-x86_64 1.0.5 3.26 56.94 60.20 OK
r-patched-solaris-x86 1.0.5 113.10 NOTE
r-release-linux-x86_64 1.0.5 3.15 56.65 59.80 OK
r-release-windows-ix86+x86_64 1.0.5 21.00 114.00 135.00 NOTE
r-release-osx-x86_64 1.0.5 NOTE
r-oldrel-windows-ix86+x86_64 1.0.5 20.00 107.00 127.00 NOTE
r-oldrel-osx-x86_64 1.0.5 NOTE

Check Details

Version: 1.0.5
Check: installed package size
Result: NOTE
     installed size is 7.8Mb
     sub-directories of 1Mb or more:
     www 6.5Mb
Flavors: r-devel-linux-x86_64-fedora-clang, r-devel-linux-x86_64-fedora-gcc, r-devel-windows-ix86+x86_64, r-patched-solaris-x86, r-release-windows-ix86+x86_64, r-release-osx-x86_64, r-oldrel-windows-ix86+x86_64, r-oldrel-osx-x86_64