CRAN Package Check Results for Package shiny

Last updated on 2017-03-29 23:53:32.

Flavor Version Tinstall Tcheck Ttotal Status Flags
r-devel-linux-x86_64-debian-clang 1.0.0 3.40 54.64 58.03 OK
r-devel-linux-x86_64-debian-gcc 1.0.0 3.00 52.89 55.89 OK
r-devel-linux-x86_64-fedora-clang 1.0.0 92.57 NOTE --no-stop-on-test-error
r-devel-linux-x86_64-fedora-gcc 1.0.0 87.48 NOTE --no-stop-on-test-error
r-devel-macos-x86_64-clang 1.0.0 76.04 NOTE --no-stop-on-test-error
r-devel-windows-ix86+x86_64 1.0.0 16.00 110.00 126.00 NOTE
r-patched-linux-x86_64 1.0.0 3.00 52.52 55.52 OK
r-patched-solaris-sparc 1.0.0 546.00 NOTE
r-patched-solaris-x86 1.0.0 110.50 NOTE
r-release-linux-x86_64 1.0.0 3.24 49.67 52.92 OK
r-release-osx-x86_64-mavericks 1.0.0 NOTE
r-release-windows-ix86+x86_64 1.0.0 38.00 88.00 126.00 NOTE
r-oldrel-windows-ix86+x86_64 1.0.0 39.00 159.00 198.00 NOTE

Check Details

Version: 1.0.0
Flags: --no-stop-on-test-error
Check: installed package size
Result: NOTE
     installed size is 7.6Mb
     sub-directories of 1Mb or more:
     www 6.4Mb
Flavors: r-devel-linux-x86_64-fedora-clang, r-devel-linux-x86_64-fedora-gcc, r-devel-macos-x86_64-clang

Version: 1.0.0
Check: installed package size
Result: NOTE
     installed size is 7.3Mb
     sub-directories of 1Mb or more:
     www 6.2Mb
Flavors: r-devel-windows-ix86+x86_64, r-patched-solaris-sparc, r-patched-solaris-x86, r-release-osx-x86_64-mavericks, r-release-windows-ix86+x86_64, r-oldrel-windows-ix86+x86_64