CRAN Package Check Results for Package shiny

Last updated on 2014-09-19 00:47:06.

Flavor Version Tinstall Tcheck Ttotal Status Flags
r-devel-linux-x86_64-debian-clang 0.10.1 3.67 35.08 38.76 ERROR
r-devel-linux-x86_64-debian-gcc 0.10.1 3.48 34.27 37.76 ERROR
r-devel-linux-x86_64-fedora-clang 0.10.1 75.01 ERROR
r-devel-linux-x86_64-fedora-gcc 0.10.1 39.16 ERROR
r-devel-osx-x86_64-clang 0.10.1 46.99 ERROR
r-devel-windows-ix86+x86_64 0.10.1 12.00 51.00 63.00 ERROR
r-patched-linux-x86_64 0.10.1 5.71 38.41 44.12 OK
r-patched-solaris-sparc 0.10.1 484.50 OK
r-patched-solaris-x86 0.10.1 104.30 OK
r-release-linux-ix86 0.10.1 4.63 48.42 53.05 OK
r-release-linux-x86_64 0.10.1 4.18 40.83 45.02 OK
r-release-osx-x86_64-mavericks 0.10.1 OK
r-release-osx-x86_64-snowleopard 0.10.1 OK
r-release-windows-ix86+x86_64 0.10.1 11.00 60.00 71.00 OK
r-oldrel-windows-ix86+x86_64 0.10.1 11.00 57.00 68.00 OK

Check Details

Version: 0.10.1
Check: tests
Result: ERROR
    Running the tests in ‘tests/test-all.R’ failed.
    Last 13 lines of output:
     text : .....................
     URL : ..
     utils : ............................
    
    
     1. Error: reactive() accepts quoted and unquoted expressions -------------------
     node stack overflow
    
     2. Error: observe() accepts quoted and unquoted expressions --------------------
     node stack overflow
    
     Error: Test failures
     Execution halted
Flavors: r-devel-linux-x86_64-debian-clang, r-devel-linux-x86_64-fedora-clang, r-devel-osx-x86_64-clang, r-devel-windows-ix86+x86_64

Version: 0.10.1
Check: tests
Result: ERROR
    Running the tests in ‘tests/test-all.R’ failed.
    Last 13 lines of output:
     2262: isTRUE(ae <- all.equal(class(target), class(current), ...))
     2263: all.equal(class(target), class(current), ...)
     2264: all.equal.character(class(target), class(current), ...)
     2265: attr.all.equal(target, current, ...)
     2266: all.equal(ax, ay, ..., check.attributes = check.attributes)
     2267: all.equal.list(ax, ay, ..., check.attributes = check.attributes)
     2268: attr.all.equal(target, current, ...)
     2269: all.equal.character(nx, ny, check.attributes = check.attributes)
     2270: attr.all.equal(target, current, ...)
     2271: mode(target)
    
     Error: Test failures
     Execution halted
Flavor: r-devel-linux-x86_64-debian-gcc

Version: 0.10.1
Check: tests
Result: ERROR
    Running the tests in ‘tests/test-all.R’ failed.
    Last 13 lines of output:
     2288: all.equal.envRefClass(target[[i]], current[[i]], check.attributes = check.attributes,
     use.names = use.names, ...)
     2289: isTRUE(ae <- all.equal(class(target), class(current), ...))
     2290: all.equal(class(target), class(current), ...)
     2291: all.equal.character(class(target), class(current), ...)
     2292: attr.all.equal(target, current, ...)
     2293: order(nx)
     2294: unlist(lapply(z, is.object))
     2295: lapply(z, is.object)
     2296: match.fun(FUN)
    
     Error: Test failures
     Execution halted
Flavor: r-devel-linux-x86_64-fedora-gcc

Version: 0.10.1
Check: whether the namespace can be loaded with stated dependencies
Result: WARN
    Error in as.factor(f) : could not find function "isVirtualClass"
    Calls: loadNamespace ... Ops.numeric_version -> split -> split.default -> as.factor
    Execution halted
    
    A namespace must be able to be loaded with just the base namespace
    loaded: otherwise if the namespace gets loaded by a saved object, the
    session will be unable to start.
    
    Probably some imports need to be declared in the NAMESPACE file.
Flavor: r-devel-osx-x86_64-clang