CRAN Package Check Results for Package shiny

Last updated on 2015-09-02 00:47:56.

Flavor Version Tinstall Tcheck Ttotal Status Flags
r-devel-linux-x86_64-debian-clang 0.12.2 2.55 32.30 34.85 NOTE
r-devel-linux-x86_64-debian-gcc 0.12.2 2.54 33.92 36.46 NOTE
r-devel-linux-x86_64-fedora-clang 0.12.2 62.70 NOTE
r-devel-linux-x86_64-fedora-gcc 0.12.2 58.50 NOTE
r-devel-osx-x86_64-clang 0.12.2 59.05 NOTE
r-devel-windows-ix86+x86_64 0.12.2 18.00 60.00 78.00 NOTE
r-patched-linux-x86_64 0.12.2 2.48 32.42 34.90 NOTE
r-patched-solaris-sparc 0.12.2 384.40 NOTE
r-patched-solaris-x86 0.12.2 87.10 NOTE
r-release-linux-x86_64 0.12.2 2.47 34.46 36.93 NOTE
r-release-osx-x86_64-mavericks 0.12.2 NOTE
r-release-windows-ix86+x86_64 0.12.2 19.00 59.00 78.00 NOTE
r-oldrel-windows-ix86+x86_64 0.12.2 19.00 68.00 87.00 NOTE

Check Details

Version: 0.12.2
Check: installed package size
Result: NOTE
     installed size is 5.3Mb
     sub-directories of 1Mb or more:
     www 4.3Mb
Flavors: r-devel-linux-x86_64-debian-clang, r-devel-linux-x86_64-debian-gcc, r-devel-linux-x86_64-fedora-clang, r-devel-linux-x86_64-fedora-gcc, r-devel-osx-x86_64-clang, r-devel-windows-ix86+x86_64, r-patched-linux-x86_64, r-patched-solaris-sparc, r-patched-solaris-x86, r-release-linux-x86_64, r-release-osx-x86_64-mavericks, r-release-windows-ix86+x86_64, r-oldrel-windows-ix86+x86_64