CRAN Package Check Results for Package shiny

Last updated on 2016-05-01 11:47:26.

Flavor Version Tinstall Tcheck Ttotal Status Flags
r-devel-linux-x86_64-debian-gcc 0.13.2 2.74 37.23 39.97 NOTE
r-devel-linux-x86_64-fedora-clang 0.13.2 67.94 NOTE
r-devel-linux-x86_64-fedora-gcc 0.13.2 64.46 NOTE
r-devel-osx-x86_64-clang 0.13.2 84.61 NOTE
r-devel-windows-ix86+x86_64 0.13.2 12.00 70.00 82.00 NOTE
r-patched-linux-x86_64 0.13.2 2.56 36.56 39.12 NOTE
r-patched-solaris-sparc 0.13.2 410.90 NOTE
r-patched-solaris-x86 0.13.2 86.80 NOTE
r-release-linux-x86_64 0.13.2 3.00 39.34 42.34 NOTE
r-release-osx-x86_64-mavericks 0.13.2 NOTE
r-release-windows-ix86+x86_64 0.13.2 21.00 86.00 107.00 NOTE
r-oldrel-windows-ix86+x86_64 0.13.2 21.00 108.00 129.00 NOTE

Check Details

Version: 0.13.2
Check: installed package size
Result: NOTE
     installed size is 6.4Mb
     sub-directories of 1Mb or more:
     www 5.2Mb
Flavors: r-devel-linux-x86_64-debian-gcc, r-devel-linux-x86_64-fedora-clang, r-devel-linux-x86_64-fedora-gcc, r-devel-osx-x86_64-clang, r-devel-windows-ix86+x86_64, r-patched-linux-x86_64, r-patched-solaris-sparc, r-patched-solaris-x86, r-release-linux-x86_64, r-release-osx-x86_64-mavericks, r-release-windows-ix86+x86_64, r-oldrel-windows-ix86+x86_64