CRAN Package Check Results for Package shiny

Last updated on 2015-04-18 13:48:59.

Flavor Version Tinstall Tcheck Ttotal Status Flags
r-devel-linux-x86_64-debian-clang 0.11.1 2.40 30.16 32.57 OK
r-devel-linux-x86_64-debian-gcc 0.11.1 2.30 29.80 32.10 OK
r-devel-linux-x86_64-fedora-clang 0.11.1 62.52 OK
r-devel-linux-x86_64-fedora-gcc 0.11.1 58.02 OK
r-devel-osx-x86_64-clang 0.11.1 57.85 OK
r-patched-linux-x86_64 0.11.1 2.34 29.60 31.94 OK
r-patched-solaris-sparc 0.11.1 375.50 OK
r-patched-solaris-x86 0.11.1 78.10 OK
r-release-linux-x86_64 0.11.1 2.31 28.53 30.84 OK
r-release-osx-x86_64-mavericks 0.11.1 NOTE
r-release-osx-x86_64-snowleopard 0.11.1 OK
r-release-windows-ix86+x86_64 0.11.1 10.00 71.00 81.00 OK
r-oldrel-windows-ix86+x86_64 0.11.1 10.00 74.00 84.00 WARN

Check Details

Version: 0.11.1
Check: package dependencies
Result: NOTE
    Package suggested but not available for checking: ‘Cairo’
Flavor: r-release-osx-x86_64-mavericks

Version: 0.11.1
Check: Rd cross-references
Result: NOTE
    Package unavailable to check Rd xrefs: ‘Cairo’
Flavor: r-release-osx-x86_64-mavericks

Version: 0.11.1
Check: PDF version of manual
Result: WARN
    LaTeX errors when creating PDF version.
    This typically indicates Rd problems.
    LaTeX errors found:
    ! Illegal parameter number in definition of \Hy@tempa.
    <to be read again>
     g
    l.1609 ...com/components/#glyphicons}{Glyphicons"}
    
    ! Illegal parameter number in definition of \Hy@tempa.
    <to be read again>
     g
    l.1609 ...com/components/#glyphicons}{Glyphicons"}
    
    ! Illegal parameter number in definition of \Hy@tempa.
    <to be read again>
     g
    l.1609 ...com/components/#glyphicons}{Glyphicons"}
    
    ! Illegal parameter number in definition of \Hy@tempa.
    <to be read again>
     g
    l.1629 ...etbootstrap.com/components/\#glyphicons}
     .
    ! Illegal parameter number in definition of \Hy@tempa.
    <to be read again>
     g
    l.1629 ...etbootstrap.com/components/\#glyphicons}
     .
    ! Illegal parameter number in definition of \Hy@tempa.
    <to be read again>
     g
    l.1629 ...etbootstrap.com/components/\#glyphicons}
     .
Flavor: r-oldrel-windows-ix86+x86_64