CRAN Package Check Results for Package shiny

Last updated on 2016-07-30 21:46:59.

Flavor Version Tinstall Tcheck Ttotal Status Flags
r-devel-linux-x86_64-debian-clang 0.13.2 2.59 38.02 40.61 NOTE
r-devel-linux-x86_64-debian-gcc 0.13.2 2.47 36.98 39.45 NOTE
r-devel-linux-x86_64-fedora-clang 0.13.2 69.51 NOTE
r-devel-linux-x86_64-fedora-gcc 0.13.2 68.54 NOTE
r-devel-osx-x86_64-clang 0.13.2 61.03 NOTE
r-devel-windows-ix86+x86_64 0.13.2 12.00 71.00 83.00 NOTE
r-patched-linux-x86_64 0.13.2 2.54 37.08 39.62 NOTE
r-patched-solaris-sparc 0.13.2 440.10 NOTE
r-patched-solaris-x86 0.13.2 84.90 NOTE
r-release-linux-x86_64 0.13.2 2.79 42.84 45.63 NOTE
r-release-osx-x86_64-mavericks 0.13.2 NOTE
r-release-windows-ix86+x86_64 0.13.2 20.00 93.00 113.00 NOTE
r-oldrel-windows-ix86+x86_64 0.13.2 25.00 92.00 117.00 NOTE

Check Details

Version: 0.13.2
Check: installed package size
Result: NOTE
     installed size is 6.4Mb
     sub-directories of 1Mb or more:
     www 5.2Mb
Flavors: r-devel-linux-x86_64-debian-clang, r-devel-linux-x86_64-debian-gcc, r-devel-linux-x86_64-fedora-clang, r-devel-linux-x86_64-fedora-gcc, r-devel-osx-x86_64-clang, r-devel-windows-ix86+x86_64, r-patched-linux-x86_64, r-patched-solaris-sparc, r-patched-solaris-x86, r-release-linux-x86_64, r-release-osx-x86_64-mavericks, r-release-windows-ix86+x86_64, r-oldrel-windows-ix86+x86_64