CRAN Package Check Results for Package shiny

Last updated on 2017-01-24 23:50:11.

Flavor Version Tinstall Tcheck Ttotal Status Flags
r-devel-linux-x86_64-debian-clang 1.0.0 3.16 53.10 56.25 OK
r-devel-linux-x86_64-debian-gcc 1.0.0 3.26 51.27 54.53 OK
r-devel-linux-x86_64-fedora-clang 1.0.0 89.17 NOTE --no-stop-on-test-error
r-devel-linux-x86_64-fedora-gcc 1.0.0 85.55 NOTE --no-stop-on-test-error
r-devel-macos-x86_64-clang 1.0.0 76.58 NOTE --no-stop-on-test-error
r-devel-windows-ix86+x86_64 1.0.0 26.00 114.00 140.00 NOTE
r-patched-linux-x86_64 1.0.0 2.80 47.60 50.40 OK
r-patched-solaris-sparc 1.0.0 492.30 NOTE
r-patched-solaris-x86 1.0.0 89.70 NOTE
r-release-linux-x86_64 1.0.0 3.24 48.69 51.92 OK
r-release-osx-x86_64-mavericks 1.0.0 NOTE
r-release-windows-ix86+x86_64 1.0.0 28.00 102.00 130.00 NOTE
r-oldrel-windows-ix86+x86_64 1.0.0 39.00 108.00 147.00 NOTE

Check Details

Version: 1.0.0
Flags: --no-stop-on-test-error
Check: installed package size
Result: NOTE
     installed size is 7.6Mb
     sub-directories of 1Mb or more:
     www 6.4Mb
Flavors: r-devel-linux-x86_64-fedora-clang, r-devel-linux-x86_64-fedora-gcc, r-devel-macos-x86_64-clang

Version: 1.0.0
Check: installed package size
Result: NOTE
     installed size is 7.2Mb
     sub-directories of 1Mb or more:
     www 6.1Mb
Flavors: r-devel-windows-ix86+x86_64, r-patched-solaris-sparc, r-patched-solaris-x86, r-release-osx-x86_64-mavericks, r-release-windows-ix86+x86_64, r-oldrel-windows-ix86+x86_64