CRAN Package Check Results for Package shiny

Last updated on 2015-03-06 11:48:40.

Flavor Version Tinstall Tcheck Ttotal Status Flags
r-devel-linux-x86_64-debian-clang 0.11.1 2.40 29.60 32.00 OK
r-devel-linux-x86_64-debian-gcc 0.11.1 2.30 30.59 32.88 OK
r-devel-linux-x86_64-fedora-clang 0.11.1 59.14 OK
r-devel-linux-x86_64-fedora-gcc 0.11.1 57.71 OK
r-devel-osx-x86_64-clang 0.11.1 62.34 OK
r-devel-windows-ix86+x86_64 0.11.1 12.00 45.00 57.00 OK
r-patched-linux-x86_64 0.11.1 2.78 35.91 38.68 OK
r-patched-solaris-sparc 0.11.1 446.70 OK
r-patched-solaris-x86 0.11.1 94.60 OK
r-release-linux-ix86 0.11.1 3.70 43.78 47.48 OK
r-release-linux-x86_64 0.11.1 3.62 35.52 39.14 OK
r-release-osx-x86_64-mavericks 0.11.1 OK
r-release-osx-x86_64-snowleopard 0.11.1 OK
r-release-windows-ix86+x86_64 0.11.1 12.00 52.00 64.00 OK
r-oldrel-windows-ix86+x86_64 0.11.1 14.00 59.00 73.00 WARN

Check Details

Version: 0.11.1
Check: PDF version of manual
Result: WARN
    LaTeX errors when creating PDF version.
    This typically indicates Rd problems.
    LaTeX errors found:
    ! Illegal parameter number in definition of \Hy@tempa.
    <to be read again>
     g
    l.1609 ...com/components/#glyphicons}{Glyphicons"}
    
    ! Illegal parameter number in definition of \Hy@tempa.
    <to be read again>
     g
    l.1609 ...com/components/#glyphicons}{Glyphicons"}
    
    ! Illegal parameter number in definition of \Hy@tempa.
    <to be read again>
     g
    l.1609 ...com/components/#glyphicons}{Glyphicons"}
    
    ! Illegal parameter number in definition of \Hy@tempa.
    <to be read again>
     g
    l.1629 ...etbootstrap.com/components/\#glyphicons}
     .
    ! Illegal parameter number in definition of \Hy@tempa.
    <to be read again>
     g
    l.1629 ...etbootstrap.com/components/\#glyphicons}
     .
    ! Illegal parameter number in definition of \Hy@tempa.
    <to be read again>
     g
    l.1629 ...etbootstrap.com/components/\#glyphicons}
     .
Flavor: r-oldrel-windows-ix86+x86_64