CRAN Package Check Results for Package shiny

Last updated on 2019-03-25 21:49:48 CET.

Flavor Version Tinstall Tcheck Ttotal Status Flags
r-devel-linux-x86_64-debian-clang 1.2.0 27.91 83.87 111.78 OK
r-devel-linux-x86_64-debian-gcc 1.2.0 24.61 64.98 89.59 OK
r-devel-linux-x86_64-fedora-clang 1.2.0 146.53 NOTE
r-devel-linux-x86_64-fedora-gcc 1.2.0 146.66 OK
r-devel-windows-ix86+x86_64 1.2.0 68.00 133.00 201.00 NOTE
r-patched-linux-x86_64 1.2.0 29.07 78.24 107.31 OK
r-patched-solaris-x86 1.2.0 169.50 NOTE
r-release-linux-x86_64 1.2.0 28.80 78.11 106.91 OK
r-release-windows-ix86+x86_64 1.2.0 61.00 127.00 188.00 NOTE
r-release-osx-x86_64 1.2.0 NOTE
r-oldrel-windows-ix86+x86_64 1.2.0 16.00 145.00 161.00 NOTE
r-oldrel-osx-x86_64 1.2.0 NOTE

Check Details

Version: 1.2.0
Check: installed package size
Result: NOTE
     installed size is 10.4Mb
     sub-directories of 1Mb or more:
     R 1.4Mb
     www 8.0Mb
Flavors: r-devel-linux-x86_64-fedora-clang, r-devel-windows-ix86+x86_64, r-patched-solaris-x86, r-release-windows-ix86+x86_64, r-release-osx-x86_64, r-oldrel-windows-ix86+x86_64, r-oldrel-osx-x86_64