CRAN Package Check Results for Package shiny

Last updated on 2017-05-24 22:47:36.

Flavor Version Tinstall Tcheck Ttotal Status Flags
r-devel-linux-x86_64-debian-clang 1.0.3 3.13 56.49 59.62 OK
r-devel-linux-x86_64-debian-gcc 1.0.3 3.13 56.04 59.17 OK
r-devel-linux-x86_64-fedora-clang 1.0.3 94.91 NOTE --no-stop-on-test-error
r-devel-linux-x86_64-fedora-gcc 1.0.3 88.94 NOTE --no-stop-on-test-error
r-devel-windows-ix86+x86_64 1.0.3 15.00 86.00 101.00 NOTE
r-patched-linux-x86_64 1.0.3 3.07 56.01 59.08 OK
r-patched-solaris-sparc 1.0.3 552.40 NOTE
r-patched-solaris-x86 1.0.3 111.60 NOTE
r-release-linux-x86_64 1.0.3 3.17 56.04 59.21 OK
r-release-windows-ix86+x86_64 1.0.3 13.00 124.00 137.00 NOTE
r-release-osx-x86_64 1.0.3 NOTE
r-oldrel-windows-ix86+x86_64 1.0.3 22.00 112.00 134.00 NOTE
r-oldrel-osx-x86_64 1.0.3 NOTE

Check Details

Version: 1.0.3
Flags: --no-stop-on-test-error
Check: installed package size
Result: NOTE
     installed size is 7.6Mb
     sub-directories of 1Mb or more:
     www 6.4Mb
Flavors: r-devel-linux-x86_64-fedora-clang, r-devel-linux-x86_64-fedora-gcc

Version: 1.0.3
Check: installed package size
Result: NOTE
     installed size is 7.3Mb
     sub-directories of 1Mb or more:
     www 6.1Mb
Flavors: r-devel-windows-ix86+x86_64, r-patched-solaris-sparc, r-patched-solaris-x86, r-release-windows-ix86+x86_64, r-release-osx-x86_64, r-oldrel-windows-ix86+x86_64, r-oldrel-osx-x86_64