CRAN Package Check Results for Package shiny

Last updated on 2017-12-12 08:48:43 CET.

Flavor Version Tinstall Tcheck Ttotal Status Flags
r-devel-linux-x86_64-debian-clang 1.0.5 4.37 71.59 75.96 OK
r-devel-linux-x86_64-debian-gcc 1.0.5 3.84 61.49 65.33 OK
r-devel-linux-x86_64-fedora-clang 1.0.5 91.16 NOTE
r-devel-linux-x86_64-fedora-gcc 1.0.5 91.26 NOTE
r-devel-windows-ix86+x86_64 1.0.5 24.00 97.00 121.00 ERROR
r-patched-linux-x86_64 1.0.5 3.91 82.18 86.09 OK
r-patched-solaris-x86 1.0.5 118.10 NOTE
r-release-linux-x86_64 1.0.5 4.02 82.46 86.48 OK
r-release-windows-ix86+x86_64 1.0.5 16.00 97.00 113.00 NOTE
r-release-osx-x86_64 1.0.5 NOTE
r-oldrel-windows-ix86+x86_64 1.0.5 20.00 107.00 127.00 NOTE
r-oldrel-osx-x86_64 1.0.5 NOTE

Check Details

Version: 1.0.5
Check: installed package size
Result: NOTE
     installed size is 7.8Mb
     sub-directories of 1Mb or more:
     www 6.5Mb
Flavors: r-devel-linux-x86_64-fedora-clang, r-devel-linux-x86_64-fedora-gcc, r-devel-windows-ix86+x86_64, r-patched-solaris-x86, r-release-windows-ix86+x86_64, r-release-osx-x86_64, r-oldrel-windows-ix86+x86_64, r-oldrel-osx-x86_64

Version: 1.0.5
Check: tests
Result: ERROR
     Running 'test-all.R' [19s]
    Running the tests in 'tests/test-all.R' failed.
    Last 13 lines of output:
     1. Failure: Scheduling works (@test-timer.R#19) --------------------------------
     timerCallbacks$executeElapsed() isn't true.
    
    
     2. Failure: Scheduling works (@test-timer.R#20) --------------------------------
     `ran` isn't true.
    
    
     testthat results ================================================================
     OK: 619 SKIPPED: 0 FAILED: 2
     1. Failure: Scheduling works (@test-timer.R#19)
     2. Failure: Scheduling works (@test-timer.R#20)
    
     Error: testthat unit tests failed
     Execution halted
Flavor: r-devel-windows-ix86+x86_64