CRAN Package Check Results for Package shiny

Last updated on 2016-12-05 09:51:11.

Flavor Version Tinstall Tcheck Ttotal Status Flags
r-devel-linux-x86_64-debian-clang 0.14.2 3.13 49.27 52.40 OK
r-devel-linux-x86_64-debian-gcc 0.14.2 3.30 48.85 52.15 OK
r-devel-linux-x86_64-fedora-clang 0.14.2 93.23 NOTE --no-stop-on-test-error
r-devel-linux-x86_64-fedora-gcc 0.14.2 91.50 NOTE --no-stop-on-test-error
r-devel-macos-x86_64-clang 0.14.2 79.67 NOTE
r-devel-windows-ix86+x86_64 0.14.2 16.00 84.00 100.00 NOTE
r-patched-linux-x86_64 0.14.2 3.14 43.26 46.39 OK
r-patched-solaris-sparc 0.14.2 495.90 NOTE
r-patched-solaris-x86 0.14.2 98.50 NOTE
r-release-linux-x86_64 0.14.2 3.22 44.14 47.35 OK
r-release-osx-x86_64-mavericks 0.14.2 NOTE
r-release-windows-ix86+x86_64 0.14.2 21.00 78.00 99.00 NOTE
r-oldrel-windows-ix86+x86_64 0.14.2 16.00 80.00 96.00 NOTE

Check Details

Version: 0.14.2
Flags: --no-stop-on-test-error
Check: installed package size
Result: NOTE
     installed size is 7.4Mb
     sub-directories of 1Mb or more:
     www 6.2Mb
Flavors: r-devel-linux-x86_64-fedora-clang, r-devel-linux-x86_64-fedora-gcc

Version: 0.14.2
Check: installed package size
Result: NOTE
     installed size is 7.2Mb
     sub-directories of 1Mb or more:
     www 6.1Mb
Flavors: r-devel-macos-x86_64-clang, r-devel-windows-ix86+x86_64, r-patched-solaris-sparc, r-patched-solaris-x86, r-release-osx-x86_64-mavericks, r-release-windows-ix86+x86_64, r-oldrel-windows-ix86+x86_64