CRAN Package Check Results for Package shiny

Last updated on 2017-02-23 09:53:22.

Flavor Version Tinstall Tcheck Ttotal Status Flags
r-devel-linux-x86_64-debian-clang 1.0.0 3.12 54.38 57.50 OK
r-devel-linux-x86_64-debian-gcc 1.0.0 3.00 52.77 55.78 OK
r-devel-linux-x86_64-fedora-clang 1.0.0 88.90 NOTE --no-stop-on-test-error
r-devel-linux-x86_64-fedora-gcc 1.0.0 89.15 NOTE --no-stop-on-test-error
r-devel-macos-x86_64-clang 1.0.0 77.56 NOTE --no-stop-on-test-error
r-devel-windows-ix86+x86_64 1.0.0 21.00 120.00 141.00 NOTE
r-patched-linux-x86_64 1.0.0 3.01 48.43 51.43 OK
r-patched-solaris-sparc 1.0.0 492.30 NOTE
r-patched-solaris-x86 1.0.0 98.50 NOTE
r-release-linux-x86_64 1.0.0 2.85 48.57 51.42 OK
r-release-osx-x86_64-mavericks 1.0.0 NOTE
r-release-windows-ix86+x86_64 1.0.0 20.00 105.00 125.00 NOTE
r-oldrel-windows-ix86+x86_64 1.0.0 25.00 77.00 102.00 NOTE

Check Details

Version: 1.0.0
Flags: --no-stop-on-test-error
Check: installed package size
Result: NOTE
     installed size is 7.6Mb
     sub-directories of 1Mb or more:
     www 6.4Mb
Flavors: r-devel-linux-x86_64-fedora-clang, r-devel-linux-x86_64-fedora-gcc, r-devel-macos-x86_64-clang

Version: 1.0.0
Check: installed package size
Result: NOTE
     installed size is 7.2Mb
     sub-directories of 1Mb or more:
     www 6.1Mb
Flavors: r-devel-windows-ix86+x86_64, r-patched-solaris-sparc, r-patched-solaris-x86, r-release-osx-x86_64-mavericks, r-release-windows-ix86+x86_64, r-oldrel-windows-ix86+x86_64