CRAN Package Check Results for Package shiny

Last updated on 2015-01-29 10:48:23.

Flavor Version Tinstall Tcheck Ttotal Status Flags
r-devel-linux-x86_64-debian-clang 0.11 2.89 31.12 34.01 OK
r-devel-linux-x86_64-debian-gcc 0.11 2.40 31.28 33.69 OK
r-devel-linux-x86_64-fedora-clang 0.11 74.95 OK
r-devel-linux-x86_64-fedora-gcc 0.11 69.42 OK
r-devel-osx-x86_64-clang 0.11 70.74 OK
r-devel-windows-ix86+x86_64 0.11 16.00 45.00 61.00 OK
r-patched-linux-x86_64 0.11 2.84 35.60 38.44 OK
r-patched-solaris-sparc 0.11 392.20 OK
r-patched-solaris-x86 0.11 94.50 OK
r-release-linux-ix86 0.11 3.41 43.64 47.06 OK
r-release-linux-x86_64 0.11 3.96 35.61 39.58 OK
r-release-osx-x86_64-mavericks 0.11 OK
r-release-osx-x86_64-snowleopard 0.11 OK
r-release-windows-ix86+x86_64 0.11 14.00 54.00 68.00 OK
r-oldrel-windows-ix86+x86_64 0.11 13.00 57.00 70.00 WARN

Check Details

Version: 0.11
Check: PDF version of manual
Result: WARN
    LaTeX errors when creating PDF version.
    This typically indicates Rd problems.
    LaTeX errors found:
    ! Illegal parameter number in definition of \Hy@tempa.
    <to be read again>
     g
    l.1593 ...com/components/#glyphicons}{Glyphicons"}
    
    ! Illegal parameter number in definition of \Hy@tempa.
    <to be read again>
     g
    l.1593 ...com/components/#glyphicons}{Glyphicons"}
    
    ! Illegal parameter number in definition of \Hy@tempa.
    <to be read again>
     g
    l.1593 ...com/components/#glyphicons}{Glyphicons"}
    
    ! Illegal parameter number in definition of \Hy@tempa.
    <to be read again>
     g
    l.1613 ...etbootstrap.com/components/\#glyphicons}
     .
    ! Illegal parameter number in definition of \Hy@tempa.
    <to be read again>
     g
    l.1613 ...etbootstrap.com/components/\#glyphicons}
     .
    ! Illegal parameter number in definition of \Hy@tempa.
    <to be read again>
     g
    l.1613 ...etbootstrap.com/components/\#glyphicons}
     .
Flavor: r-oldrel-windows-ix86+x86_64