CRAN Package Check Results for Package shiny

Last updated on 2017-08-18 11:48:18.

Flavor Version Tinstall Tcheck Ttotal Status Flags
r-devel-linux-x86_64-debian-clang 1.0.4 3.47 64.74 68.21 OK
r-devel-linux-x86_64-debian-gcc 1.0.4 3.27 61.91 65.18 OK
r-devel-linux-x86_64-fedora-clang 1.0.4 76.10 ERROR
r-devel-linux-x86_64-fedora-gcc 1.0.4 75.88 NOTE
r-devel-windows-ix86+x86_64 1.0.4 18.00 93.00 111.00 NOTE
r-patched-linux-x86_64 1.0.4 3.15 65.70 68.85 OK
r-patched-solaris-x86 1.0.4 113.00 NOTE
r-release-linux-x86_64 1.0.4 3.46 62.55 66.01 OK
r-release-windows-ix86+x86_64 1.0.4 26.00 94.00 120.00 NOTE
r-release-osx-x86_64 1.0.4 NOTE
r-oldrel-windows-ix86+x86_64 1.0.4 16.00 94.00 110.00 NOTE
r-oldrel-osx-x86_64 1.0.4 NOTE

Check Details

Version: 1.0.4
Check: installed package size
Result: NOTE
     installed size is 7.8Mb
     sub-directories of 1Mb or more:
     www 6.5Mb
Flavors: r-devel-linux-x86_64-fedora-clang, r-devel-linux-x86_64-fedora-gcc, r-devel-windows-ix86+x86_64, r-patched-solaris-x86, r-release-windows-ix86+x86_64, r-release-osx-x86_64, r-oldrel-windows-ix86+x86_64, r-oldrel-osx-x86_64

Version: 1.0.4
Check: tests
Result: ERROR
     Running ‘test-all.R’ [12s/17s]
    Running the tests in ‘tests/test-all.R’ failed.
    Complete output:
     > library(testthat)
     > library(shiny)
     >
     > test_check("shiny")
     1. Failure: debounce/throttle work properly (with priming) (@test-reactivity.r#1125)
     isolate(tr()) not identical to 10.
     1/1 mismatches
     [1] 11 - 10 == 1
    
    
     testthat results ================================================================
     OK: 622 SKIPPED: 0 FAILED: 1
     1. Failure: debounce/throttle work properly (with priming) (@test-reactivity.r#1125)
    
     Error: testthat unit tests failed
     Execution halted
Flavor: r-devel-linux-x86_64-fedora-clang