CRAN Package Check Results for Package shiny

Last updated on 2015-05-26 12:47:29.

Flavor Version Tinstall Tcheck Ttotal Status Flags
r-devel-linux-x86_64-debian-clang 0.12.0 2.39 31.63 34.02 NOTE
r-devel-linux-x86_64-debian-gcc 0.12.0 2.44 31.60 34.04 NOTE
r-devel-linux-x86_64-fedora-clang 0.12.0 64.48 NOTE
r-devel-linux-x86_64-fedora-gcc 0.12.0 59.17 NOTE
r-devel-osx-x86_64-clang 0.12.0 61.65 NOTE
r-devel-windows-ix86+x86_64 0.12.0 14.00 49.00 63.00 OK
r-patched-linux-x86_64 0.12.0 2.81 31.82 34.63 NOTE
r-patched-solaris-sparc 0.12.0 399.30 NOTE
r-patched-solaris-x86 0.12.0 83.20 NOTE
r-release-linux-x86_64 0.12.0 2.48 31.46 33.94 NOTE
r-release-osx-x86_64-mavericks 0.12.0 NOTE
r-release-osx-x86_64-snowleopard 0.12.0 NOTE
r-release-windows-ix86+x86_64 0.12.0 13.00 48.00 61.00 OK
r-oldrel-windows-ix86+x86_64 0.12.0 13.00 66.00 79.00 OK

Check Details

Version: 0.12.0
Check: installed package size
Result: NOTE
     installed size is 5.2Mb
     sub-directories of 1Mb or more:
     www 4.2Mb
Flavors: r-devel-linux-x86_64-debian-clang, r-devel-linux-x86_64-debian-gcc, r-devel-linux-x86_64-fedora-clang, r-devel-linux-x86_64-fedora-gcc, r-devel-osx-x86_64-clang, r-patched-linux-x86_64, r-patched-solaris-sparc, r-patched-solaris-x86, r-release-linux-x86_64, r-release-osx-x86_64-mavericks, r-release-osx-x86_64-snowleopard