CRAN Package Check Results for Package shiny.i18n

Last updated on 2019-03-26 21:48:56 CET.

Flavor Version Tinstall Tcheck Ttotal Status Flags
r-devel-linux-x86_64-debian-clang 0.1.0 1.61 21.66 23.27 OK
r-devel-linux-x86_64-debian-gcc 0.1.0 1.55 17.38 18.93 OK
r-devel-linux-x86_64-fedora-clang 0.1.0 29.05 OK
r-devel-linux-x86_64-fedora-gcc 0.1.0 30.16 OK
r-devel-windows-ix86+x86_64 0.1.0 9.00 43.00 52.00 OK
r-patched-linux-x86_64 0.1.0 1.42 19.79 21.21 NOTE
r-patched-solaris-x86 0.1.0 42.00 OK
r-release-linux-x86_64 0.1.0 1.19 19.66 20.85 NOTE
r-release-windows-ix86+x86_64 0.1.0 5.00 35.00 40.00 OK
r-release-osx-x86_64 0.1.0 OK
r-oldrel-windows-ix86+x86_64 0.1.0 3.00 44.00 47.00 OK
r-oldrel-osx-x86_64 0.1.0 OK

Check Details

Version: 0.1.0
Check: DESCRIPTION meta-information
Result: NOTE
    Dependence on R version ‘3.3.2’ not with patchlevel 0
Flavors: r-patched-linux-x86_64, r-release-linux-x86_64