CRAN Package Check Results for Package shiny.info

Last updated on 2023-12-05 04:08:27 CET.

Flavor Version Tinstall Tcheck Ttotal Status Flags
r-devel-linux-x86_64-debian-clang 0.2.0 5.05 39.97 45.02 NOTE
r-devel-linux-x86_64-debian-gcc 0.2.0 3.21 31.44 34.65 NOTE
r-devel-linux-x86_64-fedora-clang 0.2.0 63.88 OK
r-devel-linux-x86_64-fedora-gcc 0.2.0 59.59 OK
r-devel-windows-x86_64 0.2.0 6.00 54.00 60.00 OK
r-patched-linux-x86_64 0.2.0 4.88 40.65 45.53 OK
r-release-linux-x86_64 0.2.0 3.49 40.38 43.87 OK
r-release-macos-arm64 0.2.0 21.00 OK
r-release-macos-x86_64 0.2.0 31.00 OK
r-release-windows-x86_64 0.2.0 6.00 58.00 64.00 OK
r-oldrel-macos-arm64 0.2.0 23.00 OK
r-oldrel-macos-x86_64 0.2.0 40.00 OK
r-oldrel-windows-x86_64 0.2.0 7.00 69.00 76.00 OK

Check Details

Version: 0.2.0
Check: Rd files
Result: NOTE checkRd: (-1) display.Rd:17: Lost braces; missing escapes or markup? 17 | div which wraps your message to display it in the {position} corner of your shiny app. | ^ checkRd: (-1) info_value.Rd:15: Lost braces; missing escapes or markup? 15 | div which wraps rendered value to display it in the {position} corner of your shiny app. | ^ Flavors: r-devel-linux-x86_64-debian-clang, r-devel-linux-x86_64-debian-gcc