CRAN Package Check Results for Package shinyAce

Last updated on 2014-11-01 11:49:13.

Flavor Version Tinstall Tcheck Ttotal Status Flags
r-devel-linux-x86_64-debian-clang 0.1.0 1.72 20.54 22.26 OK
r-devel-linux-x86_64-debian-gcc 0.1.0 2.14 20.44 22.58 OK
r-devel-linux-x86_64-fedora-clang 0.1.0 41.32 OK
r-devel-linux-x86_64-fedora-gcc 0.1.0 38.18 OK
r-devel-osx-x86_64-clang 0.1.0 37.90 OK
r-devel-windows-ix86+x86_64 0.1.0 10.00 31.00 41.00 OK
r-patched-linux-x86_64 0.1.0 1.96 20.11 22.08 OK
r-patched-solaris-sparc 0.1.0 263.70 OK
r-patched-solaris-x86 0.1.0 58.90 OK
r-release-linux-ix86 0.1.0 2.37 26.86 29.23 NOTE
r-release-linux-x86_64 0.1.0 1.92 20.10 22.02 OK
r-release-osx-x86_64-mavericks 0.1.0 OK
r-release-osx-x86_64-snowleopard 0.1.0 OK
r-release-windows-ix86+x86_64 0.1.0 10.00 34.00 44.00 OK
r-oldrel-windows-ix86+x86_64 0.1.0 12.00 36.00 48.00 OK

Check Details

Version: 0.1.0
Check: installed package size
Result: NOTE
     installed size is 5.0Mb
     sub-directories of 1Mb or more:
     www 4.9Mb
Flavor: r-release-linux-ix86