CRAN Package Check Results for Package shinyAce

Last updated on 2015-03-04 11:47:46.

Flavor Version Tinstall Tcheck Ttotal Status Flags
r-devel-linux-x86_64-debian-clang 0.1.0 1.42 15.05 16.48 OK
r-devel-linux-x86_64-debian-gcc 0.1.0 1.28 15.09 16.36 OK
r-devel-linux-x86_64-fedora-clang 0.1.0 29.76 OK
r-devel-linux-x86_64-fedora-gcc 0.1.0 28.32 OK
r-devel-osx-x86_64-clang 0.1.0 30.39 OK
r-devel-windows-ix86+x86_64 0.1.0 12.00 22.00 34.00 OK
r-patched-linux-x86_64 0.1.0 1.90 20.11 22.01 OK
r-patched-solaris-sparc 0.1.0 272.90 OK
r-patched-solaris-x86 0.1.0 59.90 OK
r-release-linux-ix86 0.1.0 3.00 26.62 29.62 NOTE
r-release-linux-x86_64 0.1.0 2.11 20.74 22.85 OK
r-release-osx-x86_64-mavericks 0.1.0 OK
r-release-osx-x86_64-snowleopard 0.1.0 OK
r-release-windows-ix86+x86_64 0.1.0 13.00 37.00 50.00 OK
r-oldrel-windows-ix86+x86_64 0.1.0 12.00 32.00 44.00 OK

Check Details

Version: 0.1.0
Check: installed package size
Result: NOTE
     installed size is 5.0Mb
     sub-directories of 1Mb or more:
     www 4.9Mb
Flavor: r-release-linux-ix86