CRAN Package Check Results for Package shinyAce

Last updated on 2014-08-27 18:48:32.

Flavor Version Tinstall Tcheck Ttotal Status Flags
r-devel-linux-x86_64-debian-clang 0.1.0 1.79 21.31 23.10 OK
r-devel-linux-x86_64-debian-gcc 0.1.0 1.76 19.49 21.25 OK
r-devel-linux-x86_64-fedora-clang 0.1.0 43.28 OK
r-devel-linux-x86_64-fedora-gcc 0.1.0 40.71 OK
r-devel-osx-x86_64-clang 0.1.0 38.46 OK
r-devel-windows-ix86+x86_64 0.1.0 11.00 32.00 43.00 OK
r-patched-linux-x86_64 0.1.0 1.88 20.80 22.68 OK
r-patched-solaris-sparc 0.1.0 263.70 OK
r-patched-solaris-x86 0.1.0 61.00 OK
r-release-linux-ix86 0.1.0 2.45 27.77 30.22 NOTE
r-release-linux-x86_64 0.1.0 2.06 21.81 23.87 OK
r-release-osx-x86_64-mavericks 0.1.0 OK
r-release-osx-x86_64-snowleopard 0.1.0 OK
r-release-windows-ix86+x86_64 0.1.0 11.00 33.00 44.00 OK
r-oldrel-windows-ix86+x86_64 0.1.0 12.00 34.00 46.00 OK

Check Details

Version: 0.1.0
Check: installed package size
Result: NOTE
     installed size is 5.0Mb
     sub-directories of 1Mb or more:
     www 4.9Mb
Flavor: r-release-linux-ix86