CRAN Package Check Results for Package shinyAce

Last updated on 2014-10-20 05:47:26.

Flavor Version Tinstall Tcheck Ttotal Status Flags
r-devel-linux-x86_64-debian-clang 0.1.0 1.72 20.22 21.94 OK
r-devel-linux-x86_64-debian-gcc 0.1.0 1.71 20.42 22.12 OK
r-devel-linux-x86_64-fedora-clang 0.1.0 40.07 OK
r-devel-linux-x86_64-fedora-gcc 0.1.0 38.68 OK
r-devel-osx-x86_64-clang 0.1.0 39.22 OK
r-devel-windows-ix86+x86_64 0.1.0 10.00 34.00 44.00 OK
r-patched-linux-x86_64 0.1.0 1.82 19.64 21.46 OK
r-patched-solaris-sparc 0.1.0 263.70 OK
r-patched-solaris-x86 0.1.0 58.00 OK
r-release-linux-ix86 0.1.0 2.37 26.86 29.23 NOTE
r-release-linux-x86_64 0.1.0 1.92 20.10 22.02 OK
r-release-osx-x86_64-mavericks 0.1.0 OK
r-release-osx-x86_64-snowleopard 0.1.0 OK
r-release-windows-ix86+x86_64 0.1.0 12.00 32.00 44.00 OK
r-oldrel-windows-ix86+x86_64 0.1.0 12.00 33.00 45.00 OK

Check Details

Version: 0.1.0
Check: installed package size
Result: NOTE
     installed size is 5.0Mb
     sub-directories of 1Mb or more:
     www 4.9Mb
Flavor: r-release-linux-ix86