CRAN Package Check Results for Package shinyAce

Last updated on 2014-07-24 15:52:26.

Flavor Version Tinstall Tcheck Ttotal Status Flags
r-devel-linux-x86_64-debian-clang 0.1.0 2.00 21.20 23.20 OK
r-devel-linux-x86_64-debian-gcc 0.1.0 1.80 20.64 22.44 OK
r-devel-linux-x86_64-fedora-clang 0.1.0 43.63 OK
r-devel-linux-x86_64-fedora-gcc 0.1.0 41.75 OK
r-devel-osx-x86_64-clang 0.1.0 39.47 OK
r-devel-windows-ix86+x86_64 0.1.0 11.00 32.00 43.00 OK
r-patched-linux-x86_64 0.1.0 1.86 21.07 22.93 OK
r-patched-solaris-sparc 0.1.0 326.80 OK
r-patched-solaris-x86 0.1.0 60.80 OK
r-release-linux-ix86 0.1.0 2.45 27.59 30.04 NOTE
r-release-linux-x86_64 0.1.0 1.92 21.25 23.18 OK
r-release-osx-x86_64-mavericks 0.1.0 OK
r-release-osx-x86_64-snowleopard 0.1.0 OK
r-release-windows-ix86+x86_64 0.1.0 11.00 32.00 43.00 OK
r-oldrel-windows-ix86+x86_64 0.1.0 12.00 34.00 46.00 OK

Check Details

Version: 0.1.0
Check: installed package size
Result: NOTE
     installed size is 5.0Mb
     sub-directories of 1Mb or more:
     www 4.9Mb
Flavor: r-release-linux-ix86