CRAN Package Check Results for Package shinyAce

Last updated on 2015-02-01 20:48:46.

Flavor Version Tinstall Tcheck Ttotal Status Flags
r-devel-linux-x86_64-debian-clang 0.1.0 1.64 14.66 16.30 OK
r-devel-linux-x86_64-debian-gcc 0.1.0 1.28 13.82 15.10 OK
r-devel-linux-x86_64-fedora-clang 0.1.0 30.36 OK
r-devel-linux-x86_64-fedora-gcc 0.1.0 28.52 OK
r-devel-osx-x86_64-clang 0.1.0 36.13 OK
r-devel-windows-ix86+x86_64 0.1.0 19.00 25.00 44.00 OK
r-patched-linux-x86_64 0.1.0 2.02 20.57 22.59 OK
r-patched-solaris-sparc 0.1.0 247.80 OK
r-patched-solaris-x86 0.1.0 58.30 OK
r-release-linux-ix86 0.1.0 2.22 26.53 28.75 NOTE
r-release-linux-x86_64 0.1.0 1.82 19.89 21.72 OK
r-release-osx-x86_64-mavericks 0.1.0 OK
r-release-osx-x86_64-snowleopard 0.1.0 OK
r-release-windows-ix86+x86_64 0.1.0 13.00 36.00 49.00 OK
r-oldrel-windows-ix86+x86_64 0.1.0 13.00 36.00 49.00 OK

Check Details

Version: 0.1.0
Check: installed package size
Result: NOTE
     installed size is 5.0Mb
     sub-directories of 1Mb or more:
     www 4.9Mb
Flavor: r-release-linux-ix86