CRAN Package Check Results for Package shinyAce

Last updated on 2016-09-26 10:48:31.

Flavor Version Tinstall Tcheck Ttotal Status Flags
r-devel-linux-x86_64-debian-clang 0.2.1 1.62 17.26 18.87 NOTE
r-devel-linux-x86_64-debian-gcc 0.2.1 1.52 16.56 18.08 NOTE
r-devel-linux-x86_64-fedora-clang 0.2.1 27.06 NOTE
r-devel-linux-x86_64-fedora-gcc 0.2.1 26.19 NOTE
r-devel-macos-x86_64-clang 0.2.1 26.16 NOTE
r-devel-windows-ix86+x86_64 0.2.1 21.00 43.00 64.00 NOTE
r-patched-linux-x86_64 0.2.1 1.52 17.29 18.81 NOTE
r-patched-solaris-sparc 0.2.1 202.60 NOTE
r-patched-solaris-x86 0.2.1 42.40 NOTE
r-release-linux-x86_64 0.2.1 1.51 17.26 18.77 NOTE
r-release-osx-x86_64-mavericks 0.2.1 NOTE
r-release-windows-ix86+x86_64 0.2.1 36.00 43.00 79.00 NOTE
r-oldrel-windows-ix86+x86_64 0.2.1 21.00 77.00 98.00 NOTE

Check Details

Version: 0.2.1
Check: installed package size
Result: NOTE
     installed size is 9.9Mb
     sub-directories of 1Mb or more:
     www 9.7Mb
Flavors: r-devel-linux-x86_64-debian-clang, r-devel-linux-x86_64-debian-gcc, r-devel-linux-x86_64-fedora-clang, r-devel-linux-x86_64-fedora-gcc, r-devel-macos-x86_64-clang, r-devel-windows-ix86+x86_64, r-patched-linux-x86_64, r-patched-solaris-sparc, r-patched-solaris-x86, r-release-linux-x86_64, r-release-osx-x86_64-mavericks, r-release-windows-ix86+x86_64, r-oldrel-windows-ix86+x86_64