CRAN Package Check Results for Package shinyAce

Last updated on 2014-09-03 01:47:59.

Flavor Version Tinstall Tcheck Ttotal Status Flags
r-devel-linux-x86_64-debian-clang 0.1.0 1.77 20.61 22.38 OK
r-devel-linux-x86_64-debian-gcc 0.1.0 1.73 19.46 21.19 OK
r-devel-linux-x86_64-fedora-clang 0.1.0 43.32 OK
r-devel-linux-x86_64-fedora-gcc 0.1.0 41.21 OK
r-devel-osx-x86_64-clang 0.1.0 38.34 OK
r-devel-windows-ix86+x86_64 0.1.0 10.00 32.00 42.00 OK
r-patched-linux-x86_64 0.1.0 2.09 20.12 22.21 OK
r-patched-solaris-sparc 0.1.0 263.70 OK
r-patched-solaris-x86 0.1.0 61.30 OK
r-release-linux-ix86 0.1.0 2.47 27.77 30.24 NOTE
r-release-linux-x86_64 0.1.0 1.89 20.67 22.56 OK
r-release-osx-x86_64-mavericks 0.1.0 OK
r-release-osx-x86_64-snowleopard 0.1.0 OK
r-release-windows-ix86+x86_64 0.1.0 12.00 33.00 45.00 OK
r-oldrel-windows-ix86+x86_64 0.1.0 10.00 34.00 44.00 OK

Check Details

Version: 0.1.0
Check: installed package size
Result: NOTE
     installed size is 5.0Mb
     sub-directories of 1Mb or more:
     www 4.9Mb
Flavor: r-release-linux-ix86