CRAN Package Check Results for Package shinyAce

Last updated on 2017-12-13 20:48:59 CET.

Flavor Version Tinstall Tcheck Ttotal Status Flags
r-devel-linux-x86_64-debian-clang 0.2.1 1.94 24.85 26.79 OK
r-devel-linux-x86_64-debian-gcc 0.2.1 1.91 22.83 24.74 OK
r-devel-linux-x86_64-fedora-clang 0.2.1 30.63 NOTE
r-devel-linux-x86_64-fedora-gcc 0.2.1 31.85 NOTE
r-devel-windows-ix86+x86_64 0.2.1 17.00 48.00 65.00 NOTE
r-patched-linux-x86_64 0.2.1 2.08 26.23 28.31 OK
r-patched-solaris-x86 0.2.1 53.50 NOTE
r-release-linux-x86_64 0.2.1 1.96 26.03 27.99 OK
r-release-windows-ix86+x86_64 0.2.1 14.00 38.00 52.00 NOTE
r-release-osx-x86_64 0.2.1 NOTE
r-oldrel-windows-ix86+x86_64 0.2.1 13.00 43.00 56.00 NOTE
r-oldrel-osx-x86_64 0.2.1 NOTE

Check Details

Version: 0.2.1
Check: installed package size
Result: NOTE
     installed size is 9.9Mb
     sub-directories of 1Mb or more:
     www 9.7Mb
Flavors: r-devel-linux-x86_64-fedora-clang, r-devel-linux-x86_64-fedora-gcc, r-devel-windows-ix86+x86_64, r-patched-solaris-x86, r-release-windows-ix86+x86_64, r-release-osx-x86_64, r-oldrel-windows-ix86+x86_64, r-oldrel-osx-x86_64