CRAN Package Check Results for Package shinyAce

Last updated on 2017-01-16 10:48:11.

Flavor Version Tinstall Tcheck Ttotal Status Flags
r-devel-linux-x86_64-debian-clang 0.2.1 1.61 17.52 19.13 OK
r-devel-linux-x86_64-debian-gcc 0.2.1 1.57 18.02 19.59 OK
r-devel-linux-x86_64-fedora-clang 0.2.1 30.34 NOTE --no-stop-on-test-error
r-devel-linux-x86_64-fedora-gcc 0.2.1 29.65 NOTE --no-stop-on-test-error
r-devel-macos-x86_64-clang 0.2.1 28.56 NOTE --no-stop-on-test-error
r-devel-windows-ix86+x86_64 0.2.1 20.00 50.00 70.00 NOTE
r-patched-linux-x86_64 0.2.1 1.54 15.87 17.41 OK
r-patched-solaris-sparc 0.2.1 202.00 NOTE
r-patched-solaris-x86 0.2.1 42.70 NOTE
r-release-linux-x86_64 0.2.1 1.82 16.04 17.86 OK
r-release-osx-x86_64-mavericks 0.2.1 NOTE
r-release-windows-ix86+x86_64 0.2.1 22.00 35.00 57.00 NOTE
r-oldrel-windows-ix86+x86_64 0.2.1 14.00 2.00 16.00 ERROR

Check Details

Version: 0.2.1
Flags: --no-stop-on-test-error
Check: installed package size
Result: NOTE
     installed size is 9.9Mb
     sub-directories of 1Mb or more:
     www 9.7Mb
Flavors: r-devel-linux-x86_64-fedora-clang, r-devel-linux-x86_64-fedora-gcc, r-devel-macos-x86_64-clang

Version: 0.2.1
Check: installed package size
Result: NOTE
     installed size is 9.6Mb
     sub-directories of 1Mb or more:
     www 9.4Mb
Flavors: r-devel-windows-ix86+x86_64, r-patched-solaris-sparc, r-patched-solaris-x86, r-release-osx-x86_64-mavericks, r-release-windows-ix86+x86_64

Version: 0.2.1
Check: whether package can be installed
Result: ERROR
    Installation failed.
Flavor: r-oldrel-windows-ix86+x86_64