CRAN Package Check Results for Package shinyAce

Last updated on 2017-02-22 22:50:59.

Flavor Version Tinstall Tcheck Ttotal Status Flags
r-devel-linux-x86_64-debian-clang 0.2.1 1.60 18.59 20.19 OK
r-devel-linux-x86_64-debian-gcc 0.2.1 1.58 18.14 19.73 OK
r-devel-linux-x86_64-fedora-clang 0.2.1 29.93 NOTE --no-stop-on-test-error
r-devel-linux-x86_64-fedora-gcc 0.2.1 30.20 NOTE --no-stop-on-test-error
r-devel-macos-x86_64-clang 0.2.1 29.44 NOTE --no-stop-on-test-error
r-devel-windows-ix86+x86_64 0.2.1 22.00 50.00 72.00 NOTE
r-patched-linux-x86_64 0.2.1 1.79 15.59 17.37 OK
r-patched-solaris-sparc 0.2.1 202.00 NOTE
r-patched-solaris-x86 0.2.1 42.20 NOTE
r-release-linux-x86_64 0.2.1 1.66 16.27 17.93 OK
r-release-osx-x86_64-mavericks 0.2.1 NOTE
r-release-windows-ix86+x86_64 0.2.1 31.00 32.00 63.00 NOTE
r-oldrel-windows-ix86+x86_64 0.2.1 17.00 48.00 65.00 NOTE

Check Details

Version: 0.2.1
Flags: --no-stop-on-test-error
Check: installed package size
Result: NOTE
     installed size is 9.9Mb
     sub-directories of 1Mb or more:
     www 9.7Mb
Flavors: r-devel-linux-x86_64-fedora-clang, r-devel-linux-x86_64-fedora-gcc, r-devel-macos-x86_64-clang

Version: 0.2.1
Check: installed package size
Result: NOTE
     installed size is 9.7Mb
     sub-directories of 1Mb or more:
     www 9.5Mb
Flavors: r-devel-windows-ix86+x86_64, r-patched-solaris-sparc, r-patched-solaris-x86, r-release-osx-x86_64-mavericks, r-release-windows-ix86+x86_64, r-oldrel-windows-ix86+x86_64