CRAN Package Check Results for Package shinyAce

Last updated on 2017-03-28 23:50:50.

Flavor Version Tinstall Tcheck Ttotal Status Flags
r-devel-linux-x86_64-debian-clang 0.2.1 1.65 19.23 20.88 OK
r-devel-linux-x86_64-debian-gcc 0.2.1 1.64 19.22 20.87 OK
r-devel-linux-x86_64-fedora-clang 0.2.1 34.35 NOTE --no-stop-on-test-error
r-devel-linux-x86_64-fedora-gcc 0.2.1 29.17 NOTE --no-stop-on-test-error
r-devel-macos-x86_64-clang 0.2.1 28.80 NOTE --no-stop-on-test-error
r-devel-windows-ix86+x86_64 0.2.1 14.00 46.00 60.00 NOTE
r-patched-linux-x86_64 0.2.1 1.66 18.46 20.12 OK
r-patched-solaris-sparc 0.2.1 216.90 NOTE
r-patched-solaris-x86 0.2.1 50.00 NOTE
r-release-linux-x86_64 0.2.1 1.56 16.53 18.09 OK
r-release-osx-x86_64-mavericks 0.2.1 NOTE
r-release-windows-ix86+x86_64 0.2.1 18.00 31.00 49.00 NOTE
r-oldrel-windows-ix86+x86_64 0.2.1 14.00 43.00 57.00 NOTE

Check Details

Version: 0.2.1
Flags: --no-stop-on-test-error
Check: installed package size
Result: NOTE
     installed size is 9.9Mb
     sub-directories of 1Mb or more:
     www 9.7Mb
Flavors: r-devel-linux-x86_64-fedora-clang, r-devel-linux-x86_64-fedora-gcc, r-devel-macos-x86_64-clang

Version: 0.2.1
Check: installed package size
Result: NOTE
     installed size is 9.7Mb
     sub-directories of 1Mb or more:
     www 9.5Mb
Flavors: r-devel-windows-ix86+x86_64, r-patched-solaris-sparc, r-patched-solaris-x86, r-release-osx-x86_64-mavericks, r-release-windows-ix86+x86_64, r-oldrel-windows-ix86+x86_64