CRAN Package Check Results for Package shinyAce

Last updated on 2018-04-19 10:47:19 CEST.

Flavor Version Tinstall Tcheck Ttotal Status Flags
r-devel-linux-x86_64-debian-clang 0.2.1 2.35 26.62 28.97 OK
r-devel-linux-x86_64-debian-gcc 0.2.1 1.95 22.02 23.97 OK
r-devel-linux-x86_64-fedora-clang 0.2.1 34.25 NOTE
r-devel-linux-x86_64-fedora-gcc 0.2.1 33.00 NOTE
r-devel-windows-ix86+x86_64 0.2.1 16.00 42.00 58.00 NOTE
r-devel-osx-x86_64 0.2.1 NOTE
r-patched-linux-x86_64 0.2.1 2.67 26.73 29.40 OK
r-patched-solaris-x86 0.2.1 59.50 NOTE
r-release-linux-x86_64 0.2.1 2.02 26.83 28.85 OK
r-release-windows-ix86+x86_64 0.2.1 14.00 57.00 71.00 NOTE
r-release-osx-x86_64 0.2.1 NOTE
r-oldrel-windows-ix86+x86_64 0.2.1 16.00 46.00 62.00 NOTE

Check Details

Version: 0.2.1
Check: installed package size
Result: NOTE
     installed size is 9.9Mb
     sub-directories of 1Mb or more:
     www 9.7Mb
Flavors: r-devel-linux-x86_64-fedora-clang, r-devel-linux-x86_64-fedora-gcc, r-devel-windows-ix86+x86_64, r-devel-osx-x86_64, r-patched-solaris-x86, r-release-windows-ix86+x86_64, r-release-osx-x86_64, r-oldrel-windows-ix86+x86_64