CRAN Package Check Results for Package shinyAce

Last updated on 2016-07-30 12:48:27.

Flavor Version Tinstall Tcheck Ttotal Status Flags
r-devel-linux-x86_64-debian-clang 0.2.1 1.84 16.27 18.11 NOTE
r-devel-linux-x86_64-debian-gcc 0.2.1 1.51 16.52 18.03 NOTE
r-devel-linux-x86_64-fedora-clang 0.2.1 27.01 NOTE
r-devel-linux-x86_64-fedora-gcc 0.2.1 25.68 NOTE
r-devel-osx-x86_64-clang 0.2.1 26.23 NOTE
r-devel-windows-ix86+x86_64 0.2.1 13.00 31.00 44.00 NOTE
r-patched-linux-x86_64 0.2.1 1.63 16.06 17.69 NOTE
r-patched-solaris-sparc 0.2.1 202.60 NOTE
r-patched-solaris-x86 0.2.1 42.80 NOTE
r-release-linux-x86_64 0.2.1 1.95 20.89 22.84 NOTE
r-release-osx-x86_64-mavericks 0.2.1 NOTE
r-release-windows-ix86+x86_64 0.2.1 17.00 33.00 50.00 NOTE
r-oldrel-windows-ix86+x86_64 0.2.1 15.00 43.00 58.00 NOTE

Check Details

Version: 0.2.1
Check: installed package size
Result: NOTE
     installed size is 9.9Mb
     sub-directories of 1Mb or more:
     www 9.7Mb
Flavors: r-devel-linux-x86_64-debian-clang, r-devel-linux-x86_64-debian-gcc, r-devel-linux-x86_64-fedora-clang, r-devel-linux-x86_64-fedora-gcc, r-devel-osx-x86_64-clang, r-devel-windows-ix86+x86_64, r-patched-linux-x86_64, r-patched-solaris-sparc, r-patched-solaris-x86, r-release-linux-x86_64, r-release-osx-x86_64-mavericks, r-release-windows-ix86+x86_64, r-oldrel-windows-ix86+x86_64