CRAN Package Check Results for Package shinyAce

Last updated on 2017-05-22 18:52:12.

Flavor Version Tinstall Tcheck Ttotal Status Flags
r-devel-linux-x86_64-debian-clang 0.2.1 1.65 20.70 22.35 OK
r-devel-linux-x86_64-debian-gcc 0.2.1 1.57 21.90 23.47 OK
r-devel-linux-x86_64-fedora-clang 0.2.1 32.02 NOTE --no-stop-on-test-error
r-devel-linux-x86_64-fedora-gcc 0.2.1 29.54 NOTE --no-stop-on-test-error
r-devel-windows-ix86+x86_64 0.2.1 16.00 33.00 49.00 NOTE
r-patched-linux-x86_64 0.2.1 1.58 20.89 22.47 OK
r-patched-solaris-sparc 0.2.1 216.90 NOTE
r-patched-solaris-x86 0.2.1 49.80 NOTE
r-release-linux-x86_64 0.2.1 1.56 21.10 22.66 OK
r-release-windows-ix86+x86_64 0.2.1 12.00 50.00 62.00 NOTE
r-release-osx-x86_64 0.2.1 NOTE
r-oldrel-windows-ix86+x86_64 0.2.1 20.00 48.00 68.00 NOTE
r-oldrel-osx-x86_64 0.2.1 NOTE

Check Details

Version: 0.2.1
Flags: --no-stop-on-test-error
Check: installed package size
Result: NOTE
     installed size is 9.9Mb
     sub-directories of 1Mb or more:
     www 9.7Mb
Flavors: r-devel-linux-x86_64-fedora-clang, r-devel-linux-x86_64-fedora-gcc

Version: 0.2.1
Check: installed package size
Result: NOTE
     installed size is 9.6Mb
     sub-directories of 1Mb or more:
     www 9.4Mb
Flavors: r-devel-windows-ix86+x86_64, r-patched-solaris-sparc, r-patched-solaris-x86, r-release-windows-ix86+x86_64, r-release-osx-x86_64, r-oldrel-windows-ix86+x86_64, r-oldrel-osx-x86_64