CRAN Package Check Results for Package shinyAce

Last updated on 2017-08-17 09:47:25.

Flavor Version Tinstall Tcheck Ttotal Status Flags
r-devel-linux-x86_64-debian-clang 0.2.1 1.63 21.69 23.32 OK
r-devel-linux-x86_64-debian-gcc 0.2.1 1.56 21.79 23.35 OK
r-devel-linux-x86_64-fedora-clang 0.2.1 30.41 NOTE
r-devel-linux-x86_64-fedora-gcc 0.2.1 29.82 NOTE
r-devel-windows-ix86+x86_64 0.2.1 14.00 37.00 51.00 NOTE
r-patched-linux-x86_64 0.2.1 1.61 21.62 23.24 OK
r-patched-solaris-x86 0.2.1 52.90 NOTE
r-release-linux-x86_64 0.2.1 1.56 22.99 24.55 OK
r-release-windows-ix86+x86_64 0.2.1 13.00 38.00 51.00 NOTE
r-release-osx-x86_64 0.2.1 NOTE
r-oldrel-windows-ix86+x86_64 0.2.1 14.00 31.00 45.00 NOTE
r-oldrel-osx-x86_64 0.2.1 NOTE

Check Details

Version: 0.2.1
Check: installed package size
Result: NOTE
     installed size is 9.9Mb
     sub-directories of 1Mb or more:
     www 9.7Mb
Flavors: r-devel-linux-x86_64-fedora-clang, r-devel-linux-x86_64-fedora-gcc, r-devel-windows-ix86+x86_64, r-patched-solaris-x86, r-release-windows-ix86+x86_64, r-release-osx-x86_64, r-oldrel-windows-ix86+x86_64, r-oldrel-osx-x86_64