CRAN Package Check Results for Package shinyAce

Last updated on 2018-02-23 06:55:11 CET.

Flavor Version Tinstall Tcheck Ttotal Status Flags
r-devel-linux-x86_64-debian-clang 0.2.1 2.04 25.49 27.53 OK
r-devel-linux-x86_64-debian-gcc 0.2.1 1.99 22.00 23.99 OK
r-devel-linux-x86_64-fedora-clang 0.2.1 35.78 NOTE
r-devel-linux-x86_64-fedora-gcc 0.2.1 32.94 NOTE
r-devel-windows-ix86+x86_64 0.2.1 20.00 48.00 68.00 NOTE
r-patched-linux-x86_64 0.2.1 2.59 26.86 29.45 OK
r-patched-solaris-x86 0.2.1 54.30 NOTE
r-release-linux-x86_64 0.2.1 2.34 26.43 28.77 OK
r-release-windows-ix86+x86_64 0.2.1 18.00 47.00 65.00 NOTE
r-release-osx-x86_64 0.2.1 NOTE
r-oldrel-windows-ix86+x86_64 0.2.1 14.00 33.00 47.00 NOTE
r-oldrel-osx-x86_64 0.2.1 NOTE

Check Details

Version: 0.2.1
Check: installed package size
Result: NOTE
     installed size is 9.9Mb
     sub-directories of 1Mb or more:
     www 9.7Mb
Flavors: r-devel-linux-x86_64-fedora-clang, r-devel-linux-x86_64-fedora-gcc, r-devel-windows-ix86+x86_64, r-patched-solaris-x86, r-release-windows-ix86+x86_64, r-release-osx-x86_64, r-oldrel-windows-ix86+x86_64, r-oldrel-osx-x86_64