CRAN Package Check Results for Package shinyAce

Last updated on 2014-12-19 10:48:41.

Flavor Version Tinstall Tcheck Ttotal Status Flags
r-devel-linux-x86_64-debian-clang 0.1.0 1.76 20.01 21.77 OK
r-devel-linux-x86_64-debian-gcc 0.1.0 1.77 19.20 20.97 OK
r-devel-linux-x86_64-fedora-clang 0.1.0 43.11 OK
r-devel-linux-x86_64-fedora-gcc 0.1.0 40.39 OK
r-devel-osx-x86_64-clang 0.1.0 38.21 OK
r-devel-windows-ix86+x86_64 0.1.0 13.00 33.00 46.00 OK
r-patched-linux-x86_64 0.1.0 1.84 20.61 22.45 OK
r-patched-solaris-sparc 0.1.0 263.70 OK
r-patched-solaris-x86 0.1.0 57.90 OK
r-release-linux-ix86 0.1.0 2.24 26.02 28.26 NOTE
r-release-linux-x86_64 0.1.0 1.81 19.29 21.10 OK
r-release-osx-x86_64-mavericks 0.1.0 OK
r-release-osx-x86_64-snowleopard 0.1.0 OK
r-release-windows-ix86+x86_64 0.1.0 13.00 34.00 47.00 OK
r-oldrel-windows-ix86+x86_64 0.1.0 12.00 33.00 45.00 OK

Check Details

Version: 0.1.0
Check: installed package size
Result: NOTE
     installed size is 5.0Mb
     sub-directories of 1Mb or more:
     www 4.9Mb
Flavor: r-release-linux-ix86