CRAN Package Check Results for Package shinyAce

Last updated on 2014-04-20 11:47:03.

Flavor Version Tinstall Tcheck Ttotal Status Flags
r-devel-linux-x86_64-debian-clang 0.1.0 2.01 23.42 25.43 OK
r-devel-linux-x86_64-debian-gcc 0.1.0 2.00 23.02 25.02 OK
r-devel-linux-x86_64-fedora-clang 0.1.0 46.21 OK
r-devel-linux-x86_64-fedora-gcc 0.1.0 44.25 OK
r-devel-macosx-x86_64-clang 0.1.0 43.35 OK
r-devel-macosx-x86_64-gcc 0.1.0 OK
r-devel-windows-ix86+x86_64 0.1.0 10.00 31.00 41.00 OK
r-patched-linux-x86_64 0.1.0 1.98 22.98 24.97 OK
r-patched-solaris-sparc 0.1.0 326.80 OK
r-patched-solaris-x86 0.1.0 60.80 OK
r-release-linux-ix86 NOTE
r-release-linux-x86_64 0.1.0 2.12 22.22 24.34 OK
r-release-macosx-x86_64 0.1.0 OK
r-release-windows-ix86+x86_64 0.1.0 16.00 29.00 45.00 OK
r-oldrel-windows-ix86+x86_64 0.1.0 12.00 34.00 46.00 OK

Check Details

Version: 0.1.0
Check: installed package size
Result: NOTE
     installed size is 5.0Mb
     sub-directories of 1Mb or more:
     www 4.9Mb
Flavor: r-release-linux-ix86