CRAN Package Check Results for Package shinyAce

Last updated on 2016-05-01 21:47:02.

Flavor Version Tinstall Tcheck Ttotal Status Flags
r-devel-linux-x86_64-debian-gcc 0.2.1 1.55 15.65 17.19 NOTE
r-devel-linux-x86_64-fedora-clang 0.2.1 27.05 NOTE
r-devel-linux-x86_64-fedora-gcc 0.2.1 25.31 NOTE
r-devel-osx-x86_64-clang 0.2.1 38.41 NOTE
r-devel-windows-ix86+x86_64 0.2.1 15.00 34.00 49.00 NOTE
r-patched-linux-x86_64 0.2.1 1.50 16.03 17.53 NOTE
r-patched-solaris-sparc 0.2.1 200.90 NOTE
r-patched-solaris-x86 0.2.1 42.80 NOTE
r-release-linux-x86_64 0.2.1 1.90 16.94 18.84 NOTE
r-release-osx-x86_64-mavericks 0.2.1 NOTE
r-release-windows-ix86+x86_64 0.2.1 20.00 39.00 59.00 NOTE
r-oldrel-windows-ix86+x86_64 0.2.1 22.00 57.00 79.00 NOTE

Check Details

Version: 0.2.1
Check: installed package size
Result: NOTE
     installed size is 9.9Mb
     sub-directories of 1Mb or more:
     www 9.7Mb
Flavors: r-devel-linux-x86_64-debian-gcc, r-devel-linux-x86_64-fedora-clang, r-devel-linux-x86_64-fedora-gcc, r-devel-osx-x86_64-clang, r-devel-windows-ix86+x86_64, r-patched-linux-x86_64, r-patched-solaris-sparc, r-patched-solaris-x86, r-release-linux-x86_64, r-release-osx-x86_64-mavericks, r-release-windows-ix86+x86_64, r-oldrel-windows-ix86+x86_64