CRAN Package Check Results for Package shinyAce

Last updated on 2018-06-23 16:46:59 CEST.

Flavor Version Tinstall Tcheck Ttotal Status Flags
r-devel-linux-x86_64-debian-clang 0.3.1 3.09 31.58 34.67 OK
r-devel-linux-x86_64-debian-gcc 0.3.1 2.28 25.15 27.43 OK
r-devel-linux-x86_64-fedora-clang 0.3.1 38.83 NOTE
r-devel-linux-x86_64-fedora-gcc 0.3.1 36.57 OK
r-devel-windows-ix86+x86_64 0.3.1 14.00 44.00 58.00 NOTE
r-patched-linux-x86_64 0.3.1 2.57 28.86 31.43 OK
r-patched-solaris-x86 0.3.1 58.80 NOTE
r-release-linux-x86_64 0.3.1 2.79 28.76 31.55 OK
r-release-windows-ix86+x86_64 0.3.1 17.00 67.00 84.00 NOTE
r-release-osx-x86_64 0.3.1 NOTE
r-oldrel-windows-ix86+x86_64 0.3.1 22.00 41.00 63.00 NOTE
r-oldrel-osx-x86_64 0.3.1 NOTE

Check Details

Version: 0.3.1
Check: installed package size
Result: NOTE
     installed size is 7.9Mb
     sub-directories of 1Mb or more:
     www 7.7Mb
Flavors: r-devel-linux-x86_64-fedora-clang, r-devel-windows-ix86+x86_64, r-patched-solaris-x86, r-release-windows-ix86+x86_64, r-release-osx-x86_64, r-oldrel-windows-ix86+x86_64, r-oldrel-osx-x86_64