CRAN Package Check Results for Package shinyAce

Last updated on 2017-06-28 23:55:40.

Flavor Version Tinstall Tcheck Ttotal Status Flags
r-devel-linux-x86_64-debian-clang 0.2.1 1.88 21.09 22.96 OK
r-devel-linux-x86_64-debian-gcc 0.2.1 1.65 20.01 21.66 OK
r-devel-linux-x86_64-fedora-clang 0.2.1 30.93 NOTE
r-devel-linux-x86_64-fedora-gcc 0.2.1 29.72 NOTE
r-devel-windows-ix86+x86_64 0.2.1 13.00 40.00 53.00 NOTE
r-patched-linux-x86_64 0.2.1 1.67 20.77 22.44 OK
r-patched-solaris-sparc 0.2.1 216.90 NOTE
r-patched-solaris-x86 0.2.1 49.30 NOTE
r-release-linux-x86_64 0.2.1 1.72 20.97 22.69 OK
r-release-windows-ix86+x86_64 0.2.1 22.00 36.00 58.00 NOTE
r-release-osx-x86_64 0.2.1 NOTE
r-oldrel-windows-ix86+x86_64 0.2.1 17.00 48.00 65.00 NOTE
r-oldrel-osx-x86_64 0.2.1 NOTE

Check Details

Version: 0.2.1
Check: installed package size
Result: NOTE
     installed size is 9.9Mb
     sub-directories of 1Mb or more:
     www 9.7Mb
Flavors: r-devel-linux-x86_64-fedora-clang, r-devel-linux-x86_64-fedora-gcc, r-devel-windows-ix86+x86_64, r-patched-solaris-sparc, r-patched-solaris-x86, r-release-windows-ix86+x86_64, r-release-osx-x86_64, r-oldrel-windows-ix86+x86_64, r-oldrel-osx-x86_64