CRAN Package Check Results for Package shinyAce

Last updated on 2016-08-25 23:48:31.

Flavor Version Tinstall Tcheck Ttotal Status Flags
r-devel-linux-x86_64-debian-clang 0.2.1 1.94 16.44 18.38 NOTE
r-devel-linux-x86_64-debian-gcc 0.2.1 1.56 17.04 18.61 NOTE
r-devel-linux-x86_64-fedora-clang 0.2.1 26.94 NOTE
r-devel-linux-x86_64-fedora-gcc 0.2.1 25.64 NOTE
r-devel-osx-x86_64-clang 0.2.1 26.75 NOTE
r-devel-windows-ix86+x86_64 0.2.1 20.00 73.00 93.00 NOTE
r-patched-linux-x86_64 0.2.1 1.62 16.35 17.97 NOTE
r-patched-solaris-sparc 0.2.1 202.60 NOTE
r-patched-solaris-x86 0.2.1 42.90 NOTE
r-release-linux-x86_64 0.2.1 1.71 16.79 18.51 NOTE
r-release-osx-x86_64-mavericks 0.2.1 NOTE
r-release-windows-ix86+x86_64 0.2.1 13.00 29.00 42.00 NOTE
r-oldrel-windows-ix86+x86_64 0.2.1 14.00 29.00 43.00 NOTE

Check Details

Version: 0.2.1
Check: installed package size
Result: NOTE
     installed size is 9.9Mb
     sub-directories of 1Mb or more:
     www 9.7Mb
Flavors: r-devel-linux-x86_64-debian-clang, r-devel-linux-x86_64-debian-gcc, r-devel-linux-x86_64-fedora-clang, r-devel-linux-x86_64-fedora-gcc, r-devel-osx-x86_64-clang, r-devel-windows-ix86+x86_64, r-patched-linux-x86_64, r-patched-solaris-sparc, r-patched-solaris-x86, r-release-linux-x86_64, r-release-osx-x86_64-mavericks, r-release-windows-ix86+x86_64, r-oldrel-windows-ix86+x86_64