CRAN Package Check Results for Package shinyAce

Last updated on 2017-10-19 11:47:52.

Flavor Version Tinstall Tcheck Ttotal Status Flags
r-devel-linux-x86_64-debian-clang 0.2.1 1.73 19.11 20.84 OK
r-devel-linux-x86_64-debian-gcc 0.2.1 2.10 19.87 21.96 OK
r-devel-linux-x86_64-fedora-clang 0.2.1 33.53 NOTE
r-devel-linux-x86_64-fedora-gcc 0.2.1 32.70 NOTE
r-devel-windows-ix86+x86_64 0.2.1 14.00 35.00 49.00 NOTE
r-patched-linux-x86_64 0.2.1 1.60 18.94 20.54 OK
r-patched-solaris-x86 0.2.1 55.90 NOTE
r-release-linux-x86_64 0.2.1 1.61 19.23 20.85 OK
r-release-windows-ix86+x86_64 0.2.1 18.00 39.00 57.00 NOTE
r-release-osx-x86_64 0.2.1 NOTE
r-oldrel-windows-ix86+x86_64 0.2.1 17.00 45.00 62.00 NOTE
r-oldrel-osx-x86_64 0.2.1 NOTE

Check Details

Version: 0.2.1
Check: installed package size
Result: NOTE
     installed size is 9.9Mb
     sub-directories of 1Mb or more:
     www 9.7Mb
Flavors: r-devel-linux-x86_64-fedora-clang, r-devel-linux-x86_64-fedora-gcc, r-devel-windows-ix86+x86_64, r-patched-solaris-x86, r-release-windows-ix86+x86_64, r-release-osx-x86_64, r-oldrel-windows-ix86+x86_64, r-oldrel-osx-x86_64