CRAN Package Check Results for Package shinyChakraUI

Last updated on 2021-11-29 03:53:21 CET.

Flavor Version Tinstall Tcheck Ttotal Status Flags
r-devel-linux-x86_64-debian-clang 1.0.0 OK
r-devel-linux-x86_64-debian-gcc 1.0.0 4.56 35.86 40.42 OK
r-devel-linux-x86_64-fedora-clang 1.0.0 68.90 NOTE
r-devel-linux-x86_64-fedora-gcc 1.0.0 57.54 OK
r-devel-windows-x86_64-new-UL 1.0.0 22.00 87.00 109.00 NOTE
r-devel-windows-x86_64-new-TK 1.0.0 OK
r-devel-windows-x86_64-old 1.0.0 11.00 79.00 90.00 NOTE
r-patched-linux-x86_64 1.0.0 6.99 40.93 47.92 OK
r-patched-solaris-x86 1.0.0 94.20 NOTE
r-release-linux-x86_64 1.0.0 7.34 41.71 49.05 OK
r-release-macos-arm64 1.0.0 NOTE
r-release-macos-x86_64 1.0.0 NOTE
r-release-windows-ix86+x86_64 1.0.0 15.00 48.00 63.00 NOTE
r-oldrel-macos-x86_64 1.0.0 NOTE
r-oldrel-windows-ix86+x86_64 1.0.0 13.00 71.00 84.00 NOTE

Check Details

Version: 1.0.0
Check: installed package size
Result: NOTE
     installed size is 16.9Mb
     sub-directories of 1Mb or more:
     www 16.5Mb
Flavors: r-devel-linux-x86_64-fedora-clang, r-devel-windows-x86_64-new-UL, r-devel-windows-x86_64-old, r-patched-solaris-x86, r-release-macos-arm64, r-release-macos-x86_64, r-release-windows-ix86+x86_64, r-oldrel-macos-x86_64, r-oldrel-windows-ix86+x86_64