CRAN Package Check Results for Package shinyCyJS

Last updated on 2023-02-07 21:54:29 CET.

Flavor Version Tinstall Tcheck Ttotal Status Flags
r-devel-linux-x86_64-debian-clang 0.0.11 3.07 29.51 32.58 NOTE
r-devel-linux-x86_64-debian-gcc 0.0.11 2.05 23.51 25.56 NOTE
r-devel-linux-x86_64-fedora-clang 0.0.11 41.97 NOTE
r-devel-linux-x86_64-fedora-gcc 0.0.11 40.08 NOTE
r-devel-windows-x86_64 0.0.11 6.00 61.00 67.00 NOTE
r-patched-linux-x86_64 0.0.11 2.30 29.91 32.21 NOTE
r-release-linux-x86_64 0.0.11 2.55 30.00 32.55 NOTE
r-release-macos-arm64 0.0.11 17.00 NOTE
r-release-macos-x86_64 0.0.11 25.00 NOTE
r-release-windows-x86_64 0.0.11 42.00 66.00 108.00 NOTE
r-oldrel-macos-arm64 0.0.11 23.00 NOTE
r-oldrel-macos-x86_64 0.0.11 30.00 NOTE
r-oldrel-windows-ix86+x86_64 0.0.11 9.00 56.00 65.00 NOTE

Check Details

Version: 0.0.11
Check: LazyData
Result: NOTE
     'LazyData' is specified without a 'data' directory
Flavors: r-devel-linux-x86_64-debian-clang, r-devel-linux-x86_64-debian-gcc, r-devel-linux-x86_64-fedora-clang, r-devel-linux-x86_64-fedora-gcc, r-devel-windows-x86_64, r-patched-linux-x86_64, r-release-linux-x86_64, r-release-macos-arm64, r-release-macos-x86_64, r-release-windows-x86_64, r-oldrel-macos-arm64, r-oldrel-macos-x86_64, r-oldrel-windows-ix86+x86_64