CRAN Package Check Results for Package shinyHeatmaply

Last updated on 2022-05-20 11:51:14 CEST.

Flavor Version Tinstall Tcheck Ttotal Status Flags
r-devel-linux-x86_64-debian-clang 0.2.0 9.78 85.70 95.48 NOTE
r-devel-linux-x86_64-debian-gcc 0.2.0 7.44 65.69 73.13 NOTE
r-devel-linux-x86_64-fedora-clang 0.2.0 111.19 NOTE
r-devel-linux-x86_64-fedora-gcc 0.2.0 110.37 NOTE
r-devel-windows-x86_64 0.2.0 20.00 112.00 132.00 NOTE
r-patched-linux-x86_64 0.2.0 6.42 82.48 88.90 NOTE
r-release-linux-x86_64 0.2.0 5.80 82.78 88.58 NOTE
r-release-macos-arm64 0.2.0 32.00 NOTE
r-release-macos-x86_64 0.2.0 56.00 NOTE
r-release-windows-x86_64 0.2.0 21.00 111.00 132.00 NOTE
r-oldrel-macos-arm64 0.2.0 40.00 NOTE
r-oldrel-macos-x86_64 0.2.0 60.00 NOTE
r-oldrel-windows-ix86+x86_64 0.2.0 23.00 101.00 124.00 NOTE

Check Details

Version: 0.2.0
Check: LazyData
Result: NOTE
     'LazyData' is specified without a 'data' directory
Flavors: r-devel-linux-x86_64-debian-clang, r-devel-linux-x86_64-debian-gcc, r-devel-linux-x86_64-fedora-clang, r-devel-linux-x86_64-fedora-gcc, r-devel-windows-x86_64, r-patched-linux-x86_64, r-release-linux-x86_64, r-release-macos-arm64, r-release-macos-x86_64, r-release-windows-x86_64, r-oldrel-macos-arm64, r-oldrel-macos-x86_64, r-oldrel-windows-ix86+x86_64