CRAN Package Check Results for Package shinyIRT

Last updated on 2022-05-24 07:52:33 CEST.

Flavor Version Tinstall Tcheck Ttotal Status Flags
r-devel-linux-x86_64-debian-clang 0.1 11.13 104.17 115.30 NOTE
r-devel-linux-x86_64-debian-gcc 0.1 10.22 79.96 90.18 NOTE
r-devel-linux-x86_64-fedora-clang 0.1 135.94 NOTE
r-devel-linux-x86_64-fedora-gcc 0.1 127.43 NOTE
r-devel-windows-x86_64 0.1 17.00 118.00 135.00 NOTE
r-patched-linux-x86_64 0.1 11.00 99.24 110.24 NOTE
r-release-linux-x86_64 0.1 NOTE
r-release-macos-arm64 0.1 37.00 NOTE
r-release-macos-x86_64 0.1 70.00 NOTE
r-release-windows-x86_64 0.1 16.00 119.00 135.00 NOTE
r-oldrel-macos-arm64 0.1 59.00 NOTE
r-oldrel-macos-x86_64 0.1 91.00 NOTE
r-oldrel-windows-ix86+x86_64 0.1 27.00 122.00 149.00 NOTE

Check Details

Version: 0.1
Check: LazyData
Result: NOTE
     'LazyData' is specified without a 'data' directory
Flavors: r-devel-linux-x86_64-debian-clang, r-devel-linux-x86_64-debian-gcc, r-devel-linux-x86_64-fedora-clang, r-devel-linux-x86_64-fedora-gcc, r-devel-windows-x86_64, r-patched-linux-x86_64, r-release-linux-x86_64, r-release-macos-arm64, r-release-macos-x86_64, r-release-windows-x86_64, r-oldrel-macos-arm64, r-oldrel-macos-x86_64, r-oldrel-windows-ix86+x86_64