Last updated on 2021-01-20 23:49:53 CET.
Flavor | Version | Tinstall | Tcheck | Ttotal | Status | Flags |
---|---|---|---|---|---|---|
r-devel-linux-x86_64-debian-clang | 1.0.0 | 14.22 | 104.32 | 118.54 | OK | |
r-devel-linux-x86_64-debian-gcc | 1.0.0 | 11.78 | 78.62 | 90.40 | OK | |
r-devel-linux-x86_64-fedora-clang | 1.0.0 | 146.08 | NOTE | |||
r-devel-linux-x86_64-fedora-gcc | 1.0.0 | 134.30 | NOTE | |||
r-devel-windows-ix86+x86_64 | 1.0.0 | 21.00 | 107.00 | 128.00 | OK | |
r-patched-linux-x86_64 | 1.0.0 | 14.52 | 95.30 | 109.82 | OK | |
r-patched-solaris-x86 | 1.0.0 | 196.20 | NOTE | |||
r-release-linux-x86_64 | 1.0.0 | 13.02 | 95.36 | 108.38 | OK | |
r-release-macos-x86_64 | 1.0.0 | NOTE | ||||
r-release-windows-ix86+x86_64 | 1.0.0 | 25.00 | 130.00 | 155.00 | OK | |
r-oldrel-macos-x86_64 | 1.0.0 | NOTE | ||||
r-oldrel-windows-ix86+x86_64 | 1.0.0 | 20.00 | 88.00 | 108.00 | OK |
Version: 1.0.0
Check: dependencies in R code
Result: NOTE
Namespaces in Imports field not imported from:
‘lifecycle’ ‘shinydashboard’
All declared Imports should be used.
Flavors: r-devel-linux-x86_64-fedora-clang, r-devel-linux-x86_64-fedora-gcc, r-patched-solaris-x86, r-release-macos-x86_64, r-oldrel-macos-x86_64