CRAN Package Check Results for Package shinyNORRRM

Last updated on 2022-09-29 02:49:53 CEST.

Flavor Version Tinstall Tcheck Ttotal Status Flags
r-devel-linux-x86_64-debian-clang 0.8.6 8.20 62.79 70.99 OK
r-devel-linux-x86_64-debian-gcc 0.8.6 7.62 47.77 55.39 OK
r-devel-linux-x86_64-fedora-clang 0.8.6 108.17 NOTE
r-devel-linux-x86_64-fedora-gcc 0.8.6 95.78 NOTE
r-devel-windows-x86_64 0.8.6 25.00 87.00 112.00 OK
r-patched-linux-x86_64 0.8.6 6.22 61.24 67.46 OK
r-release-linux-x86_64 0.8.6 7.27 60.47 67.74 OK
r-release-macos-arm64 0.8.6 31.00 NOTE
r-release-macos-x86_64 0.8.6 41.00 NOTE
r-release-windows-x86_64 0.8.6 32.00 93.00 125.00 OK

Check Details

Version: 0.8.6
Check: data for non-ASCII characters
Result: NOTE
     Note: found 2 marked UTF-8 strings
Flavors: r-devel-linux-x86_64-fedora-clang, r-devel-linux-x86_64-fedora-gcc, r-release-macos-arm64, r-release-macos-x86_64