CRAN Package Check Results for Package shinyRGL

Last updated on 2014-04-23 17:47:54.

Flavor Version Tinstall Tcheck Ttotal Status Flags
r-devel-linux-x86_64-debian-clang 0.1.0 1.53 21.04 22.57 OK
r-devel-linux-x86_64-debian-gcc 0.1.0 1.54 21.14 22.68 OK
r-devel-linux-x86_64-fedora-clang 0.1.0 41.49 OK
r-devel-linux-x86_64-fedora-gcc 0.1.0 40.55 OK
r-devel-osx-x86_64-clang 0.1.0 43.06 OK
r-devel-osx-x86_64-gcc 0.1.0 OK
r-devel-windows-ix86+x86_64 0.1.0 6.00 34.00 40.00 OK
r-patched-linux-x86_64 0.1.0 1.66 20.66 22.32 OK
r-patched-solaris-sparc 0.1.0 315.00 OK
r-patched-solaris-x86 0.1.0 57.00 OK
r-release-linux-ix86 0.1.0 3.00 39.00 42.00 OK
r-release-linux-x86_64 0.1.0 1.56 20.70 22.26 OK
r-release-osx-x86_64-mavericks 0.1.0 WARN
r-release-osx-x86_64-snowleopard 0.1.0 OK
r-release-windows-ix86+x86_64 0.1.0 6.00 34.00 40.00 OK
r-oldrel-windows-ix86+x86_64 0.1.0 6.00 37.00 43.00 OK

Check Details

Version: 0.1.0
Check: PDF version of manual
Result: WARNING
    LaTeX errors when creating PDF version.
    This typically indicates Rd problems.
    LaTeX errors found:
    ! LaTeX Error: File `upquote.sty' not found.
    
    Type X to quit or <RETURN> to proceed,
    or enter new name. (Default extension: sty)
    
    79332ae6/Rd2.tex:8: ==> Fatal error occurred, no output PDF file produced!
Flavor: r-release-osx-x86_64-mavericks