CRAN Package Check Results for Package shinyRGL

Last updated on 2017-01-17 19:50:07.

Flavor Version Tinstall Tcheck Ttotal Status Flags
r-devel-linux-x86_64-debian-clang 0.1.0 1.10 15.74 16.84 OK
r-devel-linux-x86_64-debian-gcc 0.1.0 1.22 15.87 17.09 OK
r-devel-linux-x86_64-fedora-clang 0.1.0 30.10 OK --no-stop-on-test-error
r-devel-linux-x86_64-fedora-gcc 0.1.0 29.28 OK --no-stop-on-test-error
r-devel-macos-x86_64-clang 0.1.0 25.66 OK --no-stop-on-test-error
r-devel-windows-ix86+x86_64 0.1.0 8.00 38.00 46.00 OK
r-patched-linux-x86_64 0.1.0 1.00 14.09 15.09 OK
r-patched-solaris-sparc 0.1.0 159.10 OK
r-patched-solaris-x86 0.1.0 37.50 OK
r-release-linux-x86_64 0.1.0 1.14 14.16 15.29 OK
r-release-osx-x86_64-mavericks 0.1.0 WARN
r-release-windows-ix86+x86_64 0.1.0 4.00 37.00 41.00 OK
r-oldrel-windows-ix86+x86_64 0.1.0 4.00 48.00 52.00 OK

Check Details

Version: 0.1.0
Check: whether package can be installed
Result: WARN
    Found the following significant warnings:
     Warning: 'rgl_init' failed, running with rgl.useNULL = TRUE
Flavor: r-release-osx-x86_64-mavericks

Version: 0.1.0
Check: dependencies in R code
Result: NOTE
    Invalid MIT-MAGIC-COOKIE-1 key
Flavor: r-release-osx-x86_64-mavericks

Version: 0.1.0
Check: S3 generic/method consistency
Result: WARN
    Invalid MIT-MAGIC-COOKIE-1 key
    See section ‘Generic functions and methods’ in the ‘Writing R
    Extensions’ manual.
Flavor: r-release-osx-x86_64-mavericks

Version: 0.1.0
Check: replacement functions
Result: WARN
    Invalid MIT-MAGIC-COOKIE-1 key
    The argument of a replacement function which corresponds to the right
    hand side must be named ‘value’.
Flavor: r-release-osx-x86_64-mavericks

Version: 0.1.0
Check: foreign function calls
Result: NOTE
    Invalid MIT-MAGIC-COOKIE-1 key
    See chapter ‘System and foreign language interfaces’ in the ‘Writing R
    Extensions’ manual.
Flavor: r-release-osx-x86_64-mavericks

Version: 0.1.0
Check: R code for possible problems
Result: NOTE
    Invalid MIT-MAGIC-COOKIE-1 key
Flavor: r-release-osx-x86_64-mavericks

Version: 0.1.0
Check: for missing documentation entries
Result: WARN
    Invalid MIT-MAGIC-COOKIE-1 key
    All user-level objects in a package should have documentation entries.
    See chapter ‘Writing R documentation files’ in the ‘Writing R
    Extensions’ manual.
Flavor: r-release-osx-x86_64-mavericks

Version: 0.1.0
Check: for code/documentation mismatches
Result: WARN
    Invalid MIT-MAGIC-COOKIE-1 key
    Invalid MIT-MAGIC-COOKIE-1 key
    Invalid MIT-MAGIC-COOKIE-1 key
Flavor: r-release-osx-x86_64-mavericks

Version: 0.1.0
Check: Rd \usage sections
Result: NOTE
    Invalid MIT-MAGIC-COOKIE-1 key
    The \usage entries for S3 methods should use the \method markup and not
    their full name.
    See chapter ‘Writing R documentation files’ in the ‘Writing R
    Extensions’ manual.
Flavor: r-release-osx-x86_64-mavericks