CRAN Package Check Results for Package shinyaframe

Last updated on 2019-03-23 15:48:21 CET.

Flavor Version Tinstall Tcheck Ttotal Status Flags
r-devel-linux-x86_64-debian-clang 1.0.1 1.86 20.18 22.04 OK
r-devel-linux-x86_64-debian-gcc 1.0.1 1.21 16.55 17.76 OK
r-devel-linux-x86_64-fedora-clang 1.0.1 27.38 NOTE
r-devel-linux-x86_64-fedora-gcc 1.0.1 25.33 NOTE
r-devel-windows-ix86+x86_64 1.0.1 6.00 48.00 54.00 OK
r-patched-linux-x86_64 1.0.1 1.03 18.83 19.86 OK
r-patched-solaris-x86 1.0.1 37.80 NOTE
r-release-linux-x86_64 1.0.1 0.41 2.17 2.58 ERROR
r-release-windows-ix86+x86_64 1.0.1 3.00 33.00 36.00 OK
r-release-osx-x86_64 1.0.1 NOTE
r-oldrel-windows-ix86+x86_64 1.0.1 4.00 46.00 50.00 OK
r-oldrel-osx-x86_64 1.0.1 NOTE

Check Details

Version: 1.0.1
Check: dependencies in R code
Result: NOTE
    Namespace in Imports field not imported from: ‘shiny’
     All declared Imports should be used.
Flavors: r-devel-linux-x86_64-fedora-clang, r-devel-linux-x86_64-fedora-gcc, r-patched-solaris-x86, r-release-osx-x86_64, r-oldrel-osx-x86_64

Version: 1.0.1
Check: whether package can be installed
Result: ERROR
    Installation failed.
Flavor: r-release-linux-x86_64