CRAN Package Check Results for Package shinyaframe

Last updated on 2019-06-25 19:49:59 CEST.

Flavor Version Tinstall Tcheck Ttotal Status Flags
r-devel-linux-x86_64-debian-clang 1.0.1 1.57 20.02 21.59 OK
r-devel-linux-x86_64-debian-gcc 1.0.1 1.40 16.48 17.88 OK
r-devel-linux-x86_64-fedora-clang 1.0.1 26.93 NOTE
r-devel-linux-x86_64-fedora-gcc 1.0.1 25.54 NOTE
r-devel-windows-ix86+x86_64 1.0.1 11.00 35.00 46.00 OK
r-patched-linux-x86_64 1.0.1 1.84 19.92 21.76 OK
r-patched-solaris-x86 1.0.1 43.00 NOTE
r-release-linux-x86_64 1.0.1 1.72 20.16 21.88 OK
r-release-windows-ix86+x86_64 1.0.1 5.00 45.00 50.00 OK
r-release-osx-x86_64 1.0.1 NOTE
r-oldrel-windows-ix86+x86_64 1.0.1 3.00 35.00 38.00 OK
r-oldrel-osx-x86_64 1.0.1 NOTE

Check Details

Version: 1.0.1
Check: dependencies in R code
Result: NOTE
    Namespace in Imports field not imported from: ‘shiny’
     All declared Imports should be used.
Flavors: r-devel-linux-x86_64-fedora-clang, r-devel-linux-x86_64-fedora-gcc, r-patched-solaris-x86, r-release-osx-x86_64, r-oldrel-osx-x86_64