CRAN Package Check Results for Package shinyaframe

Last updated on 2019-01-16 00:46:47 CET.

Flavor Version Tinstall Tcheck Ttotal Status Flags
r-devel-linux-x86_64-debian-clang 1.0.1 1.05 20.76 21.81 OK
r-devel-linux-x86_64-debian-gcc 1.0.1 0.77 16.42 17.19 OK
r-devel-linux-x86_64-fedora-clang 1.0.1 25.82 NOTE
r-devel-linux-x86_64-fedora-gcc 1.0.1 25.09 NOTE
r-devel-windows-ix86+x86_64 1.0.1 3.00 33.00 36.00 OK
r-patched-linux-x86_64 1.0.1 1.01 18.76 19.77 OK
r-patched-solaris-x86 1.0.1 38.50 NOTE
r-release-linux-x86_64 1.0.1 1.08 19.06 20.14 OK
r-release-windows-ix86+x86_64 1.0.1 4.00 33.00 37.00 OK
r-release-osx-x86_64 1.0.1 NOTE
r-oldrel-windows-ix86+x86_64 1.0.1 3.00 35.00 38.00 OK
r-oldrel-osx-x86_64 1.0.1 NOTE

Check Details

Version: 1.0.1
Check: dependencies in R code
Result: NOTE
    Namespace in Imports field not imported from: ‘shiny’
     All declared Imports should be used.
Flavors: r-devel-linux-x86_64-fedora-clang, r-devel-linux-x86_64-fedora-gcc, r-patched-solaris-x86, r-release-osx-x86_64, r-oldrel-osx-x86_64