CRAN Package Check Results for Package shinydashboard

Last updated on 2019-03-23 16:48:21 CET.

Flavor Version Tinstall Tcheck Ttotal Status Flags
r-devel-linux-x86_64-debian-clang 0.7.1 2.88 27.62 30.50 OK
r-devel-linux-x86_64-debian-gcc 0.7.1 2.59 21.74 24.33 OK
r-devel-linux-x86_64-fedora-clang 0.7.1 37.09 OK
r-devel-linux-x86_64-fedora-gcc 0.7.1 34.99 OK
r-devel-windows-ix86+x86_64 0.7.1 15.00 43.00 58.00 OK
r-patched-linux-x86_64 0.7.1 2.48 25.73 28.21 OK
r-patched-solaris-x86 0.7.1 54.00 OK
r-release-linux-x86_64 0.7.1 0.44 2.30 2.74 ERROR
r-release-windows-ix86+x86_64 0.7.1 6.00 40.00 46.00 OK
r-release-osx-x86_64 0.7.1 OK
r-oldrel-windows-ix86+x86_64 0.7.1 7.00 60.00 67.00 OK
r-oldrel-osx-x86_64 0.7.1 OK

Check Details

Version: 0.7.1
Check: whether package can be installed
Result: ERROR
    Installation failed.
Flavor: r-release-linux-x86_64