Last updated on 2021-02-24 17:50:01 CET.
Flavor | Version | Tinstall | Tcheck | Ttotal | Status | Flags |
---|---|---|---|---|---|---|
r-devel-linux-x86_64-debian-clang | 2.0.0 | 2.87 | 32.89 | 35.76 | OK | |
r-devel-linux-x86_64-debian-gcc | 2.0.0 | 2.30 | 26.17 | 28.47 | OK | |
r-devel-linux-x86_64-fedora-gcc | 2.0.0 | 43.53 | NOTE | |||
r-devel-windows-ix86+x86_64 | 2.0.0 | 6.00 | 46.00 | 52.00 | OK | |
r-patched-linux-x86_64 | 2.0.0 | 2.68 | 32.24 | 34.92 | OK | |
r-patched-solaris-x86 | 2.0.0 | 61.20 | NOTE | |||
r-release-linux-x86_64 | 2.0.0 | 2.67 | 32.24 | 34.91 | OK | |
r-release-macos-x86_64 | 2.0.0 | NOTE | ||||
r-release-windows-ix86+x86_64 | 2.0.0 | 9.00 | 56.00 | 65.00 | OK | |
r-oldrel-macos-x86_64 | 2.0.0 | NOTE | ||||
r-oldrel-windows-ix86+x86_64 | 2.0.0 | 4.00 | 54.00 | 58.00 | OK |
Version: 2.0.0
Check: dependencies in R code
Result: NOTE
Namespace in Imports field not imported from: ‘htmltools’
All declared Imports should be used.
Flavors: r-devel-linux-x86_64-fedora-gcc, r-patched-solaris-x86, r-release-macos-x86_64, r-oldrel-macos-x86_64