CRAN Package Check Results for Package shinymanager

Last updated on 2022-11-28 05:52:36 CET.

Flavor Version Tinstall Tcheck Ttotal Status Flags
r-devel-linux-x86_64-debian-clang 1.0.410 12.37 90.67 103.04 OK
r-devel-linux-x86_64-debian-gcc 1.0.410 10.60 71.18 81.78 OK
r-devel-linux-x86_64-fedora-clang 1.0.410 148.43 OK
r-devel-linux-x86_64-fedora-gcc 1.0.410 145.97 OK
r-devel-windows-x86_64 1.0.410 67.00 123.00 190.00 OK
r-patched-linux-x86_64 1.0.410 10.91 87.87 98.78 OK
r-release-linux-x86_64 1.0.410 10.77 88.39 99.16 OK
r-release-macos-arm64 1.0.410 42.00 OK
r-release-macos-x86_64 1.0.410 7.00 ERROR
r-release-windows-x86_64 1.0.410 68.00 123.00 191.00 OK
r-oldrel-macos-arm64 1.0.410 45.00 OK
r-oldrel-macos-x86_64 1.0.410 60.00 OK
r-oldrel-windows-ix86+x86_64 1.0.410 28.00 113.00 141.00 OK

Check Details

Version: 1.0.410
Check: package dependencies
Result: ERROR
    Package required but not available: ‘scrypt’
    
    See section ‘The DESCRIPTION file’ in the ‘Writing R Extensions’
    manual.
Flavor: r-release-macos-x86_64