CRAN Package Check Results for Package shinyobjects

Last updated on 2022-08-08 08:51:05 CEST.

Flavor Version Tinstall Tcheck Ttotal Status Flags
r-devel-linux-x86_64-debian-clang 0.2.0 7.57 82.94 90.51 NOTE
r-devel-linux-x86_64-debian-gcc 0.2.0 6.68 61.03 67.71 NOTE
r-devel-linux-x86_64-fedora-clang 0.2.0 116.12 NOTE
r-devel-linux-x86_64-fedora-gcc 0.2.0 123.64 NOTE
r-devel-windows-x86_64 0.2.0 31.00 112.00 143.00 NOTE
r-patched-linux-x86_64 0.2.0 5.38 76.55 81.93 NOTE
r-release-linux-x86_64 0.2.0 NOTE
r-release-macos-arm64 0.2.0 33.00 NOTE
r-release-macos-x86_64 0.2.0 64.00 NOTE
r-release-windows-x86_64 0.2.0 34.00 115.00 149.00 NOTE
r-oldrel-macos-arm64 0.2.0 32.00 NOTE
r-oldrel-macos-x86_64 0.2.0 58.00 NOTE
r-oldrel-windows-ix86+x86_64 0.2.0 23.00 113.00 136.00 NOTE

Check Details

Version: 0.2.0
Check: LazyData
Result: NOTE
     'LazyData' is specified without a 'data' directory
Flavors: r-devel-linux-x86_64-debian-clang, r-devel-linux-x86_64-debian-gcc, r-devel-linux-x86_64-fedora-clang, r-devel-linux-x86_64-fedora-gcc, r-devel-windows-x86_64, r-patched-linux-x86_64, r-release-linux-x86_64, r-release-macos-arm64, r-release-macos-x86_64, r-release-windows-x86_64, r-oldrel-macos-arm64, r-oldrel-macos-x86_64, r-oldrel-windows-ix86+x86_64

Version: 0.2.0
Check: dependencies in R code
Result: NOTE
    Namespace in Imports field not imported from: ‘purrr’
     All declared Imports should be used.
Flavors: r-devel-linux-x86_64-fedora-clang, r-devel-linux-x86_64-fedora-gcc, r-release-macos-arm64, r-release-macos-x86_64, r-oldrel-macos-arm64, r-oldrel-macos-x86_64