CRAN Package Check Results for Package shinystan

Last updated on 2017-11-25 07:51:59 CET.

Flavor Version Tinstall Tcheck Ttotal Status Flags
r-devel-linux-x86_64-debian-clang 2.4.0 3.58 112.00 115.58 OK
r-devel-linux-x86_64-debian-gcc 2.4.0 4.02 99.64 103.67 OK
r-devel-linux-x86_64-fedora-clang 2.4.0 94.05 OK
r-devel-linux-x86_64-fedora-gcc 2.4.0 90.01 OK
r-devel-windows-ix86+x86_64 2.4.0 11.00 105.00 116.00 OK
r-patched-linux-x86_64 2.4.0 4.21 118.80 123.00 OK
r-patched-solaris-x86 2.4.0 147.10 OK
r-release-linux-x86_64 2.4.0 4.26 120.12 124.39 OK
r-release-windows-ix86+x86_64 2.4.0 12.00 92.00 104.00 OK
r-release-osx-x86_64 2.4.0 ERROR
r-oldrel-windows-ix86+x86_64 2.4.0 11.00 91.00 102.00 OK
r-oldrel-osx-x86_64 2.4.0 OK

Check Details

Version: 2.4.0
Check: tests
Result: ERROR
     Running ‘testthat.R’ [5s/5s]
    Running the tests in ‘tests/testthat.R’ failed.
    Last 13 lines of output:
    
     The following object is masked from 'package:rstan':
    
     traceplot
    
     Error in new_CppObject_xp(fields$.module, fields$.pointer, ...) :
     c++ exception (unknown reason)
     trying deprecated constructor; please alert package maintainer
     error occurred during calling the sampler; sampling not done
     Error in check_stanfit(stanfit) :
     Invalid stanfit object produced please report bug
     Calls: test_check ... with_reporter -> force -> source_file -> eval -> eval
     testthat results ================================================================
     OK: 0 SKIPPED: 0 FAILED: 0
     Execution halted
Flavor: r-release-osx-x86_64