CRAN Package Check Results for Package shinystan

Last updated on 2017-05-28 17:49:37.

Flavor Version Tinstall Tcheck Ttotal Status Flags
r-devel-linux-x86_64-debian-clang 2.3.0 4.84 71.16 76.00 OK
r-devel-linux-x86_64-debian-gcc 2.3.0 4.96 72.47 77.43 OK
r-devel-linux-x86_64-fedora-clang 2.3.0 152.09 OK
r-devel-linux-x86_64-fedora-gcc 2.3.0 144.47 OK
r-devel-windows-ix86+x86_64 2.3.0 15.00 153.00 168.00 OK
r-patched-linux-x86_64 2.3.0 5.22 71.03 76.25 OK
r-patched-solaris-sparc 2.3.0 1458.20 OK
r-patched-solaris-x86 2.3.0 206.10 OK
r-release-linux-x86_64 2.3.0 4.86 71.96 76.82 OK
r-release-windows-ix86+x86_64 2.3.0 22.00 157.00 179.00 OK
r-release-osx-x86_64 2.3.0 ERROR
r-oldrel-windows-ix86+x86_64 2.3.0 18.00 110.00 128.00 OK
r-oldrel-osx-x86_64 2.3.0 OK

Check Details

Version: 2.3.0
Check: package dependencies
Result: NOTE
    Package suggested but not available for checking: ‘rstanarm’
Flavor: r-release-osx-x86_64

Version: 2.3.0
Check: Rd cross-references
Result: NOTE
    Package unavailable to check Rd xrefs: ‘rstanarm’
Flavor: r-release-osx-x86_64

Version: 2.3.0
Check: tests
Result: ERROR
     Running ‘testthat.R’ [3s/3s]
    Running the tests in ‘tests/testthat.R’ failed.
    Complete output:
     > library(testthat)
     > library(shinystan)
     Loading required package: shiny
    
     This is shinystan version 2.3.0
    
     >
     > test_check("shinystan")
     Error in library(rstanarm) : there is no package called 'rstanarm'
     Calls: test_check ... suppressPackageStartupMessages -> withCallingHandlers -> library
     testthat results ================================================================
     OK: 0 SKIPPED: 0 FAILED: 0
     Execution halted
Flavor: r-release-osx-x86_64