CRAN Package Check Results for Package shinystan

Last updated on 2017-07-27 14:47:29.

Flavor Version Tinstall Tcheck Ttotal Status Flags
r-devel-linux-x86_64-debian-clang 2.3.0 4.50 77.09 81.60 OK
r-devel-linux-x86_64-debian-gcc 2.3.0 4.40 70.79 75.18 OK
r-devel-linux-x86_64-fedora-clang 2.3.0 149.11 OK
r-devel-linux-x86_64-fedora-gcc 2.3.0 157.78 OK
r-devel-windows-ix86+x86_64 2.3.0 20.00 158.00 178.00 OK
r-patched-linux-x86_64 2.3.0 4.38 71.89 76.27 OK
r-patched-solaris-x86 2.3.0 211.60 OK
r-release-linux-x86_64 2.3.0 4.74 71.99 76.74 OK
r-release-windows-ix86+x86_64 2.3.0 25.00 159.00 184.00 OK
r-release-osx-x86_64 2.3.0 ERROR
r-oldrel-windows-ix86+x86_64 2.3.0 12.00 105.00 117.00 OK
r-oldrel-osx-x86_64 2.3.0 OK

Check Details

Version: 2.3.0
Check: package dependencies
Result: NOTE
    Package suggested but not available for checking: ‘rstanarm’
Flavor: r-release-osx-x86_64

Version: 2.3.0
Check: Rd cross-references
Result: NOTE
    Package unavailable to check Rd xrefs: ‘rstanarm’
Flavor: r-release-osx-x86_64

Version: 2.3.0
Check: tests
Result: ERROR
     Running ‘testthat.R’ [3s/3s]
    Running the tests in ‘tests/testthat.R’ failed.
    Complete output:
     > library(testthat)
     > library(shinystan)
     Loading required package: shiny
    
     This is shinystan version 2.3.0
    
     >
     > test_check("shinystan")
     Error in library(rstanarm) : there is no package called 'rstanarm'
     Calls: test_check ... suppressPackageStartupMessages -> withCallingHandlers -> library
     testthat results ================================================================
     OK: 0 SKIPPED: 0 FAILED: 0
     Execution halted
Flavor: r-release-osx-x86_64