CRAN Package Check Results for Package shotGroups

Last updated on 2016-10-01 10:47:54.

Flavor Version Tinstall Tcheck Ttotal Status Flags
r-devel-linux-x86_64-debian-clang 0.7.2 3.97 107.44 111.41 OK
r-devel-linux-x86_64-debian-gcc 0.7.2 3.69 104.65 108.33 OK
r-devel-linux-x86_64-fedora-clang 0.7.2 207.30 OK
r-devel-linux-x86_64-fedora-gcc 0.7.2 186.12 OK
r-devel-macos-x86_64-clang 0.7.2 139.85 OK
r-devel-windows-ix86+x86_64 0.7.2 18.00 207.00 225.00 OK
r-patched-linux-x86_64 0.7.2 3.62 102.43 106.05 OK
r-patched-solaris-sparc 0.7.2 1064.50 OK
r-patched-solaris-x86 0.7.2 234.80 OK
r-release-linux-x86_64 0.7.2 3.53 103.01 106.54 OK
r-release-osx-x86_64-mavericks 0.7.2 OK
r-release-windows-ix86+x86_64 0.7.2 10.00 157.00 167.00 OK
r-oldrel-windows-ix86+x86_64 0.7.2 7.00 2.00 9.00 ERROR

Check Details

Version: 0.7.2
Check: package dependencies
Result: ERROR
    Package required and available but unsuitable version: 'CompQuadForm'
    
    See section 'The DESCRIPTION file' in the 'Writing R Extensions'
    manual.
Flavor: r-oldrel-windows-ix86+x86_64