CRAN Package Check Results for Package shotGroups

Last updated on 2017-02-20 16:47:39.

Flavor Version Tinstall Tcheck Ttotal Status Flags
r-devel-linux-x86_64-debian-clang 0.7.3 3.90 110.93 114.83 OK
r-devel-linux-x86_64-debian-gcc 0.7.3 3.99 108.89 112.88 OK
r-devel-linux-x86_64-fedora-clang 0.7.3 218.30 OK --no-stop-on-test-error
r-devel-linux-x86_64-fedora-gcc 0.7.3 215.48 OK --no-stop-on-test-error
r-devel-macos-x86_64-clang 0.7.3 165.28 OK --no-stop-on-test-error
r-devel-windows-ix86+x86_64 0.7.3 23.00 182.00 205.00 OK
r-patched-linux-x86_64 0.7.3 3.71 102.24 105.94 OK
r-patched-solaris-sparc 0.7.3 1089.20 OK
r-patched-solaris-x86 0.7.3 241.70 OK
r-release-linux-x86_64 0.7.3 3.94 98.69 102.63 OK
r-release-osx-x86_64-mavericks 0.7.3 OK
r-release-windows-ix86+x86_64 0.7.3 11.00 158.00 169.00 OK
r-oldrel-windows-ix86+x86_64 0.7.3 5.00 2.00 7.00 ERROR

Check Details

Version: 0.7.3
Check: package dependencies
Result: ERROR
    Package required and available but unsuitable version: 'CompQuadForm'
    
    See section 'The DESCRIPTION file' in the 'Writing R Extensions'
    manual.
Flavor: r-oldrel-windows-ix86+x86_64