CRAN Package Check Results for Package shotGroups

Last updated on 2015-08-30 09:47:42.

Flavor Version Tinstall Tcheck Ttotal Status Flags
r-devel-linux-x86_64-debian-clang 0.6 2.61 77.83 80.44 NOTE
r-devel-linux-x86_64-debian-gcc 0.6 2.56 78.31 80.88 NOTE
r-devel-linux-x86_64-fedora-clang 0.6 150.19 NOTE
r-devel-linux-x86_64-fedora-gcc 0.6 141.79 NOTE
r-devel-osx-x86_64-clang 0.6 113.77 OK
r-devel-windows-ix86+x86_64 0.6 17.00 122.00 139.00 NOTE
r-patched-linux-x86_64 0.6 2.76 78.40 81.15 OK
r-patched-solaris-sparc 0.6 900.20 OK
r-patched-solaris-x86 0.6 190.20 OK
r-release-linux-x86_64 0.6 2.86 80.62 83.48 OK
r-release-osx-x86_64-mavericks 0.6 OK
r-release-windows-ix86+x86_64 0.6 13.00 124.00 137.00 OK
r-oldrel-windows-ix86+x86_64 0.6 38.00 208.00 246.00 OK

Check Details

Version: 0.6
Check: R code for possible problems
Result: NOTE
    getHoytParam.list: no visible binding for global variable ‘head’
    getHoytParam.list: no visible binding for global variable ‘tail’
    getUnits: no visible binding for global variable ‘head’
    getUnits: no visible binding for global variable ‘tail’
    Undefined global functions or variables:
     head tail
    Consider adding
     importFrom("utils", "head", "tail")
    to your NAMESPACE.
Flavors: r-devel-linux-x86_64-debian-clang, r-devel-linux-x86_64-debian-gcc, r-devel-linux-x86_64-fedora-clang, r-devel-linux-x86_64-fedora-gcc

Version: 0.6
Check: R code for possible problems
Result: NOTE
    getFileNames: no visible binding for global variable 'Filters'
    getFileNames: no visible global function definition for 'choose.files'
    getHoytParam.list: no visible binding for global variable 'head'
    getHoytParam.list: no visible binding for global variable 'tail'
    getUnits: no visible binding for global variable 'head'
    getUnits: no visible binding for global variable 'tail'
    Undefined global functions or variables:
     Filters choose.files head tail
    Consider adding
     importFrom("utils", "Filters", "choose.files", "head", "tail")
    to your NAMESPACE.
Flavor: r-devel-windows-ix86+x86_64