CRAN Package Check Results for Package shotGroups

Last updated on 2016-12-04 12:48:07.

Flavor Version Tinstall Tcheck Ttotal Status Flags
r-devel-linux-x86_64-debian-clang 0.7.2 3.76 114.20 117.96 OK
r-devel-linux-x86_64-debian-gcc 0.7.2 3.76 112.11 115.88 OK
r-devel-linux-x86_64-fedora-clang 0.7.2 221.33 OK --no-stop-on-test-error
r-devel-linux-x86_64-fedora-gcc 0.7.2 222.80 OK --no-stop-on-test-error
r-devel-macos-x86_64-clang 0.7.2 161.88 OK --no-stop-on-test-error
r-devel-windows-ix86+x86_64 0.7.2 11.00 168.00 179.00 OK
r-patched-linux-x86_64 0.7.2 3.60 102.08 105.68 OK
r-patched-solaris-sparc 0.7.2 1064.50 OK
r-patched-solaris-x86 0.7.2 234.90 OK
r-release-linux-x86_64 0.7.2 3.62 102.37 105.99 OK
r-release-osx-x86_64-mavericks 0.7.2 OK
r-release-windows-ix86+x86_64 0.7.2 16.00 162.00 178.00 OK
r-oldrel-windows-ix86+x86_64 0.7.2 5.00 2.00 7.00 ERROR

Check Details

Version: 0.7.2
Check: package dependencies
Result: ERROR
    Package required and available but unsuitable version: 'CompQuadForm'
    
    See section 'The DESCRIPTION file' in the 'Writing R Extensions'
    manual.
Flavor: r-oldrel-windows-ix86+x86_64