CRAN Package Check Results for Package shotGroups

Last updated on 2015-07-31 08:50:15.

Flavor Version Tinstall Tcheck Ttotal Status Flags
r-devel-linux-x86_64-debian-clang 0.6 2.64 79.79 82.43 NOTE
r-devel-linux-x86_64-debian-gcc 0.6 2.79 78.42 81.20 NOTE
r-devel-linux-x86_64-fedora-clang 0.6 148.41 NOTE
r-devel-linux-x86_64-fedora-gcc 0.6 141.17 NOTE
r-devel-osx-x86_64-clang 0.6 123.42 OK
r-devel-windows-ix86+x86_64 0.6 12.00 108.00 120.00 NOTE
r-patched-linux-x86_64 0.6 2.80 77.68 80.48 OK
r-patched-solaris-sparc 0.6 900.20 OK
r-patched-solaris-x86 0.6 188.00 OK
r-release-linux-x86_64 0.6 2.75 78.82 81.57 OK
r-release-osx-x86_64-mavericks 0.6 OK
r-release-windows-ix86+x86_64 0.6 16.00 116.00 132.00 OK
r-oldrel-windows-ix86+x86_64 0.6 23.00 189.00 212.00 OK

Check Details

Version: 0.6
Check: R code for possible problems
Result: NOTE
    getHoytParam.list: no visible binding for global variable ‘head’
    getHoytParam.list: no visible binding for global variable ‘tail’
    getUnits: no visible binding for global variable ‘head’
    getUnits: no visible binding for global variable ‘tail’
    Undefined global functions or variables:
     head tail
    Consider adding
     importFrom("utils", "head", "tail")
    to your NAMESPACE.
Flavors: r-devel-linux-x86_64-debian-clang, r-devel-linux-x86_64-debian-gcc, r-devel-linux-x86_64-fedora-clang, r-devel-linux-x86_64-fedora-gcc

Version: 0.6
Check: R code for possible problems
Result: NOTE
    getFileNames: no visible binding for global variable 'Filters'
    getFileNames: no visible global function definition for 'choose.files'
    getHoytParam.list: no visible binding for global variable 'head'
    getHoytParam.list: no visible binding for global variable 'tail'
    getUnits: no visible binding for global variable 'head'
    getUnits: no visible binding for global variable 'tail'
    Undefined global functions or variables:
     Filters choose.files head tail
    Consider adding
     importFrom("utils", "Filters", "choose.files", "head", "tail")
    to your NAMESPACE.
Flavor: r-devel-windows-ix86+x86_64