CRAN Package Check Results for Package shotGroups

Last updated on 2017-03-26 21:48:14.

Flavor Version Tinstall Tcheck Ttotal Status Flags
r-devel-linux-x86_64-debian-clang 0.7.3 3.91 110.14 114.06 OK
r-devel-linux-x86_64-debian-gcc 0.7.3 4.02 109.14 113.16 OK
r-devel-linux-x86_64-fedora-clang 0.7.3 225.47 OK --no-stop-on-test-error
r-devel-linux-x86_64-fedora-gcc 0.7.3 214.47 OK --no-stop-on-test-error
r-devel-macos-x86_64-clang 0.7.3 160.32 OK --no-stop-on-test-error
r-patched-linux-x86_64 0.7.3 4.33 108.90 113.24 OK
r-patched-solaris-sparc 0.7.3 1239.00 OK
r-patched-solaris-x86 0.7.3 266.00 OK
r-release-linux-x86_64 0.7.3 4.17 99.49 103.67 OK
r-release-osx-x86_64-mavericks 0.7.3 OK
r-release-windows-ix86+x86_64 0.7.3 15.00 166.00 181.00 OK
r-oldrel-windows-ix86+x86_64 0.7.3 4.00 2.00 6.00 ERROR

Check Details

Version: 0.7.3
Check: package dependencies
Result: ERROR
    Package required and available but unsuitable version: 'CompQuadForm'
    
    See section 'The DESCRIPTION file' in the 'Writing R Extensions'
    manual.
Flavor: r-oldrel-windows-ix86+x86_64