CRAN Package Check Results for Package shotGroups

Last updated on 2015-01-31 13:48:35.

Flavor Version Tinstall Tcheck Ttotal Status Flags
r-devel-linux-x86_64-debian-clang 0.6 0.40 1.66 2.06 ERROR
r-devel-linux-x86_64-debian-gcc 0.6 2.84 104.52 107.36 OK
r-devel-linux-x86_64-fedora-clang 0.6 206.58 OK
r-devel-linux-x86_64-fedora-gcc 0.6 199.27 OK
r-devel-osx-x86_64-clang 0.6 202.20 OK
r-devel-windows-ix86+x86_64 0.6 7.00 3.00 10.00 ERROR
r-patched-linux-x86_64 0.6 4.61 131.33 135.94 OK
r-patched-solaris-sparc 0.6 1325.40 OK
r-patched-solaris-x86 0.6 296.40 OK
r-release-linux-ix86 0.6 5.03 159.76 164.79 OK
r-release-linux-x86_64 0.6 4.30 129.10 133.40 OK
r-release-osx-x86_64-mavericks 0.6 OK
r-release-osx-x86_64-snowleopard 0.6 OK
r-release-windows-ix86+x86_64 0.6 7.00 3.00 10.00 ERROR
r-oldrel-windows-ix86+x86_64 0.6 19.00 198.00 217.00 OK

Check Details

Version: 0.6
Check: package dependencies
Result: ERROR
    Package required but not available: ‘mvoutlier’
    
    See section ‘The DESCRIPTION file’ in the ‘Writing R Extensions’
    manual.
Flavor: r-devel-linux-x86_64-debian-clang

Version: 0.6
Check: whether package can be installed
Result: ERROR
    Installation failed.
Flavors: r-devel-windows-ix86+x86_64, r-release-windows-ix86+x86_64