CRAN Package Check Results for Package shotGroups

Last updated on 2017-06-27 15:49:12.

Flavor Version Tinstall Tcheck Ttotal Status Flags
r-devel-linux-x86_64-debian-clang 0.7.3 3.79 111.68 115.47 OK
r-devel-linux-x86_64-debian-gcc 0.7.3 3.86 109.40 113.26 OK
r-devel-linux-x86_64-fedora-clang 0.7.3 223.41 OK
r-devel-linux-x86_64-fedora-gcc 0.7.3 213.28 OK
r-devel-windows-ix86+x86_64 0.7.3 15.00 167.00 182.00 OK
r-patched-linux-x86_64 0.7.3 4.18 113.70 117.88 OK
r-patched-solaris-sparc 0.7.3 1239.00 OK
r-patched-solaris-x86 0.7.3 266.10 OK
r-release-linux-x86_64 0.7.3 4.02 111.93 115.95 OK
r-release-windows-ix86+x86_64 0.7.3 13.00 242.00 255.00 OK
r-release-osx-x86_64 0.7.3 WARN
r-oldrel-windows-ix86+x86_64 0.7.3 14.00 201.00 215.00 OK
r-oldrel-osx-x86_64 0.7.3 OK

Check Details

Version: 0.7.3
Check: re-building of vignette outputs
Result: WARN
    Error in re-building vignettes:
     ...
    
    Warning in c(t(v1) %*% v2y, t(v1) %*% v2x)/(2 * (t(y) %*% v2x)) :
     Recycling array of length 1 in vector-array arithmetic is deprecated.
     Use c() or as.vector() instead.
    
    Warning in c(t(v1) %*% v2y, t(v1) %*% v2x)/(2 * (t(y) %*% v2x)) :
     Recycling array of length 1 in vector-array arithmetic is deprecated.
     Use c() or as.vector() instead.
    
    Error in texi2dvi(file = file, pdf = TRUE, clean = clean, quiet = quiet, :
     Running 'texi2dvi' on 'shotGroups.tex' failed.
    LaTeX errors:
    ! LaTeX Error: File `apacite.sty' not found.
    
    Type X to quit or <RETURN> to proceed,
    or enter new name. (Default extension: sty)
    
    ! Emergency stop.
    <read *>
    
    l.80 ^^M
    
    ! ==> Fatal error occurred, no output PDF file produced!
    Calls: buildVignettes -> texi2pdf -> texi2dvi
    Execution halted
Flavor: r-release-osx-x86_64