CRAN Package Check Results for Package shotGroups

Last updated on 2018-06-21 21:50:14 CEST.

Flavor Version Tinstall Tcheck Ttotal Status Flags
r-devel-linux-x86_64-debian-clang 0.7.3 10.83 147.79 158.62 OK
r-devel-linux-x86_64-debian-gcc 0.7.3 10.78 135.55 146.33 OK
r-devel-linux-x86_64-fedora-clang 0.7.3 215.79 OK
r-devel-linux-x86_64-fedora-gcc 0.7.3 206.98 OK
r-devel-windows-ix86+x86_64 0.7.3 26.00 232.00 258.00 OK
r-patched-linux-x86_64 0.7.3 11.79 156.46 168.25 OK
r-patched-solaris-x86 0.7.3 279.50 OK
r-release-linux-x86_64 0.7.3 9.32 155.98 165.30 OK
r-release-windows-ix86+x86_64 0.7.3 19.00 179.00 198.00 OK
r-release-osx-x86_64 0.7.3 OK
r-oldrel-windows-ix86+x86_64 0.7.3 14.00 160.00 174.00 OK
r-oldrel-osx-x86_64 0.7.3 WARN

Check Details

Version: 0.7.3
Check: re-building of vignette outputs
Result: WARN
    Error in re-building vignettes:
     ...
    
    Warning in c(t(v1) %*% v2y, t(v1) %*% v2x)/(2 * (t(y) %*% v2x)) :
     Recycling array of length 1 in vector-array arithmetic is deprecated.
     Use c() or as.vector() instead.
    
    Warning in c(t(v1) %*% v2y, t(v1) %*% v2x)/(2 * (t(y) %*% v2x)) :
     Recycling array of length 1 in vector-array arithmetic is deprecated.
     Use c() or as.vector() instead.
    
    Error in texi2dvi(file = file, pdf = TRUE, clean = clean, quiet = quiet, :
     Running 'texi2dvi' on 'shotGroups.tex' failed.
    LaTeX errors:
    ! LaTeX Error: File `apacite.sty' not found.
    
    Type X to quit or <RETURN> to proceed,
    or enter new name. (Default extension: sty)
    
    ! Emergency stop.
    <read *>
    
    l.80 ^^M
    
    ! ==> Fatal error occurred, no output PDF file produced!
    Calls: buildVignettes -> texi2pdf -> texi2dvi
    Execution halted
Flavor: r-oldrel-osx-x86_64