CRAN Package Check Results for Package shotGroups

Last updated on 2017-10-19 12:49:48.

Flavor Version Tinstall Tcheck Ttotal Status Flags
r-devel-linux-x86_64-debian-clang 0.7.3 3.82 105.36 109.18 OK
r-devel-linux-x86_64-debian-gcc 0.7.3 4.99 108.78 113.77 OK
r-devel-linux-x86_64-fedora-clang 0.7.3 217.78 OK
r-devel-linux-x86_64-fedora-gcc 0.7.3 213.86 OK
r-devel-windows-ix86+x86_64 0.7.3 12.00 175.00 187.00 OK
r-patched-linux-x86_64 0.7.3 4.40 105.47 109.87 OK
r-patched-solaris-x86 0.7.3 287.30 OK
r-release-linux-x86_64 0.7.3 4.10 105.76 109.86 OK
r-release-windows-ix86+x86_64 0.7.3 17.00 218.00 235.00 OK
r-release-osx-x86_64 0.7.3 WARN
r-oldrel-windows-ix86+x86_64 0.7.3 15.00 207.00 222.00 OK
r-oldrel-osx-x86_64 0.7.3 OK

Check Details

Version: 0.7.3
Check: re-building of vignette outputs
Result: WARN
    Error in re-building vignettes:
     ...
    
    Warning in c(t(v1) %*% v2y, t(v1) %*% v2x)/(2 * (t(y) %*% v2x)) :
     Recycling array of length 1 in vector-array arithmetic is deprecated.
     Use c() or as.vector() instead.
    
    Warning in c(t(v1) %*% v2y, t(v1) %*% v2x)/(2 * (t(y) %*% v2x)) :
     Recycling array of length 1 in vector-array arithmetic is deprecated.
     Use c() or as.vector() instead.
    
    Error in texi2dvi(file = file, pdf = TRUE, clean = clean, quiet = quiet, :
     Running 'texi2dvi' on 'shotGroups.tex' failed.
    LaTeX errors:
    ! LaTeX Error: File `apacite.sty' not found.
    
    Type X to quit or <RETURN> to proceed,
    or enter new name. (Default extension: sty)
    
    ! Emergency stop.
    <read *>
    
    l.80 ^^M
    
    ! ==> Fatal error occurred, no output PDF file produced!
    Calls: buildVignettes -> texi2pdf -> texi2dvi
    Execution halted
Flavor: r-release-osx-x86_64