CRAN Package Check Results for Package shotGroups

Last updated on 2015-05-24 08:48:43.

Flavor Version Tinstall Tcheck Ttotal Status Flags
r-devel-linux-x86_64-debian-clang 0.6 2.68 79.45 82.13 OK
r-devel-linux-x86_64-debian-gcc 0.6 2.58 80.25 82.83 OK
r-devel-linux-x86_64-fedora-clang 0.6 149.16 OK
r-devel-linux-x86_64-fedora-gcc 0.6 145.43 OK
r-devel-osx-x86_64-clang 0.6 128.78 OK
r-devel-windows-ix86+x86_64 0.6 12.00 117.00 129.00 OK
r-patched-linux-x86_64 0.6 2.62 77.06 79.68 OK
r-patched-solaris-sparc 0.6 876.40 OK
r-patched-solaris-x86 0.6 187.50 OK
r-release-linux-x86_64 0.6 2.62 78.25 80.87 OK
r-release-osx-x86_64-mavericks 0.6 OK
r-release-osx-x86_64-snowleopard 0.6 ERROR
r-release-windows-ix86+x86_64 0.6 13.00 108.00 121.00 OK
r-oldrel-windows-ix86+x86_64 0.6 23.00 184.00 207.00 OK

Check Details

Version: 0.6
Check: package dependencies
Result: ERROR
    Package required but not available: ‘mvoutlier’
    
    Package suggested but not available for checking: ‘knitr’
    
    VignetteBuilder package required for checking but not installed: ‘knitr’
    
    Files named as vignettes but with no recognized vignette engine:
     ‘inst/doc/shotGroups.Rnw’
    (Is a VignetteBuilder field missing?)
    
    See section ‘The DESCRIPTION file’ in the ‘Writing R Extensions’
    manual.
Flavor: r-release-osx-x86_64-snowleopard