CRAN Package Check Results for Package shotGroups

Last updated on 2017-04-29 19:49:07.

Flavor Version Tinstall Tcheck Ttotal Status Flags
r-devel-linux-x86_64-debian-clang 0.7.3 3.70 112.79 116.49 OK
r-devel-linux-x86_64-debian-gcc 0.7.3 4.02 110.11 114.13 OK
r-devel-linux-x86_64-fedora-clang 0.7.3 231.09 OK --no-stop-on-test-error
r-devel-linux-x86_64-fedora-gcc 0.7.3 214.18 OK --no-stop-on-test-error
r-devel-windows-ix86+x86_64 0.7.3 20.00 240.00 260.00 OK
r-patched-linux-x86_64 0.7.3 4.48 107.89 112.37 OK
r-patched-solaris-sparc 0.7.3 1239.00 OK
r-patched-solaris-x86 0.7.3 263.90 OK
r-release-linux-x86_64 0.7.3 4.07 107.62 111.70 OK
r-release-windows-ix86+x86_64 0.7.3 16.00 221.00 237.00 OK
r-release-osx-x86_64 0.7.3 WARN
r-oldrel-windows-ix86+x86_64 0.7.3 17.00 215.00 232.00 OK
r-oldrel-osx-x86_64 0.7.3 OK

Check Details

Version: 0.7.3
Check: re-building of vignette outputs
Result: WARN
    Error in re-building vignettes:
     ...
    
    Warning in c(t(v1) %*% v2y, t(v1) %*% v2x)/(2 * (t(y) %*% v2x)) :
     Recycling array of length 1 in vector-array arithmetic is deprecated.
     Use c() or as.vector() instead.
    
    Warning in c(t(v1) %*% v2y, t(v1) %*% v2x)/(2 * (t(y) %*% v2x)) :
     Recycling array of length 1 in vector-array arithmetic is deprecated.
     Use c() or as.vector() instead.
    
    Error in texi2dvi(file = file, pdf = TRUE, clean = clean, quiet = quiet, :
     Running 'texi2dvi' on 'shotGroups.tex' failed.
    LaTeX errors:
    ! LaTeX Error: File `apacite.sty' not found.
    
    Type X to quit or <RETURN> to proceed,
    or enter new name. (Default extension: sty)
    
    ! Emergency stop.
    <read *>
    
    l.80 ^^M
    
    ! ==> Fatal error occurred, no output PDF file produced!
    Calls: buildVignettes -> texi2pdf -> texi2dvi
    Execution halted
Flavor: r-release-osx-x86_64