CRAN Package Check Results for Package shotGroups

Last updated on 2018-02-21 13:51:03 CET.

Flavor Version Tinstall Tcheck Ttotal Status Flags
r-devel-linux-x86_64-debian-clang 0.7.3 11.62 155.88 167.50 OK
r-devel-linux-x86_64-debian-gcc 0.7.3 10.14 121.74 131.88 OK
r-devel-linux-x86_64-fedora-clang 0.7.3 209.26 OK
r-devel-linux-x86_64-fedora-gcc 0.7.3 195.45 OK
r-devel-windows-ix86+x86_64 0.7.3 18.00 166.00 184.00 OK
r-patched-linux-x86_64 0.7.3 5.56 166.49 172.05 OK
r-patched-solaris-x86 0.7.3 281.50 OK
r-release-linux-x86_64 0.7.3 5.53 165.09 170.62 OK
r-release-windows-ix86+x86_64 0.7.3 17.00 225.00 242.00 OK
r-release-osx-x86_64 0.7.3 WARN
r-oldrel-windows-ix86+x86_64 0.7.3 11.00 163.00 174.00 OK
r-oldrel-osx-x86_64 0.7.3 OK

Check Details

Version: 0.7.3
Check: re-building of vignette outputs
Result: WARN
    Error in re-building vignettes:
     ...
    
    Warning in c(t(v1) %*% v2y, t(v1) %*% v2x)/(2 * (t(y) %*% v2x)) :
     Recycling array of length 1 in vector-array arithmetic is deprecated.
     Use c() or as.vector() instead.
    
    Warning in c(t(v1) %*% v2y, t(v1) %*% v2x)/(2 * (t(y) %*% v2x)) :
     Recycling array of length 1 in vector-array arithmetic is deprecated.
     Use c() or as.vector() instead.
    
    Error in texi2dvi(file = file, pdf = TRUE, clean = clean, quiet = quiet, :
     Running 'texi2dvi' on 'shotGroups.tex' failed.
    LaTeX errors:
    ! LaTeX Error: File `apacite.sty' not found.
    
    Type X to quit or <RETURN> to proceed,
    or enter new name. (Default extension: sty)
    
    ! Emergency stop.
    <read *>
    
    l.80 ^^M
    
    ! ==> Fatal error occurred, no output PDF file produced!
    Calls: buildVignettes -> texi2pdf -> texi2dvi
    Execution halted
Flavor: r-release-osx-x86_64