CRAN Package Check Results for Package shotGroups

Last updated on 2014-07-25 14:47:43.

Flavor Version Tinstall Tcheck Ttotal Status Flags
r-devel-linux-x86_64-debian-clang 0.5 2.85 58.59 61.44 OK
r-devel-linux-x86_64-debian-gcc 0.5 2.84 59.67 62.50 OK
r-devel-linux-x86_64-fedora-clang 0.5 129.47 OK
r-devel-linux-x86_64-fedora-gcc 0.5 124.97 OK
r-devel-osx-x86_64-clang 0.5 109.57 OK
r-devel-windows-ix86+x86_64 0.5 10.00 97.00 107.00 OK
r-patched-linux-x86_64 0.5 2.89 58.49 61.38 OK
r-patched-solaris-sparc 0.5 479.20 OK
r-patched-solaris-x86 0.5 158.90 OK
r-release-linux-ix86 0.5 3.58 75.34 78.92 OK
r-release-linux-x86_64 0.5 3.13 59.00 62.13 OK
r-release-osx-x86_64-mavericks 0.5 NOTE
r-release-osx-x86_64-snowleopard 0.5 OK
r-release-windows-ix86+x86_64 0.5 10.00 93.00 103.00 OK
r-oldrel-windows-ix86+x86_64 0.5 12.00 99.00 111.00 OK

Check Details

Version: 0.5
Check: re-building of vignette outputs
Result: NOTE
    Error in re-building vignettes:
     ...
    Warning: running command 'kpsewhich framed.sty' had status 1
    Warning in test_latex_pkg("framed", system.file("misc", "framed.sty", package = "knitr")) :
     unable to find LaTeX package 'framed'; will use a copy from knitr
    KernSmooth 2.23 loaded
    Copyright M. P. Wand 1997-2009
    Error in texi2dvi(file = file, pdf = TRUE, clean = clean, quiet = quiet, :
     Running 'texi2dvi' on 'shotGroups.tex' failed.
    LaTeX errors:
    ! LaTeX Error: File `apacite.sty' not found.
    
    Type X to quit or <RETURN> to proceed,
    or enter new name. (Default extension: sty)
    
    ign_test/shotGroups/vignettes/shotGroups.tex:78: ==> Fatal error occurred, no
    output PDF file produced!
    Calls: buildVignettes -> texi2pdf -> texi2dvi
    Execution halted
Flavor: r-release-osx-x86_64-mavericks