CRAN Package Check Results for Package shotGroups

Last updated on 2014-04-23 17:47:54.

Flavor Version Tinstall Tcheck Ttotal Status Flags
r-devel-linux-x86_64-debian-clang 0.4 3.03 60.03 63.06 OK
r-devel-linux-x86_64-debian-gcc 0.4 3.12 60.52 63.64 OK
r-devel-linux-x86_64-fedora-clang 0.4 124.82 OK
r-devel-linux-x86_64-fedora-gcc 0.4 121.97 OK
r-devel-osx-x86_64-clang 0.4 117.75 OK
r-devel-osx-x86_64-gcc 0.4 ERROR
r-devel-windows-ix86+x86_64 0.4 8.00 92.00 100.00 OK
r-patched-linux-x86_64 0.4 3.06 59.91 62.97 OK
r-patched-solaris-sparc 0.4 667.10 OK
r-patched-solaris-x86 0.4 151.30 OK
r-release-linux-ix86 0.4 5.00 100.00 105.00 OK
r-release-linux-x86_64 0.4 3.07 60.82 63.88 OK
r-release-osx-x86_64-mavericks 0.4 WARN
r-release-osx-x86_64-snowleopard 0.4 OK
r-release-windows-ix86+x86_64 0.4 10.00 93.00 103.00 OK
r-oldrel-windows-ix86+x86_64 0.4 12.00 91.00 103.00 OK

Check Details

Version: 0.4
Check: package dependencies
Result: ERROR
    Packages required but not available: ‘mvoutlier’ ‘robustbase’
    
    Package suggested but not available for checking: ‘knitr’
    
    Files named as vignettes but with no recognized vignette engine:
     ‘inst/doc/shotGroups.Rnw’
    (Is a VignetteBuilder field missing?)
    
    See the information on DESCRIPTION files in the chapter ‘Creating R
    packages’ of the ‘Writing R Extensions’ manual.
Flavor: r-devel-osx-x86_64-gcc

Version: 0.4
Check: re-building of vignette outputs
Result: NOTE
    Error in re-building vignettes:
     ...
    Warning: running command 'kpsewhich framed.sty' had status 1
    Warning in test_latex_pkg("framed", system.file("misc", "framed.sty", package = "knitr")) :
     unable to find LaTeX package 'framed'; will use a copy from knitr
    KernSmooth 2.23 loaded
    Copyright M. P. Wand 1997-2009
    Error in texi2dvi(file = file, pdf = TRUE, clean = clean, quiet = quiet, :
     Running 'texi2dvi' on 'shotGroups.tex' failed.
    LaTeX errors:
    ! LaTeX Error: File `upquote.sty' not found.
    
    Type X to quit or <RETURN> to proceed,
    or enter new name. (Default extension: sty)
    
    ign_test/shotGroups/vignettes/shotGroups.tex:64: ==> Fatal error occurred, no
    output PDF file produced!
    Calls: buildVignettes -> texi2pdf -> texi2dvi
    Execution halted
Flavor: r-release-osx-x86_64-mavericks

Version: 0.4
Check: PDF version of manual
Result: WARNING
    LaTeX errors when creating PDF version.
    This typically indicates Rd problems.
    LaTeX errors found:
    ! LaTeX Error: File `upquote.sty' not found.
    
    Type X to quit or <RETURN> to proceed,
    or enter new name. (Default extension: sty)
    
    /private/tmp/RtmphK2TP5/Rd2pdfa27375fb7ba1/Rd2.tex:8: ==> Fatal error occurred
    , no output PDF file produced!
Flavor: r-release-osx-x86_64-mavericks