CRAN Package Check Results for Package shotGroups

Last updated on 2014-10-23 00:48:09.

Flavor Version Tinstall Tcheck Ttotal Status Flags
r-devel-linux-x86_64-debian-clang 0.6 4.05 122.54 126.59 OK
r-devel-linux-x86_64-debian-gcc 0.6 4.11 123.14 127.25 OK
r-devel-linux-x86_64-fedora-clang 0.6 233.73 OK
r-devel-linux-x86_64-fedora-gcc 0.6 223.29 OK
r-devel-osx-x86_64-clang 0.6 193.41 OK
r-devel-windows-ix86+x86_64 0.6 15.00 166.00 181.00 OK
r-patched-linux-x86_64 0.6 4.13 124.79 128.92 OK
r-patched-solaris-sparc 0.6 1238.50 OK
r-patched-solaris-x86 0.6 292.60 OK
r-release-linux-ix86 0.6 5.02 164.19 169.21 OK
r-release-linux-x86_64 0.6 4.12 125.21 129.33 OK
r-release-osx-x86_64-mavericks 0.6 NOTE
r-release-osx-x86_64-snowleopard 0.6 OK
r-release-windows-ix86+x86_64 0.6 17.00 176.00 193.00 OK
r-oldrel-windows-ix86+x86_64 0.6 17.00 192.00 209.00 OK

Check Details

Version: 0.6
Check: re-building of vignette outputs
Result: NOTE
    Error in re-building vignettes:
     ...
    Warning: running command 'kpsewhich framed.sty' had status 1
    Warning in test_latex_pkg("framed", system.file("misc", "framed.sty", package = "knitr")) :
     unable to find LaTeX package 'framed'; will use a copy from knitr
    KernSmooth 2.23 loaded
    Copyright M. P. Wand 1997-2009
    Error in texi2dvi(file = file, pdf = TRUE, clean = clean, quiet = quiet, :
     Running 'texi2dvi' on 'shotGroups.tex' failed.
    LaTeX errors:
    ! LaTeX Error: File `apacite.sty' not found.
    
    Type X to quit or <RETURN> to proceed,
    or enter new name. (Default extension: sty)
    
    ign_test/shotGroups/vignettes/shotGroups.tex:79: ==> Fatal error occurred, no
    output PDF file produced!
    Calls: buildVignettes -> texi2pdf -> texi2dvi
    Execution halted
Flavor: r-release-osx-x86_64-mavericks