CRAN Package Check Results for Package shotGroups

Last updated on 2015-04-19 05:50:03.

Flavor Version Tinstall Tcheck Ttotal Status Flags
r-devel-linux-x86_64-debian-clang 0.6 2.62 105.86 108.48 OK
r-devel-linux-x86_64-debian-gcc 0.6 3.20 104.47 107.67 OK
r-devel-linux-x86_64-fedora-clang 0.6 193.42 OK
r-devel-linux-x86_64-fedora-gcc 0.6 185.44 OK
r-devel-osx-x86_64-clang 0.6 161.80 OK
r-patched-linux-x86_64 0.6 2.82 105.67 108.49 OK
r-patched-solaris-sparc 0.6 1106.60 OK
r-patched-solaris-x86 0.6 236.70 OK
r-release-linux-x86_64 0.6 2.55 99.65 102.20 OK
r-release-osx-x86_64-mavericks 0.6 OK
r-release-osx-x86_64-snowleopard 0.6 ERROR
r-release-windows-ix86+x86_64 0.6 8.00 164.00 172.00 OK
r-oldrel-windows-ix86+x86_64 0.6 28.00 198.00 226.00 OK

Check Details

Version: 0.6
Check: package dependencies
Result: ERROR
    Package required but not available: ‘mvoutlier’
    
    Package suggested but not available for checking: ‘knitr’
    
    VignetteBuilder package required for checking but installed: ‘knitr’
    
    Files named as vignettes but with no recognized vignette engine:
     ‘inst/doc/shotGroups.Rnw’
    (Is a VignetteBuilder field missing?)
    
    See section ‘The DESCRIPTION file’ in the ‘Writing R Extensions’
    manual.
Flavor: r-release-osx-x86_64-snowleopard