CRAN Package Check Results for Package shotGroups

Last updated on 2015-06-30 04:46:53.

Flavor Version Tinstall Tcheck Ttotal Status Flags
r-devel-linux-x86_64-debian-clang 0.6 2.59 79.96 82.55 NOTE
r-devel-linux-x86_64-debian-gcc 0.6 2.54 79.94 82.48 NOTE
r-devel-linux-x86_64-fedora-clang 0.6 148.72 OK
r-devel-linux-x86_64-fedora-gcc 0.6 142.89 OK
r-devel-osx-x86_64-clang 0.6 110.13 OK
r-devel-windows-ix86+x86_64 0.6 10.00 116.00 126.00 NOTE
r-patched-linux-x86_64 0.6 2.70 77.12 79.83 OK
r-patched-solaris-sparc 0.6 876.40 OK
r-patched-solaris-x86 0.6 188.60 OK
r-release-linux-x86_64 0.6 2.62 78.45 81.07 OK
r-release-osx-x86_64-mavericks 0.6 OK
r-release-windows-ix86+x86_64 0.6 14.00 116.00 130.00 OK
r-oldrel-windows-ix86+x86_64 0.6 25.00 180.00 205.00 OK

Check Details

Version: 0.6
Check: R code for possible problems
Result: NOTE
    getHoytParam.list: no visible binding for global variable ‘head’
    getHoytParam.list: no visible binding for global variable ‘tail’
    getUnits: no visible binding for global variable ‘head’
    getUnits: no visible binding for global variable ‘tail’
Flavors: r-devel-linux-x86_64-debian-clang, r-devel-linux-x86_64-debian-gcc

Version: 0.6
Check: R code for possible problems
Result: NOTE
    getFileNames: no visible binding for global variable 'Filters'
    getFileNames: no visible global function definition for 'choose.files'
    getHoytParam.list: no visible binding for global variable 'head'
    getHoytParam.list: no visible binding for global variable 'tail'
    getUnits: no visible binding for global variable 'head'
    getUnits: no visible binding for global variable 'tail'
Flavor: r-devel-windows-ix86+x86_64