CRAN Package Check Results for Package shotGroups

Last updated on 2017-01-20 23:50:50.

Flavor Version Tinstall Tcheck Ttotal Status Flags
r-devel-linux-x86_64-debian-clang 0.7.3 3.92 112.52 116.44 OK
r-devel-linux-x86_64-debian-gcc 0.7.3 3.84 110.48 114.33 OK
r-devel-linux-x86_64-fedora-clang 0.7.3 216.36 OK --no-stop-on-test-error
r-devel-linux-x86_64-fedora-gcc 0.7.3 217.03 OK --no-stop-on-test-error
r-devel-macos-x86_64-clang 0.7.3 117.58 OK --no-stop-on-test-error
r-devel-windows-ix86+x86_64 0.7.3 17.00 226.00 243.00 OK
r-patched-linux-x86_64 0.7.3 3.66 102.31 105.96 OK
r-patched-solaris-sparc 0.7.3 1089.20 OK
r-patched-solaris-x86 0.7.3 239.10 OK
r-release-linux-x86_64 0.7.3 3.90 102.25 106.14 OK
r-release-osx-x86_64-mavericks 0.7.3 OK
r-release-windows-ix86+x86_64 0.7.3 12.00 141.00 153.00 OK
r-oldrel-windows-ix86+x86_64 0.7.3 8.00 3.00 11.00 ERROR

Check Details

Version: 0.7.3
Check: package dependencies
Result: ERROR
    Package required and available but unsuitable version: 'CompQuadForm'
    
    See section 'The DESCRIPTION file' in the 'Writing R Extensions'
    manual.
Flavor: r-oldrel-windows-ix86+x86_64