CRAN Package Check Results for Package shrink

Last updated on 2014-09-18 08:50:03.

Flavor Version Tinstall Tcheck Ttotal Status Flags
r-devel-linux-x86_64-debian-clang 1.1 0.60 13.52 14.12 NOTE
r-devel-linux-x86_64-debian-gcc 1.1 0.58 12.55 13.13 NOTE
r-devel-linux-x86_64-fedora-clang 1.1 26.36 NOTE
r-devel-linux-x86_64-fedora-gcc 1.1 24.49 NOTE
r-devel-osx-x86_64-clang 1.1 27.09 NOTE
r-devel-windows-ix86+x86_64 1.1 2.00 22.00 24.00 NOTE
r-patched-linux-x86_64 1.1 0.57 12.99 13.56 OK
r-patched-solaris-sparc 1.1 171.00 OK
r-patched-solaris-x86 1.1 38.90 OK
r-release-linux-ix86 1.1 0.88 19.92 20.81 OK
r-release-linux-x86_64 1.1 0.60 13.64 14.24 OK
r-release-osx-x86_64-mavericks 1.1 OK
r-release-windows-ix86+x86_64 1.1 2.00 23.00 25.00 OK
r-oldrel-windows-ix86+x86_64 1.1 2.00 23.00 25.00 OK

Check Details

Version: 1.1
Check: R code for possible problems
Result: NOTE
    shrink: no visible global function definition for ‘coxph’
Flavors: r-devel-linux-x86_64-debian-clang, r-devel-linux-x86_64-debian-gcc, r-devel-linux-x86_64-fedora-clang, r-devel-linux-x86_64-fedora-gcc, r-devel-osx-x86_64-clang, r-devel-windows-ix86+x86_64