CRAN Package Check Results for Package shrink

Last updated on 2015-08-30 19:47:19.

Flavor Version Tinstall Tcheck Ttotal Status Flags
r-devel-linux-x86_64-debian-clang 1.2.0 3.84 43.68 47.52 NOTE
r-devel-linux-x86_64-debian-gcc 1.2.0 3.78 42.57 46.35 NOTE
r-devel-linux-x86_64-fedora-clang 1.2.0 99.00 NOTE
r-devel-linux-x86_64-fedora-gcc 1.2.0 91.52 NOTE
r-devel-osx-x86_64-clang 1.2.0 75.09 OK
r-devel-windows-ix86+x86_64 1.2.0 19.00 78.00 97.00 NOTE
r-patched-linux-x86_64 1.2.0 3.87 44.57 48.44 OK
r-patched-solaris-sparc 1.2.0 342.20 OK
r-patched-solaris-x86 1.2.0 79.60 OK
r-release-linux-x86_64 1.2.0 3.74 45.85 49.59 OK
r-release-osx-x86_64-mavericks 1.2.0 OK
r-release-windows-ix86+x86_64 1.2.0 16.00 80.00 96.00 OK
r-oldrel-windows-ix86+x86_64 1.2.0 35.00 203.00 238.00 OK

Check Details

Version: 1.2.0
Check: R code for possible problems
Result: NOTE
    predict.shrink: no visible binding for global variable ‘na.pass’
    predict.shrink: no visible global function definition for
     ‘getFromNamespace’
    predict.shrink: no visible global function definition for ‘predict.glm’
    predict.shrink: no visible global function definition for ‘predict’
    shrink.coxph: no visible global function definition for ‘coef’
    shrink.coxph: no visible global function definition for ‘weights’
    shrink.coxph: no visible global function definition for ‘model.matrix’
    shrink.coxph: no visible global function definition for ‘residuals’
    shrink.glm: no visible global function definition for ‘coef’
    shrink.glm: no visible global function definition for ‘model.matrix’
    shrink.glm: no visible global function definition for ‘nobs’
    shrink.glm: no visible global function definition for ‘weights’
    shrink.glm: no visible global function definition for ‘family’
    shrink.glm: no visible global function definition for ‘terms’
    shrink.glm: no visible global function definition for ‘dfbeta’
    shrink.glm: no visible global function definition for ‘glm.fit’
    shrink.glm: no visible global function definition for ‘glm’
    shrink.glm: no visible global function definition for ‘summary.glm’
    shrink.lm: no visible global function definition for ‘coef’
    shrink.lm: no visible global function definition for ‘nobs’
    shrink.lm: no visible global function definition for ‘weights’
    shrink.lm: no visible global function definition for ‘model.matrix’
    shrink.lm: no visible global function definition for ‘terms’
    shrink.lm: no visible global function definition for ‘dfbeta’
    shrink.lm: no visible global function definition for ‘lm.wfit’
    shrink.lm: no visible global function definition for ‘glm.fit’
    shrink.lm: no visible global function definition for ‘gaussian’
    shrink.lm: no visible global function definition for ‘glm’
    shrink.lm: no visible global function definition for ‘summary.glm’
    summary.shrink: no visible global function definition for ‘terms’
    Undefined global functions or variables:
     coef dfbeta family gaussian getFromNamespace glm glm.fit lm.wfit
     model.matrix na.pass nobs predict predict.glm residuals summary.glm
     terms weights
    Consider adding
     importFrom("stats", "coef", "dfbeta", "family", "gaussian", "glm",
     "glm.fit", "lm.wfit", "model.matrix", "na.pass", "nobs",
     "predict", "predict.glm", "residuals", "summary.glm",
     "terms", "weights")
     importFrom("utils", "getFromNamespace")
    to your NAMESPACE.
Flavors: r-devel-linux-x86_64-debian-clang, r-devel-linux-x86_64-debian-gcc, r-devel-linux-x86_64-fedora-clang, r-devel-linux-x86_64-fedora-gcc, r-devel-windows-ix86+x86_64