CRAN Package Check Results for Package shrink

Last updated on 2015-06-30 22:47:37.

Flavor Version Tinstall Tcheck Ttotal Status Flags
r-devel-linux-x86_64-debian-clang 1.2.0 1.74 24.88 26.62 NOTE
r-devel-linux-x86_64-debian-gcc 1.2.0 1.91 24.68 26.60 NOTE
r-devel-linux-x86_64-fedora-clang 1.2.0 54.70 NOTE
r-devel-linux-x86_64-fedora-gcc 1.2.0 51.49 NOTE
r-devel-osx-x86_64-clang 1.2.0 43.84 OK
r-devel-windows-ix86+x86_64 1.2.0 9.00 45.00 54.00 NOTE
r-patched-linux-x86_64 1.2.0 1.73 24.22 25.95 OK
r-patched-solaris-sparc 1.2.0 325.20 OK
r-patched-solaris-x86 1.2.0 77.60 OK
r-release-linux-x86_64 1.2.0 1.73 24.43 26.16 OK
r-release-osx-x86_64-mavericks 1.2.0 OK
r-release-windows-ix86+x86_64 1.2.0 11.00 50.00 61.00 OK
r-oldrel-windows-ix86+x86_64 1.2.0 20.00 101.00 121.00 OK

Check Details

Version: 1.2.0
Check: R code for possible problems
Result: NOTE
    predict.shrink: no visible binding for global variable ‘na.pass’
    predict.shrink: no visible global function definition for
     ‘getFromNamespace’
    predict.shrink: no visible global function definition for ‘predict.glm’
    predict.shrink: no visible global function definition for ‘predict’
    shrink.coxph: no visible global function definition for ‘coef’
    shrink.coxph: no visible global function definition for ‘weights’
    shrink.coxph: no visible global function definition for ‘model.matrix’
    shrink.coxph: no visible global function definition for ‘residuals’
    shrink.glm: no visible global function definition for ‘coef’
    shrink.glm: no visible global function definition for ‘model.matrix’
    shrink.glm: no visible global function definition for ‘nobs’
    shrink.glm: no visible global function definition for ‘weights’
    shrink.glm: no visible global function definition for ‘family’
    shrink.glm: no visible global function definition for ‘terms’
    shrink.glm: no visible global function definition for ‘dfbeta’
    shrink.glm: no visible global function definition for ‘glm.fit’
    shrink.glm: no visible global function definition for ‘glm’
    shrink.glm: no visible global function definition for ‘summary.glm’
    shrink.lm: no visible global function definition for ‘coef’
    shrink.lm: no visible global function definition for ‘nobs’
    shrink.lm: no visible global function definition for ‘weights’
    shrink.lm: no visible global function definition for ‘model.matrix’
    shrink.lm: no visible global function definition for ‘terms’
    shrink.lm: no visible global function definition for ‘dfbeta’
    shrink.lm: no visible global function definition for ‘lm.wfit’
    shrink.lm: no visible global function definition for ‘glm.fit’
    shrink.lm: Error while checking: invalid ‘envir’ argument
    summary.shrink: no visible global function definition for ‘terms’
Flavors: r-devel-linux-x86_64-debian-clang, r-devel-linux-x86_64-debian-gcc, r-devel-linux-x86_64-fedora-clang, r-devel-linux-x86_64-fedora-gcc, r-devel-windows-ix86+x86_64