CRAN Package Check Results for Package shrink

Last updated on 2015-04-19 19:52:03.

Flavor Version Tinstall Tcheck Ttotal Status Flags
r-devel-linux-x86_64-debian-clang 1.2.0 1.83 24.45 26.28 OK
r-devel-linux-x86_64-debian-gcc 1.2.0 1.68 23.97 25.65 OK
r-devel-linux-x86_64-fedora-clang 1.2.0 54.49 OK
r-devel-linux-x86_64-fedora-gcc 1.2.0 52.56 OK
r-devel-osx-x86_64-clang 1.2.0 49.60 OK
r-devel-windows-ix86+x86_64 1.2.0 11.00 46.00 57.00 OK
r-patched-linux-x86_64 1.2.0 1.70 24.03 25.73 OK
r-patched-solaris-sparc 1.2.0 281.20 OK
r-patched-solaris-x86 1.2.0 70.20 OK
r-release-linux-x86_64 1.2.0 1.69 23.04 24.72 OK
r-release-osx-x86_64-mavericks 1.2.0 ERROR
r-release-osx-x86_64-snowleopard 1.2.0 ERROR
r-release-windows-ix86+x86_64 1.2.0 4.00 36.00 40.00 OK
r-oldrel-windows-ix86+x86_64 1.2.0 17.00 93.00 110.00 OK

Check Details

Version: 1.2.0
Check: package dependencies
Result: ERROR
    Package required but not available: ‘rms’
    
    See section ‘The DESCRIPTION file’ in the ‘Writing R Extensions’
    manual.
Flavors: r-release-osx-x86_64-mavericks, r-release-osx-x86_64-snowleopard