CRAN Package Check Results for Package shrink

Last updated on 2015-05-25 19:47:23.

Flavor Version Tinstall Tcheck Ttotal Status Flags
r-devel-linux-x86_64-debian-clang 1.2.0 2.06 25.38 27.45 OK
r-devel-linux-x86_64-debian-gcc 1.2.0 1.88 24.68 26.56 OK
r-devel-linux-x86_64-fedora-clang 1.2.0 54.66 OK
r-devel-linux-x86_64-fedora-gcc 1.2.0 53.46 OK
r-devel-osx-x86_64-clang 1.2.0 50.54 OK
r-devel-windows-ix86+x86_64 1.2.0 8.00 46.00 54.00 OK
r-patched-linux-x86_64 1.2.0 1.76 24.10 25.86 OK
r-patched-solaris-sparc 1.2.0 325.20 OK
r-patched-solaris-x86 1.2.0 76.50 OK
r-release-linux-x86_64 1.2.0 1.72 24.15 25.87 OK
r-release-osx-x86_64-mavericks 1.2.0 OK
r-release-osx-x86_64-snowleopard 1.2.0 ERROR
r-release-windows-ix86+x86_64 1.2.0 9.00 45.00 54.00 OK
r-oldrel-windows-ix86+x86_64 1.2.0 21.00 104.00 125.00 OK

Check Details

Version: 1.2.0
Check: package dependencies
Result: ERROR
    Package required but not available: ‘rms’
    
    See section ‘The DESCRIPTION file’ in the ‘Writing R Extensions’
    manual.
Flavor: r-release-osx-x86_64-snowleopard