CRAN Package Check Results for Package shrink

Last updated on 2014-08-29 03:47:21.

Flavor Version Tinstall Tcheck Ttotal Status Flags
r-devel-linux-x86_64-debian-clang 1.1 0.57 12.71 13.28 NOTE
r-devel-linux-x86_64-debian-gcc 1.1 0.56 12.03 12.60 NOTE
r-devel-linux-x86_64-fedora-clang 1.1 25.94 NOTE
r-devel-linux-x86_64-fedora-gcc 1.1 23.83 NOTE
r-devel-osx-x86_64-clang 1.1 26.68 NOTE
r-devel-windows-ix86+x86_64 1.1 2.00 20.00 22.00 NOTE
r-patched-linux-x86_64 1.1 0.57 13.25 13.82 OK
r-patched-solaris-sparc 1.1 171.00 OK
r-patched-solaris-x86 1.1 38.70 OK
r-release-linux-ix86 1.1 0.89 19.78 20.67 OK
r-release-linux-x86_64 1.1 0.62 14.12 14.75 OK
r-release-osx-x86_64-mavericks 1.1 OK
r-release-windows-ix86+x86_64 1.1 2.00 22.00 24.00 OK
r-oldrel-windows-ix86+x86_64 1.1 2.00 23.00 25.00 OK

Check Details

Version: 1.1
Check: R code for possible problems
Result: NOTE
    shrink: no visible global function definition for ‘coxph’
Flavors: r-devel-linux-x86_64-debian-clang, r-devel-linux-x86_64-debian-gcc, r-devel-linux-x86_64-fedora-clang, r-devel-linux-x86_64-fedora-gcc, r-devel-osx-x86_64-clang, r-devel-windows-ix86+x86_64