CRAN Package Check Results for Package sideChannelAttack

Last updated on 2015-09-04 14:47:17.

Flavor Version Tinstall Tcheck Ttotal Status Flags
r-devel-linux-x86_64-debian-clang 1.0-6 0.86 14.46 15.32 NOTE
r-devel-linux-x86_64-debian-gcc 1.0-6 0.80 14.36 15.16 NOTE
r-devel-linux-x86_64-fedora-clang 1.0-6 29.26 NOTE
r-devel-linux-x86_64-fedora-gcc 1.0-6 27.64 NOTE
r-devel-osx-x86_64-clang 1.0-6 26.35 NOTE
r-devel-windows-ix86+x86_64 1.0-6 4.00 29.00 33.00 NOTE
r-patched-linux-x86_64 1.0-6 0.92 15.19 16.12 NOTE
r-patched-solaris-sparc 1.0-6 205.60 NOTE
r-patched-solaris-x86 1.0-6 45.30 NOTE
r-release-linux-x86_64 1.0-6 1.12 15.44 16.55 NOTE
r-release-osx-x86_64-mavericks 1.0-6 NOTE
r-release-windows-ix86+x86_64 1.0-6 5.00 27.00 32.00 NOTE
r-oldrel-windows-ix86+x86_64 1.0-6 7.00 38.00 45.00 NOTE

Check Details

Version: 1.0-6
Check: dependencies in R code
Result: NOTE
    Packages in Depends field not imported from:
     ‘ade4’ ‘corpcor’
     These packages need to be imported from (in the NAMESPACE file)
     for when this namespace is loaded but not attached.
Flavors: r-devel-linux-x86_64-debian-clang, r-devel-linux-x86_64-debian-gcc, r-devel-linux-x86_64-fedora-clang, r-devel-linux-x86_64-fedora-gcc, r-devel-osx-x86_64-clang, r-devel-windows-ix86+x86_64, r-patched-linux-x86_64, r-patched-solaris-sparc, r-patched-solaris-x86, r-release-linux-x86_64, r-release-osx-x86_64-mavericks, r-release-windows-ix86+x86_64, r-oldrel-windows-ix86+x86_64

Version: 1.0-6
Check: R code for possible problems
Result: NOTE
    filter.PCA.default: no visible global function definition for
     ‘princomp’
    filter.mRMR.default: no visible global function definition for
     ‘discretize’
    gaussian.default: no visible global function definition for ‘cov’
    gaussian.default: no visible global function definition for
     ‘cov.shrink’
    plot.verify.cv: no visible global function definition for ‘plot’
    plot.verify.cv: no visible global function definition for ‘points’
    plot.verify.ho: no visible global function definition for ‘plot’
    plot.verify.ho: no visible global function definition for ‘points’
    plot.verify.loo: no visible global function definition for ‘plot’
    plot.verify.loo: no visible global function definition for ‘points’
    predict.dpa1: no visible global function definition for ‘cor’
    predict.filter.PCA: no visible global function definition for ‘predict’
    predict.filter.RegressionTreeFilter: no visible global function
     definition for ‘is.struct’
    predict.filter.RegressionTreeFilter: no visible global function
     definition for ‘var’
    simulator.Simple1: no visible global function definition for ‘rnorm’
    verify.ho.default: no visible global function definition for ‘predict’
    verify.loo.default: no visible global function definition for ‘predict’
    Undefined global functions or variables:
     cor cov cov.shrink discretize is.struct plot points predict princomp
     rnorm var
    Consider adding
     importFrom("graphics", "plot", "points")
     importFrom("stats", "cor", "cov", "predict", "princomp", "rnorm",
     "var")
    to your NAMESPACE.
Flavors: r-devel-linux-x86_64-debian-clang, r-devel-linux-x86_64-debian-gcc, r-devel-linux-x86_64-fedora-clang, r-devel-linux-x86_64-fedora-gcc, r-devel-windows-ix86+x86_64

Version: 1.0-6
Check: Rd line widths
Result: NOTE
    Rd file 'plot.verify.ho.Rd':
     \examples lines wider than 100 characters:
     attack=verify.ho(model=gaussian,filter=filter.PCA,Xlearn=traces[1:128,],Ylearn=key[1:128],Xval=traces[129:256,],Yval=key[129:256],nbreV ... [TRUNCATED]
    
    Rd file 'sideChannelAttack-package.Rd':
     \examples lines wider than 100 characters:
     attack=verify.ho(model=gaussian,filter=filter.PCA,Xlearn=traces[1:128,],Ylearn=key[1:128],Xval=traces[129:256,],Yval=key[129:256],nbreV ... [TRUNCATED]
    
    Rd file 'verify.ho.Rd':
     \usage lines wider than 90 characters:
     verify.ho(model, filter, Xlearn, Ylearn, Xval, Yval, nbreVarX, param.model=list(), param.fs=list(), ...)
     \examples lines wider than 100 characters:
     attack=verify.ho(model=gaussian,filter=filter.PCA,Xlearn=traces[1:128,],Ylearn=key[1:128],Xval=traces[128:256,],Yval=key[128:256],nbreV ... [TRUNCATED]
    
    These lines will be truncated in the PDF manual.
Flavors: r-devel-linux-x86_64-debian-clang, r-devel-linux-x86_64-debian-gcc, r-devel-linux-x86_64-fedora-clang, r-devel-linux-x86_64-fedora-gcc, r-patched-linux-x86_64, r-release-linux-x86_64

Version: 1.0-6
Check: R code for possible problems
Result: NOTE
    filter.mRMR.default: no visible global function definition for
     ‘discretize’
    gaussian.default: no visible global function definition for
     ‘cov.shrink’
    predict.filter.RegressionTreeFilter: no visible global function
     definition for ‘is.struct’
    Undefined global functions or variables:
     cov.shrink discretize is.struct
Flavor: r-devel-osx-x86_64-clang

Version: 1.0-6
Check: R code for possible problems
Result: NOTE
    filter.mRMR.default: no visible global function definition for
     ‘discretize’
    gaussian.default: no visible global function definition for
     ‘cov.shrink’
    predict.filter.RegressionTreeFilter: no visible global function
     definition for ‘is.struct’
Flavors: r-patched-linux-x86_64, r-patched-solaris-sparc, r-patched-solaris-x86, r-release-linux-x86_64, r-release-osx-x86_64-mavericks, r-release-windows-ix86+x86_64, r-oldrel-windows-ix86+x86_64