CRAN Package Check Results for Package sideChannelAttack

Last updated on 2015-03-03 03:49:07.

Flavor Version Tinstall Tcheck Ttotal Status Flags
r-devel-linux-x86_64-debian-clang 1.0-6 0.91 13.84 14.76 NOTE
r-devel-linux-x86_64-debian-gcc 1.0-6 0.77 13.44 14.22 NOTE
r-devel-linux-x86_64-fedora-clang 1.0-6 28.70 NOTE
r-devel-linux-x86_64-fedora-gcc 1.0-6 27.28 NOTE
r-devel-osx-x86_64-clang 1.0-6 30.92 NOTE
r-devel-windows-ix86+x86_64 1.0-6 9.00 30.00 39.00 NOTE
r-patched-linux-x86_64 1.0-6 1.05 18.10 19.15 NOTE
r-patched-solaris-sparc 1.0-6 193.70 NOTE
r-patched-solaris-x86 1.0-6 49.50 NOTE
r-release-linux-ix86 1.0-6 1.28 23.59 24.87 NOTE
r-release-linux-x86_64 1.0-6 0.97 18.40 19.37 NOTE
r-release-osx-x86_64-mavericks 1.0-6 NOTE
r-release-osx-x86_64-snowleopard 1.0-6 NOTE
r-release-windows-ix86+x86_64 1.0-6 9.00 31.00 40.00 NOTE
r-oldrel-windows-ix86+x86_64 1.0-6 5.00 31.00 36.00 NOTE

Check Details

Version: 1.0-6
Check: dependencies in R code
Result: NOTE
    Packages in Depends field not imported from:
     ‘ade4’ ‘corpcor’
     These packages need to be imported from (in the NAMESPACE file)
     for when this namespace is loaded but not attached.
Flavors: r-devel-linux-x86_64-debian-clang, r-devel-linux-x86_64-debian-gcc, r-devel-linux-x86_64-fedora-clang, r-devel-linux-x86_64-fedora-gcc, r-devel-osx-x86_64-clang, r-devel-windows-ix86+x86_64, r-patched-linux-x86_64, r-patched-solaris-x86

Version: 1.0-6
Check: R code for possible problems
Result: NOTE
    filter.mRMR.default: no visible global function definition for
     ‘discretize’
    gaussian.default: no visible global function definition for
     ‘cov.shrink’
    predict.filter.RegressionTreeFilter: no visible global function
     definition for ‘is.struct’
Flavors: r-devel-linux-x86_64-debian-clang, r-devel-linux-x86_64-debian-gcc, r-devel-linux-x86_64-fedora-clang, r-devel-linux-x86_64-fedora-gcc, r-devel-osx-x86_64-clang, r-devel-windows-ix86+x86_64, r-patched-linux-x86_64, r-patched-solaris-sparc, r-patched-solaris-x86, r-release-linux-ix86, r-release-linux-x86_64, r-release-osx-x86_64-mavericks, r-release-windows-ix86+x86_64

Version: 1.0-6
Check: Rd line widths
Result: NOTE
    Rd file 'plot.verify.ho.Rd':
     \examples lines wider than 100 characters:
     attack=verify.ho(model=gaussian,filter=filter.PCA,Xlearn=traces[1:128,],Ylearn=key[1:128],Xval=traces[129:256,],Yval=key[129:256],nbreV ... [TRUNCATED]
    
    Rd file 'sideChannelAttack-package.Rd':
     \examples lines wider than 100 characters:
     attack=verify.ho(model=gaussian,filter=filter.PCA,Xlearn=traces[1:128,],Ylearn=key[1:128],Xval=traces[129:256,],Yval=key[129:256],nbreV ... [TRUNCATED]
    
    Rd file 'verify.ho.Rd':
     \usage lines wider than 90 characters:
     verify.ho(model, filter, Xlearn, Ylearn, Xval, Yval, nbreVarX, param.model=list(), param.fs=list(), ...)
     \examples lines wider than 100 characters:
     attack=verify.ho(model=gaussian,filter=filter.PCA,Xlearn=traces[1:128,],Ylearn=key[1:128],Xval=traces[128:256,],Yval=key[128:256],nbreV ... [TRUNCATED]
    
    These lines will be truncated in the PDF manual.
Flavors: r-devel-linux-x86_64-debian-clang, r-devel-linux-x86_64-debian-gcc, r-devel-linux-x86_64-fedora-clang, r-devel-linux-x86_64-fedora-gcc, r-patched-linux-x86_64, r-release-linux-ix86, r-release-linux-x86_64

Version: 1.0-6
Check: dependencies in R code
Result: NOTE
    Packages in Depends field not imported from:
     ‘ade4’ ‘corpcor’
     These packages need to be imported from (in the NAMESPACE file)
     for when this namespace is loaded but not attached.
    See the information on DESCRIPTION files in the chapter ‘Creating R
    packages’ of the ‘Writing R Extensions’ manual.
Flavors: r-patched-solaris-sparc, r-release-linux-ix86, r-release-linux-x86_64, r-release-osx-x86_64-mavericks, r-release-windows-ix86+x86_64, r-oldrel-windows-ix86+x86_64

Version: 1.0-6
Check: dependencies in R code
Result: NOTE
    Packages in Depends field not imported from:
     'ade4' 'corpcor'
     These packages need to be imported from for the case when
     this namespace is loaded but not attached.
    See the information on DESCRIPTION files in the chapter 'Creating R
    packages' of the 'Writing R Extensions' manual.
Flavor: r-release-osx-x86_64-snowleopard