CRAN Package Check Results for Package sidier

Last updated on 2014-07-24 15:52:26.

Flavor Version Tinstall Tcheck Ttotal Status Flags
r-devel-linux-x86_64-debian-clang 2.3 1.12 20.34 21.47 OK
r-devel-linux-x86_64-debian-gcc 2.3 1.20 18.88 20.08 OK
r-devel-linux-x86_64-fedora-clang 2.3 42.98 NOTE
r-devel-linux-x86_64-fedora-gcc 2.3 40.43 NOTE
r-devel-osx-x86_64-clang 2.3 38.98 OK
r-devel-windows-ix86+x86_64 2.3 4.00 32.00 36.00 OK
r-patched-linux-x86_64 2.3 1.16 19.70 20.86 OK
r-patched-solaris-sparc 2.3 236.50 OK
r-patched-solaris-x86 2.3 58.10 OK
r-release-linux-ix86 2.3 1.57 26.73 28.30 OK
r-release-linux-x86_64 2.3 1.17 20.49 21.66 OK
r-release-osx-x86_64-mavericks 2.3 OK
r-release-osx-x86_64-snowleopard 2.3 OK
r-release-windows-ix86+x86_64 2.3 3.00 33.00 36.00 OK
r-oldrel-windows-ix86+x86_64 2.3 4.00 32.00 36.00 OK

Check Details

Version: 2.3
Check: top-level files
Result: NOTE
    Non-standard file/directory found at top level:
     ‘sidier_2.3.tar.gz’
Flavors: r-devel-linux-x86_64-fedora-clang, r-devel-linux-x86_64-fedora-gcc