CRAN Package Check Results for Package sidier

Last updated on 2014-04-17 10:47:56.

Flavor Version Tinstall Tcheck Ttotal Status Flags
r-devel-linux-x86_64-debian-clang 2.3 1.25 20.27 21.52 OK
r-devel-linux-x86_64-debian-gcc 2.3 1.25 20.72 21.97 OK
r-devel-linux-x86_64-fedora-clang 2.3 41.41 NOTE
r-devel-linux-x86_64-fedora-gcc 2.3 38.90 NOTE
r-devel-macosx-x86_64-clang 2.3 41.67 OK
r-devel-macosx-x86_64-gcc 2.3 ERROR
r-devel-windows-ix86+x86_64 2.3 4.00 30.00 34.00 OK
r-patched-linux-x86_64 2.3 1.46 20.28 21.74 OK
r-patched-solaris-sparc 2.3 236.50 OK
r-patched-solaris-x86 2.3 57.70 OK
r-release-linux-ix86 2.3 3.00 38.00 41.00 OK
r-release-linux-x86_64 2.3 1.30 20.28 21.58 OK
r-release-macosx-x86_64 2.3 OK
r-release-windows-ix86+x86_64 2.3 4.00 33.00 37.00 OK
r-oldrel-windows-ix86+x86_64 2.3 4.00 34.00 38.00 OK

Check Details

Version: 2.3
Check: top-level files
Result: NOTE
    Non-standard file/directory found at top level:
     ‘sidier_2.3.tar.gz’
Flavors: r-devel-linux-x86_64-fedora-clang, r-devel-linux-x86_64-fedora-gcc

Version: 2.3
Check: package dependencies
Result: ERROR
    Package required but not available: ‘igraph’
    
    See the information on DESCRIPTION files in the chapter ‘Creating R
    packages’ of the ‘Writing R Extensions’ manual.
Flavor: r-devel-macosx-x86_64-gcc