CRAN Package Check Results for Package sidier

Last updated on 2015-05-29 13:49:21.

Flavor Version Tinstall Tcheck Ttotal Status Flags
r-devel-linux-x86_64-debian-clang 3.0.1 2.06 44.50 46.56 OK
r-devel-linux-x86_64-debian-gcc 3.0.1 1.85 43.50 45.35 OK
r-devel-linux-x86_64-fedora-clang 3.0.1 93.98 OK
r-devel-linux-x86_64-fedora-gcc 3.0.1 88.96 OK
r-devel-osx-x86_64-clang 3.0.1 82.92 OK
r-devel-windows-ix86+x86_64 3.0.1 9.00 69.00 78.00 OK
r-patched-linux-x86_64 3.0.1 1.92 43.19 45.10 OK
r-patched-solaris-sparc 3.0.1 588.30 OK
r-patched-solaris-x86 3.0.1 120.90 OK
r-release-linux-x86_64 3.0.1 2.06 44.20 46.26 OK
r-release-osx-x86_64-mavericks 3.0.1 OK
r-release-osx-x86_64-snowleopard 3.0.1 ERROR
r-release-windows-ix86+x86_64 3.0.1 7.00 72.00 79.00 OK
r-oldrel-windows-ix86+x86_64 3.0.1 16.00 113.00 129.00 OK

Check Details

Version: 3.0.1
Check: package dependencies
Result: ERROR
    Packages required but not available: ‘igraph’ ‘ggmap’ ‘ggplot2’
    
    See section ‘The DESCRIPTION file’ in the ‘Writing R Extensions’
    manual.
Flavor: r-release-osx-x86_64-snowleopard