CRAN Package Check Results for Package sidier

Last updated on 2014-10-30 17:49:26.

Flavor Version Tinstall Tcheck Ttotal Status Flags
r-devel-linux-x86_64-debian-clang 2.3 1.12 20.82 21.94 NOTE
r-devel-linux-x86_64-debian-gcc 2.3 1.21 19.98 21.19 NOTE
r-devel-linux-x86_64-fedora-clang 2.3 41.80 NOTE
r-devel-linux-x86_64-fedora-gcc 2.3 40.19 NOTE
r-devel-osx-x86_64-clang 2.3 39.92 OK
r-devel-windows-ix86+x86_64 2.3 4.00 30.00 34.00 OK
r-patched-linux-x86_64 2.3 1.17 20.13 21.30 NOTE
r-patched-solaris-sparc 2.3 245.50 OK
r-patched-solaris-x86 2.3 62.00 OK
r-release-linux-ix86 2.3 1.58 27.08 28.66 OK
r-release-linux-x86_64 2.3 1.20 20.31 21.51 NOTE
r-release-osx-x86_64-mavericks 2.3 OK
r-release-osx-x86_64-snowleopard 2.3 OK
r-release-windows-ix86+x86_64 2.3 4.00 32.00 36.00 OK
r-oldrel-windows-ix86+x86_64 2.3 4.00 35.00 39.00 OK

Check Details

Version: 2.3
Check: top-level files
Result: NOTE
    Non-standard file/directory found at top level:
     ‘sidier_2.3.tar.gz’
Flavors: r-devel-linux-x86_64-debian-clang, r-devel-linux-x86_64-debian-gcc, r-devel-linux-x86_64-fedora-clang, r-devel-linux-x86_64-fedora-gcc, r-patched-linux-x86_64, r-release-linux-x86_64