CRAN Package Check Results for Package sidier

Last updated on 2014-09-23 12:47:08.

Flavor Version Tinstall Tcheck Ttotal Status Flags
r-devel-linux-x86_64-debian-clang 2.3 1.09 19.68 20.76 NOTE
r-devel-linux-x86_64-debian-gcc 2.3 1.06 18.88 19.95 NOTE
r-devel-linux-x86_64-fedora-clang 2.3 41.76 NOTE
r-devel-linux-x86_64-fedora-gcc 2.3 37.55 NOTE
r-devel-osx-x86_64-clang 2.3 43.29 OK
r-devel-windows-ix86+x86_64 2.3 4.00 32.00 36.00 OK
r-patched-linux-x86_64 2.3 1.14 19.74 20.88 NOTE
r-patched-solaris-sparc 2.3 245.50 OK
r-patched-solaris-x86 2.3 60.00 OK
r-release-linux-ix86 2.3 1.58 28.90 30.48 OK
r-release-linux-x86_64 2.3 1.35 20.08 21.43 NOTE
r-release-osx-x86_64-mavericks 2.3 OK
r-release-osx-x86_64-snowleopard 2.3 OK
r-release-windows-ix86+x86_64 2.3 4.00 31.00 35.00 OK
r-oldrel-windows-ix86+x86_64 2.3 3.00 32.00 35.00 OK

Check Details

Version: 2.3
Check: top-level files
Result: NOTE
    Non-standard file/directory found at top level:
     ‘sidier_2.3.tar.gz’
Flavors: r-devel-linux-x86_64-debian-clang, r-devel-linux-x86_64-debian-gcc, r-devel-linux-x86_64-fedora-clang, r-devel-linux-x86_64-fedora-gcc, r-patched-linux-x86_64, r-release-linux-x86_64