CRAN Package Check Results for Package sidier

Last updated on 2015-07-05 10:47:09.

Flavor Version Tinstall Tcheck Ttotal Status Flags
r-devel-linux-x86_64-debian-clang 3.0.1 2.12 46.52 48.64 NOTE
r-devel-linux-x86_64-debian-gcc 3.0.1 2.06 43.92 45.98 NOTE
r-devel-linux-x86_64-fedora-clang 3.0.1 94.30 NOTE
r-devel-linux-x86_64-fedora-gcc 3.0.1 90.85 NOTE
r-devel-osx-x86_64-clang 3.0.1 72.56 OK
r-devel-windows-ix86+x86_64 3.0.1 8.00 74.00 82.00 NOTE
r-patched-linux-x86_64 3.0.1 1.89 45.04 46.93 OK
r-patched-solaris-sparc 3.0.1 588.30 OK
r-patched-solaris-x86 3.0.1 126.60 OK
r-release-linux-x86_64 3.0.1 1.89 44.78 46.66 OK
r-release-osx-x86_64-mavericks 3.0.1 OK
r-release-windows-ix86+x86_64 3.0.1 13.00 77.00 90.00 OK
r-oldrel-windows-ix86+x86_64 3.0.1 22.00 110.00 132.00 OK

Check Details

Version: 3.0.1
Check: R code for possible problems
Result: NOTE
    BARRIEL: no visible global function definition for ‘write.table’
    FIFTH: no visible global function definition for ‘write.table’
    FindHaplo: no visible global function definition for ‘write.table’
    HapPerPop: no visible global function definition for ‘read.table’
    HapPerPop: no visible global function definition for ‘write.table’
    MCIC: no visible global function definition for ‘write.table’
    NINA.thr: no visible global function definition for ‘pdf’
    NINA.thr: no visible global function definition for ‘dev.off’
    NINA.thr: no visible global function definition for ‘write.table’
    SIC: no visible global function definition for ‘write.table’
    distance.comb: no visible global function definition for ‘write.table’
    double.plot: no visible global function definition for ‘layout’
    double.plot: no visible global function definition for ‘mtext’
    mergeNodes: no visible global function definition for ‘write.table’
    mutation.network: no visible global function definition for
     ‘write.table’
    mutation.network: no visible global function definition for ‘png’
    mutation.network: no visible global function definition for ‘dev.off’
    mutation.network: no visible global function definition for ‘plot’
    mutation.network: no visible global function definition for ‘mtext’
    mutation.network: no visible global function definition for ‘segments’
    mutation.network: no visible global function definition for ‘lines’
    mutation.network: no visible global function definition for ‘points’
    mutation.network: no visible global function definition for ‘text’
    nt.gap.comb: no visible global function definition for ‘write.table’
    perc.thr: no visible global function definition for ‘pdf’
    perc.thr: no visible global function definition for ‘dev.off’
    perc.thr: no visible global function definition for ‘plot’
    perc.thr: no visible global function definition for ‘points’
    perc.thr: no visible global function definition for ‘write.table’
    pie.network: no visible global function definition for ‘write.table’
    pie.network: no visible global function definition for ‘mtext’
    pie.network: no visible global function definition for ‘par’
    pie.network: no visible global function definition for ‘text’
    pie.network: no visible global function definition for ‘lines’
    pie.network: no visible global function definition for ‘colors’
    pie.network: no visible global function definition for ‘points’
    pie.network: no visible global function definition for ‘pie’
    pop.dist: no visible global function definition for ‘read.table’
    pop.dist: no visible global function definition for ‘write.table’
    simplify.network: no visible global function definition for ‘plot’
    simplify.network: no visible global function definition for ‘lines’
    simplify.network: no visible global function definition for ‘points’
    simplify.network: no visible global function definition for ‘text’
    simplify.network: no visible global function definition for ‘as.dist’
    simuEvolution: no visible global function definition for ‘write.table’
    single.network: no visible global function definition for ‘write.table’
    single.network: no visible global function definition for ‘pdf’
    single.network: no visible global function definition for ‘dev.off’
    spatial.plot: no visible global function definition for ‘write.table’
    spatial.plot: no visible global function definition for ‘plot’
    spatial.plot: no visible global function definition for ‘segments’
    spatial.plot: no visible global function definition for ‘text’
    spatial.plot: no visible global function definition for ‘dev.new’
    zero.thr: no visible global function definition for ‘write.table’
    zero.thr: no visible global function definition for ‘pdf’
    zero.thr: no visible global function definition for ‘dev.off’
    Undefined global functions or variables:
     as.dist colors dev.new dev.off layout lines mtext par pdf pie plot
     png points read.table segments text write.table
Flavors: r-devel-linux-x86_64-debian-clang, r-devel-linux-x86_64-debian-gcc, r-devel-linux-x86_64-fedora-clang, r-devel-linux-x86_64-fedora-gcc, r-devel-windows-ix86+x86_64