CRAN Package Check Results for Package sidier

Last updated on 2014-08-20 10:47:07.

Flavor Version Tinstall Tcheck Ttotal Status Flags
r-devel-linux-x86_64-debian-clang 2.3 1.10 18.95 20.05 OK
r-devel-linux-x86_64-debian-gcc 2.3 1.10 18.52 19.62 OK
r-devel-linux-x86_64-fedora-clang 2.3 41.57 NOTE
r-devel-linux-x86_64-fedora-gcc 2.3 43.19 NOTE
r-devel-osx-x86_64-clang 2.3 37.95 OK
r-devel-windows-ix86+x86_64 2.3 5.00 32.00 37.00 OK
r-patched-linux-x86_64 2.3 1.14 19.13 20.27 OK
r-patched-solaris-sparc 2.3 245.50 OK
r-patched-solaris-x86 2.3 58.70 OK
r-release-linux-ix86 2.3 1.58 26.86 28.44 OK
r-release-linux-x86_64 2.3 1.19 19.47 20.66 OK
r-release-osx-x86_64-mavericks 2.3 OK
r-release-osx-x86_64-snowleopard 2.3 OK
r-release-windows-ix86+x86_64 2.3 4.00 31.00 35.00 OK
r-oldrel-windows-ix86+x86_64 2.3 5.00 34.00 39.00 OK

Check Details

Version: 2.3
Check: top-level files
Result: NOTE
    Non-standard file/directory found at top level:
     ‘sidier_2.3.tar.gz’
Flavors: r-devel-linux-x86_64-fedora-clang, r-devel-linux-x86_64-fedora-gcc