CRAN Package Check Results for Package sidier

Last updated on 2015-08-30 19:47:19.

Flavor Version Tinstall Tcheck Ttotal Status Flags
r-devel-linux-x86_64-debian-clang 3.0.1 1.85 43.66 45.50 NOTE
r-devel-linux-x86_64-debian-gcc 3.0.1 1.77 43.00 44.78 NOTE
r-devel-linux-x86_64-fedora-clang 3.0.1 92.77 NOTE
r-devel-linux-x86_64-fedora-gcc 3.0.1 85.63 NOTE
r-devel-osx-x86_64-clang 3.0.1 71.53 OK
r-devel-windows-ix86+x86_64 3.0.1 12.00 79.00 91.00 NOTE
r-patched-linux-x86_64 3.0.1 2.40 44.52 46.92 OK
r-patched-solaris-sparc 3.0.1 612.70 OK
r-patched-solaris-x86 3.0.1 128.90 OK
r-release-linux-x86_64 3.0.1 2.05 44.52 46.57 OK
r-release-osx-x86_64-mavericks 3.0.1 OK
r-release-windows-ix86+x86_64 3.0.1 12.00 82.00 94.00 OK
r-oldrel-windows-ix86+x86_64 3.0.1 25.00 127.00 152.00 OK

Check Details

Version: 3.0.1
Check: R code for possible problems
Result: NOTE
    BARRIEL: no visible global function definition for ‘write.table’
    FIFTH: no visible global function definition for ‘write.table’
    FindHaplo: no visible global function definition for ‘write.table’
    HapPerPop: no visible global function definition for ‘read.table’
    HapPerPop: no visible global function definition for ‘write.table’
    MCIC: no visible global function definition for ‘write.table’
    NINA.thr: no visible global function definition for ‘pdf’
    NINA.thr: no visible global function definition for ‘dev.off’
    NINA.thr: no visible global function definition for ‘write.table’
    SIC: no visible global function definition for ‘write.table’
    distance.comb: no visible global function definition for ‘write.table’
    double.plot: no visible global function definition for ‘layout’
    double.plot: no visible global function definition for ‘mtext’
    mergeNodes: no visible global function definition for ‘write.table’
    mutation.network: no visible global function definition for
     ‘write.table’
    mutation.network: no visible global function definition for ‘png’
    mutation.network: no visible global function definition for ‘dev.off’
    mutation.network: no visible global function definition for ‘plot’
    mutation.network: no visible global function definition for ‘mtext’
    mutation.network: no visible global function definition for ‘segments’
    mutation.network: no visible global function definition for ‘lines’
    mutation.network: no visible global function definition for ‘points’
    mutation.network: no visible global function definition for ‘text’
    nt.gap.comb: no visible global function definition for ‘write.table’
    perc.thr: no visible global function definition for ‘pdf’
    perc.thr: no visible global function definition for ‘dev.off’
    perc.thr: no visible global function definition for ‘plot’
    perc.thr: no visible global function definition for ‘points’
    perc.thr: no visible global function definition for ‘write.table’
    pie.network: no visible global function definition for ‘write.table’
    pie.network: no visible global function definition for ‘mtext’
    pie.network: no visible global function definition for ‘par’
    pie.network: no visible global function definition for ‘text’
    pie.network: no visible global function definition for ‘lines’
    pie.network: no visible global function definition for ‘colors’
    pie.network: no visible global function definition for ‘points’
    pie.network: no visible global function definition for ‘pie’
    pop.dist: no visible global function definition for ‘read.table’
    pop.dist: no visible global function definition for ‘write.table’
    simplify.network: no visible global function definition for ‘plot’
    simplify.network: no visible global function definition for ‘lines’
    simplify.network: no visible global function definition for ‘points’
    simplify.network: no visible global function definition for ‘text’
    simplify.network: no visible global function definition for ‘as.dist’
    simuEvolution: no visible global function definition for ‘write.table’
    single.network: no visible global function definition for ‘write.table’
    single.network: no visible global function definition for ‘pdf’
    single.network: no visible global function definition for ‘dev.off’
    spatial.plot: no visible global function definition for ‘write.table’
    spatial.plot: no visible global function definition for ‘plot’
    spatial.plot: no visible global function definition for ‘segments’
    spatial.plot: no visible global function definition for ‘text’
    spatial.plot: no visible global function definition for ‘dev.new’
    zero.thr: no visible global function definition for ‘write.table’
    zero.thr: no visible global function definition for ‘pdf’
    zero.thr: no visible global function definition for ‘dev.off’
    Undefined global functions or variables:
     as.dist colors dev.new dev.off layout lines mtext par pdf pie plot
     png points read.table segments text write.table
    Consider adding
     importFrom("grDevices", "colors", "dev.new", "dev.off", "pdf", "png")
     importFrom("graphics", "layout", "lines", "mtext", "par", "pie",
     "plot", "points", "segments", "text")
     importFrom("stats", "as.dist")
     importFrom("utils", "read.table", "write.table")
    to your NAMESPACE.
Flavors: r-devel-linux-x86_64-debian-clang, r-devel-linux-x86_64-debian-gcc, r-devel-linux-x86_64-fedora-clang, r-devel-linux-x86_64-fedora-gcc, r-devel-windows-ix86+x86_64