CRAN Package Check Results for Package sidier

Last updated on 2015-04-26 23:47:01.

Flavor Version Tinstall Tcheck Ttotal Status Flags
r-devel-linux-x86_64-debian-clang 3.0.1 1.88 43.94 45.82 OK
r-devel-linux-x86_64-debian-gcc 3.0.1 1.84 44.36 46.20 OK
r-devel-linux-x86_64-fedora-clang 3.0.1 95.02 OK
r-devel-linux-x86_64-fedora-gcc 3.0.1 88.63 OK
r-devel-osx-x86_64-clang 3.0.1 81.91 OK
r-devel-windows-ix86+x86_64 3.0.1 8.00 68.00 76.00 OK
r-patched-linux-x86_64 3.0.1 1.82 43.38 45.19 OK
r-patched-solaris-sparc 3.0.1 540.80 OK
r-patched-solaris-x86 3.0.1 117.40 OK
r-release-linux-x86_64 3.0.1 1.95 43.07 45.02 OK
r-release-osx-x86_64-mavericks 3.0.1 OK
r-release-osx-x86_64-snowleopard 3.0.1 ERROR
r-release-windows-ix86+x86_64 3.0.1 7.00 76.00 83.00 OK
r-oldrel-windows-ix86+x86_64 3.0.1 13.00 102.00 115.00 OK

Check Details

Version: 3.0.1
Check: package dependencies
Result: ERROR
    Packages required but not available: ‘igraph’ ‘ggmap’ ‘ggplot2’
    
    See section ‘The DESCRIPTION file’ in the ‘Writing R Extensions’
    manual.
Flavor: r-release-osx-x86_64-snowleopard